{"id":54076,"date":"2024-11-12T01:11:29","date_gmt":"2024-11-12T01:11:29","guid":{"rendered":"https:\/\/gifex.com\/fr\/?post_type=ficha&#038;p=54076"},"modified":"2024-11-12T01:11:29","modified_gmt":"2024-11-12T01:11:29","slug":"carte-physique-du-departement-du-var","status":"publish","type":"ficha","link":"https:\/\/gifex.com\/fr\/fichier\/carte-physique-du-departement-du-var\/","title":{"rendered":"Carte physique du d\u00e9partement du Var"},"content":{"rendered":"<p style=\"text-align: center;\"><label style=\"font-size: 15px;\">Carte physique du d\u00e9partement du Var <a href=\"https:\/\/gifex.com\/fr\/wp-content\/uploads\/54076\/Carte-physique-du-departement-du-Var.pdf\" target=\"_blank\" rel=\"noopener\">(format pdf)<\/a>.<\/label><\/p>\n<p><strong>G\u00e9ographie du Var<\/strong><\/p>\n<p>Le d\u00e9partement du Var a une superficie de 6 032 km\u00b2 avec 432 km de littoral (\u00eeles incluses). 58,3 % de la superficie est bois\u00e9e soit 351 706 ha, pour un taux moyen de 39,4 % pour la r\u00e9gion Provence \u2013 Alpes &#8211; C\u00f4te d\u2019Azur. 14 % de la superficie, soit 83 000 ha, est utilis\u00e9e par l&#8217;agriculture.<\/p>\n<p>Le Var poss\u00e8de un relief vari\u00e9 avec une partie calcaire sur tout l&#8217;ouest d&#8217;un axe Toulon-Draguignan, et une partie cristalline \u00e0 l&#8217;est. Les principaux massifs sont :<\/p>\n<ul>\n<li>Le massif des Maures (point culminant \u00e0 776 m\u00e8tres) et le massif de l&#8217;Esterel (point culminant \u00e0 618 m\u00e8tres) qui sont de sol cristallin.<\/li>\n<li>\u00c0 l\u2019ouest du d\u00e9partement se trouve le massif de la Sainte-Baume (point culminant 1 148 m).<\/li>\n<li>Au nord-est du d\u00e9partement, la montagne de Lachens (1 712 m) est le point culminant du d\u00e9partement.<\/li>\n<\/ul>\n","protected":false},"excerpt":{"rendered":"<p>G\u00e9ographie du Var. Le d\u00e9partement du Var a une superficie de 6 032 km\u00b2 avec 432 km de littoral (\u00eeles incluses). 58,3 % de la superficie est bois\u00e9e soit 351 706 <\/p>\n","protected":false},"author":1,"featured_media":54079,"template":"","categoria_ficha":[1865],"class_list":["post-54076","ficha","type-ficha","status-publish","has-post-thumbnail","hentry","categoria_ficha-cartes-du-departement-du-var"],"acf":[],"_links":{"self":[{"href":"https:\/\/gifex.com\/fr\/wp-json\/wp\/v2\/ficha\/54076","targetHints":{"allow":["GET"]}}],"collection":[{"href":"https:\/\/gifex.com\/fr\/wp-json\/wp\/v2\/ficha"}],"about":[{"href":"https:\/\/gifex.com\/fr\/wp-json\/wp\/v2\/types\/ficha"}],"author":[{"embeddable":true,"href":"https:\/\/gifex.com\/fr\/wp-json\/wp\/v2\/users\/1"}],"version-history":[{"count":1,"href":"https:\/\/gifex.com\/fr\/wp-json\/wp\/v2\/ficha\/54076\/revisions"}],"predecessor-version":[{"id":54082,"href":"https:\/\/gifex.com\/fr\/wp-json\/wp\/v2\/ficha\/54076\/revisions\/54082"}],"wp:featuredmedia":[{"embeddable":true,"href":"https:\/\/gifex.com\/fr\/wp-json\/wp\/v2\/media\/54079"}],"wp:attachment":[{"href":"https:\/\/gifex.com\/fr\/wp-json\/wp\/v2\/media?parent=54076"}],"wp:term":[{"taxonomy":"categoria_ficha","embeddable":true,"href":"https:\/\/gifex.com\/fr\/wp-json\/wp\/v2\/categoria_ficha?post=54076"}],"curies":[{"name":"wp","href":"https:\/\/api.w.org\/{rel}","templated":true}]}}

Carte physique du département du Var

<p style="text-align: center;"><label style="font-size: 15px;">Carte physique du département du Var <a href="https://gifex.com/fr/wp-content/uploads/54076/Carte-physique-du-departement-du-Var.pdf" target="_blank" rel="noopener">(format pdf)</a>.</label></p>
<p><strong>Géographie du Var</strong></p>
<p>Le département du Var a une superficie de 6 032 km² avec 432 km de littoral (îles incluses). 58,3 % de la superficie est boisée soit 351 706 ha, pour un taux moyen de 39,4 % pour la région Provence – Alpes &#8211; Côte d’Azur. 14 % de la superficie, soit 83 000 ha, est utilisée par l&#8217;agriculture.</p>
<p>Le Var possède un relief varié avec une partie calcaire sur tout l&#8217;ouest d&#8217;un axe Toulon-Draguignan, et une partie cristalline à l&#8217;est. Les principaux massifs sont :</p>
<ul>
<li>Le massif des Maures (point culminant à 776 mètres) et le massif de l&#8217;Esterel (point culminant à 618 mètres) qui sont de sol cristallin.</li>
<li>À l’ouest du département se trouve le massif de la Sainte-Baume (point culminant 1 148 m).</li>
<li>Au nord-est du département, la montagne de Lachens (1 712 m) est le point culminant du département.</li>
</ul>

<p>Géographie du Var. Le département du Var a une superficie de 6 032 km² avec 432 km de littoral (îles incluses). 58,3 % de la superficie est boisée soit 351 706 </p>
