{"id":53322,"date":"2024-10-31T23:39:42","date_gmt":"2024-10-31T23:39:42","guid":{"rendered":"https:\/\/gifex.com\/fr\/?post_type=ficha&#038;p=53322"},"modified":"2024-10-31T23:39:42","modified_gmt":"2024-10-31T23:39:42","slug":"carte-physique-du-departement-de-la-mayenne","status":"publish","type":"ficha","link":"https:\/\/gifex.com\/fr\/fichier\/carte-physique-du-departement-de-la-mayenne\/","title":{"rendered":"Carte physique du d\u00e9partement de la Mayenne"},"content":{"rendered":"<p style=\"text-align: center;\"><label style=\"font-size: 15px;\">Carte physique du d\u00e9partement de la Mayenne <a href=\"https:\/\/gifex.com\/fr\/wp-content\/uploads\/53322\/Carte-physique-du-departement-de-la-Mayenne.pdf\" target=\"_blank\" rel=\"noopener\">(format pdf)<\/a>.<\/label><\/p>\n<p><strong>G\u00e9ographie de la Mayenne<\/strong><\/p>\n<p>La Mayenne est un d\u00e9partement du nord-ouest de la France et fait partie de la r\u00e9gion des Pays de la Loire. Le d\u00e9partement ne poss\u00e8de pas de littoral maritime, mais \u00e0 une trentaine de kilom\u00e8tres au nord-ouest se trouve la baie du Mont Saint-Michel. La capitale et plus grande ville est Laval au centre du d\u00e9partement. Au nord se trouve le d\u00e9partement de l&#8217;Orne, \u00e0 l&#8217;est celui de la Sarthe, au sud celui du Maine-et-Loire, \u00e0 l&#8217;ouest celui de l&#8217;Ille-et-Vilaine et au nord-ouest celui de la Manche. Le d\u00e9partement a une forme \u00e0 peu pr\u00e8s rectangulaire, mesurant 90 km de long sur 77 km de large, pour une superficie totale d&#8217;environ 5 175 km\u00b2. La rivi\u00e8re Mayenne le traverse centralement du nord au sud, en passant par les communes de Mayenne, Laval et Ch\u00e2teau-Gontier. Apr\u00e8s avoir quitt\u00e9 le d\u00e9partement, la rivi\u00e8re rejoint la Sarthe pour former la Maine qui rejoint plus tard la Loire.<\/p>\n<p>Le d\u00e9partement pr\u00e9sente une topographie vari\u00e9e. La majeure partie du territoire est en grande partie plate, mais on y trouve aussi des zones vallonn\u00e9es, certaines avec des vall\u00e9es et des ravins encaiss\u00e9s. Sur une superficie totale de 516 189 hectares, 354 000 hectares sont des terres arables, 69 000 hectares sont des prairies, 26 000 hectares sont des for\u00eats et des bois et 50 000 hectares sont des landes et des landes. Au nord s&#8217;\u00e9tend le Massif armoricain, plateau \u00e9rod\u00e9 au fil du temps, dont le sommet le plus \u00e9lev\u00e9, le Mont des Avaloirs, est le point culminant du d\u00e9partement \u00e0 417 m d&#8217;altitude. Une cha\u00eene de montagnes secondaire au sud de ce plateau forme la cr\u00eate qui s\u00e9pare la vall\u00e9e de la Mayenne de la vall\u00e9e de la Vilaine.<\/p>\n","protected":false},"excerpt":{"rendered":"<p>G\u00e9ographie de la Mayenne. La Mayenne est un d\u00e9partement du nord-ouest de la France et fait partie de la r\u00e9gion des Pays de la Loire. Le d\u00e9partement ne poss\u00e8de <\/p>\n","protected":false},"author":1,"featured_media":53323,"template":"","categoria_ficha":[1840],"class_list":["post-53322","ficha","type-ficha","status-publish","has-post-thumbnail","hentry","categoria_ficha-cartes-du-departement-de-la-mayenne"],"acf":[],"_links":{"self":[{"href":"https:\/\/gifex.com\/fr\/wp-json\/wp\/v2\/ficha\/53322","targetHints":{"allow":["GET"]}}],"collection":[{"href":"https:\/\/gifex.com\/fr\/wp-json\/wp\/v2\/ficha"}],"about":[{"href":"https:\/\/gifex.com\/fr\/wp-json\/wp\/v2\/types\/ficha"}],"author":[{"embeddable":true,"href":"https:\/\/gifex.com\/fr\/wp-json\/wp\/v2\/users\/1"}],"version-history":[{"count":2,"href":"https:\/\/gifex.com\/fr\/wp-json\/wp\/v2\/ficha\/53322\/revisions"}],"predecessor-version":[{"id":53333,"href":"https:\/\/gifex.com\/fr\/wp-json\/wp\/v2\/ficha\/53322\/revisions\/53333"}],"wp:featuredmedia":[{"embeddable":true,"href":"https:\/\/gifex.com\/fr\/wp-json\/wp\/v2\/media\/53323"}],"wp:attachment":[{"href":"https:\/\/gifex.com\/fr\/wp-json\/wp\/v2\/media?parent=53322"}],"wp:term":[{"taxonomy":"categoria_ficha","embeddable":true,"href":"https:\/\/gifex.com\/fr\/wp-json\/wp\/v2\/categoria_ficha?post=53322"}],"curies":[{"name":"wp","href":"https:\/\/api.w.org\/{rel}","templated":true}]}}

Carte physique du département de la Mayenne

<p style="text-align: center;"><label style="font-size: 15px;">Carte physique du département de la Mayenne <a href="https://gifex.com/fr/wp-content/uploads/53322/Carte-physique-du-departement-de-la-Mayenne.pdf" target="_blank" rel="noopener">(format pdf)</a>.</label></p>
<p><strong>Géographie de la Mayenne</strong></p>
<p>La Mayenne est un département du nord-ouest de la France et fait partie de la région des Pays de la Loire. Le département ne possède pas de littoral maritime, mais à une trentaine de kilomètres au nord-ouest se trouve la baie du Mont Saint-Michel. La capitale et plus grande ville est Laval au centre du département. Au nord se trouve le département de l&#8217;Orne, à l&#8217;est celui de la Sarthe, au sud celui du Maine-et-Loire, à l&#8217;ouest celui de l&#8217;Ille-et-Vilaine et au nord-ouest celui de la Manche. Le département a une forme à peu près rectangulaire, mesurant 90 km de long sur 77 km de large, pour une superficie totale d&#8217;environ 5 175 km². La rivière Mayenne le traverse centralement du nord au sud, en passant par les communes de Mayenne, Laval et Château-Gontier. Après avoir quitté le département, la rivière rejoint la Sarthe pour former la Maine qui rejoint plus tard la Loire.</p>
<p>Le département présente une topographie variée. La majeure partie du territoire est en grande partie plate, mais on y trouve aussi des zones vallonnées, certaines avec des vallées et des ravins encaissés. Sur une superficie totale de 516 189 hectares, 354 000 hectares sont des terres arables, 69 000 hectares sont des prairies, 26 000 hectares sont des forêts et des bois et 50 000 hectares sont des landes et des landes. Au nord s&#8217;étend le Massif armoricain, plateau érodé au fil du temps, dont le sommet le plus élevé, le Mont des Avaloirs, est le point culminant du département à 417 m d&#8217;altitude. Une chaîne de montagnes secondaire au sud de ce plateau forme la crête qui sépare la vallée de la Mayenne de la vallée de la Vilaine.</p>

<p>Géographie de la Mayenne. La Mayenne est un département du nord-ouest de la France et fait partie de la région des Pays de la Loire. Le département ne possède </p>
