{"id":52542,"date":"2024-10-18T19:32:46","date_gmt":"2024-10-18T19:32:46","guid":{"rendered":"https:\/\/gifex.com\/fr\/?post_type=ficha&#038;p=52542"},"modified":"2024-10-18T19:32:46","modified_gmt":"2024-10-18T19:32:46","slug":"carte-physique-du-departement-du-gers","status":"publish","type":"ficha","link":"https:\/\/gifex.com\/fr\/fichier\/carte-physique-du-departement-du-gers\/","title":{"rendered":"Carte physique du d\u00e9partement du Gers"},"content":{"rendered":"<p style=\"text-align: center;\"><label style=\"font-size: 15px;\">Carte physique du d\u00e9partement du Gers <a href=\"https:\/\/gifex.com\/fr\/wp-content\/uploads\/52542\/Carte-physique-du-departement-du-Gers.pdf\" target=\"_blank\" rel=\"noopener\">(format pdf)<\/a>.<\/label><\/p>\n<p><strong>G\u00e9ographie du Gers<\/strong><\/p>\n<p>Le Gers fait partie de la r\u00e9gion Occitanie. Il est limitrophe des d\u00e9partements des Hautes-Pyr\u00e9n\u00e9es, de la Haute-Garonne, de Tarn-et-Garonne, de Lot-et-Garonne, des Landes et des Pyr\u00e9n\u00e9es-Atlantiques.<\/p>\n<p>Les extr\u00e9mit\u00e9s d\u00e9partementales sont au nord Pergain-Taillac, \u00e0 l&#8217;est Pujaudran, au sud Mont-d&#8217;Astarac et \u00e0 l&#8217;ouest S\u00e9gos.<\/p>\n<p>Au lieu-dit Tuco sur la commune de Mont-d&#8217;Astarac se trouve le point culminant du d\u00e9partement du Gers \u00e0 l&#8217;altitude de 386 m.<\/p>\n<p>Le Gers est connu pour ses paysages vallonn\u00e9s. Les collines mouvantes sont entrecoup\u00e9es de vallons o\u00f9 se dissimulent souvent des lacs artificiels vou\u00e9s \u00e0 l&#8217;agriculture.<\/p>\n","protected":false},"excerpt":{"rendered":"<p>G\u00e9ographie du Gers. Le Gers fait partie de la r\u00e9gion Occitanie. Il est limitrophe des d\u00e9partements des Hautes-Pyr\u00e9n\u00e9es, de la Haute-Garonne, de Tarn-et-Garonne<\/p>\n","protected":false},"author":1,"featured_media":52543,"template":"","categoria_ficha":[1819],"class_list":["post-52542","ficha","type-ficha","status-publish","has-post-thumbnail","hentry","categoria_ficha-cartes-du-departement-du-gers"],"acf":[],"_links":{"self":[{"href":"https:\/\/gifex.com\/fr\/wp-json\/wp\/v2\/ficha\/52542","targetHints":{"allow":["GET"]}}],"collection":[{"href":"https:\/\/gifex.com\/fr\/wp-json\/wp\/v2\/ficha"}],"about":[{"href":"https:\/\/gifex.com\/fr\/wp-json\/wp\/v2\/types\/ficha"}],"author":[{"embeddable":true,"href":"https:\/\/gifex.com\/fr\/wp-json\/wp\/v2\/users\/1"}],"version-history":[{"count":1,"href":"https:\/\/gifex.com\/fr\/wp-json\/wp\/v2\/ficha\/52542\/revisions"}],"predecessor-version":[{"id":52549,"href":"https:\/\/gifex.com\/fr\/wp-json\/wp\/v2\/ficha\/52542\/revisions\/52549"}],"wp:featuredmedia":[{"embeddable":true,"href":"https:\/\/gifex.com\/fr\/wp-json\/wp\/v2\/media\/52543"}],"wp:attachment":[{"href":"https:\/\/gifex.com\/fr\/wp-json\/wp\/v2\/media?parent=52542"}],"wp:term":[{"taxonomy":"categoria_ficha","embeddable":true,"href":"https:\/\/gifex.com\/fr\/wp-json\/wp\/v2\/categoria_ficha?post=52542"}],"curies":[{"name":"wp","href":"https:\/\/api.w.org\/{rel}","templated":true}]}}

Carte physique du département du Gers

<p style="text-align: center;"><label style="font-size: 15px;">Carte physique du département du Gers <a href="https://gifex.com/fr/wp-content/uploads/52542/Carte-physique-du-departement-du-Gers.pdf" target="_blank" rel="noopener">(format pdf)</a>.</label></p>
<p><strong>Géographie du Gers</strong></p>
<p>Le Gers fait partie de la région Occitanie. Il est limitrophe des départements des Hautes-Pyrénées, de la Haute-Garonne, de Tarn-et-Garonne, de Lot-et-Garonne, des Landes et des Pyrénées-Atlantiques.</p>
<p>Les extrémités départementales sont au nord Pergain-Taillac, à l&#8217;est Pujaudran, au sud Mont-d&#8217;Astarac et à l&#8217;ouest Ségos.</p>
<p>Au lieu-dit Tuco sur la commune de Mont-d&#8217;Astarac se trouve le point culminant du département du Gers à l&#8217;altitude de 386 m.</p>
<p>Le Gers est connu pour ses paysages vallonnés. Les collines mouvantes sont entrecoupées de vallons où se dissimulent souvent des lacs artificiels voués à l&#8217;agriculture.</p>

<p>Géographie du Gers. Le Gers fait partie de la région Occitanie. Il est limitrophe des départements des Hautes-Pyrénées, de la Haute-Garonne, de Tarn-et-Garonne</p>
