{"id":51967,"date":"2024-10-12T01:09:27","date_gmt":"2024-10-12T01:09:27","guid":{"rendered":"https:\/\/gifex.com\/fr\/?post_type=ficha&#038;p=51967"},"modified":"2024-10-16T20:21:48","modified_gmt":"2024-10-16T20:21:48","slug":"carte-physique-du-departement-du-cher","status":"publish","type":"ficha","link":"https:\/\/gifex.com\/fr\/fichier\/carte-physique-du-departement-du-cher\/","title":{"rendered":"Carte physique du d\u00e9partement du Cher"},"content":{"rendered":"<p style=\"text-align: center;\"><label style=\"font-size: 15px;\">Carte physique du d\u00e9partement du Cher <a href=\"https:\/\/gifex.com\/fr\/wp-content\/uploads\/51967\/Carte-physique-du-departement-du-Cher.pdf\" target=\"_blank\" rel=\"noopener\">(format pdf)<\/a>.<\/label><\/p>\n<p><strong>G\u00e9ographie du Cher<\/strong><\/p>\n<p>Le d\u00e9partement fait partie de l&#8217;actuelle r\u00e9gion administrative Centre-Val de Loire. Il est entour\u00e9 par les d\u00e9partements de l&#8217;Indre, du Loir-et-Cher, du Loiret, de la Ni\u00e8vre, de l&#8217;Allier et de la Creuse.<\/p>\n<p>Adoss\u00e9 au sud aux premiers contreforts du Massif central, \u00e0 l&#8217;est aux douces collines du Sancerrois (429 m \u00e0 la Motte d&#8217;Humbligny) bord\u00e9es par le cours de la Loire, le d\u00e9partement s&#8217;ouvre \u00e0 l&#8217;ouest sur la Champagne berrichonne et au nord-ouest sur la plaine solognote. Son point culminant est Le Magnoux (504 m), situ\u00e9 \u00e0 l&#8217;extr\u00e9mit\u00e9 m\u00e9ridionale du territoire. L&#8217;endroit o\u00f9 le Cher sort du d\u00e9partement en constitue l&#8217;altitude la plus faible : 89 m.<\/p>\n<p>De nombreuses rivi\u00e8res traversent son territoire, dont les noms se retrouvent m\u00eal\u00e9s aux toponymes communaux : l&#8217;Auron, la Sauldre, l&#8217;Y\u00e8vre, la Vauvise, le Cher.<\/p>\n","protected":false},"excerpt":{"rendered":"<p>G\u00e9ographie du Cher. Le d\u00e9partement fait partie de l&#8217;actuelle r\u00e9gion administrative Centre-Val de Loire. Il est entour\u00e9 par les d\u00e9partements de l&#8217;Indre, du &#8230;<\/p>\n","protected":false},"author":1,"featured_media":52299,"template":"","categoria_ficha":[1804],"class_list":["post-51967","ficha","type-ficha","status-publish","has-post-thumbnail","hentry","categoria_ficha-cartes-du-departement-du-cher"],"acf":[],"_links":{"self":[{"href":"https:\/\/gifex.com\/fr\/wp-json\/wp\/v2\/ficha\/51967","targetHints":{"allow":["GET"]}}],"collection":[{"href":"https:\/\/gifex.com\/fr\/wp-json\/wp\/v2\/ficha"}],"about":[{"href":"https:\/\/gifex.com\/fr\/wp-json\/wp\/v2\/types\/ficha"}],"author":[{"embeddable":true,"href":"https:\/\/gifex.com\/fr\/wp-json\/wp\/v2\/users\/1"}],"version-history":[{"count":2,"href":"https:\/\/gifex.com\/fr\/wp-json\/wp\/v2\/ficha\/51967\/revisions"}],"predecessor-version":[{"id":51975,"href":"https:\/\/gifex.com\/fr\/wp-json\/wp\/v2\/ficha\/51967\/revisions\/51975"}],"wp:featuredmedia":[{"embeddable":true,"href":"https:\/\/gifex.com\/fr\/wp-json\/wp\/v2\/media\/52299"}],"wp:attachment":[{"href":"https:\/\/gifex.com\/fr\/wp-json\/wp\/v2\/media?parent=51967"}],"wp:term":[{"taxonomy":"categoria_ficha","embeddable":true,"href":"https:\/\/gifex.com\/fr\/wp-json\/wp\/v2\/categoria_ficha?post=51967"}],"curies":[{"name":"wp","href":"https:\/\/api.w.org\/{rel}","templated":true}]}}

Carte physique du département du Cher

<p style="text-align: center;"><label style="font-size: 15px;">Carte physique du département du Cher <a href="https://gifex.com/fr/wp-content/uploads/51967/Carte-physique-du-departement-du-Cher.pdf" target="_blank" rel="noopener">(format pdf)</a>.</label></p>
<p><strong>Géographie du Cher</strong></p>
<p>Le département fait partie de l&#8217;actuelle région administrative Centre-Val de Loire. Il est entouré par les départements de l&#8217;Indre, du Loir-et-Cher, du Loiret, de la Nièvre, de l&#8217;Allier et de la Creuse.</p>
<p>Adossé au sud aux premiers contreforts du Massif central, à l&#8217;est aux douces collines du Sancerrois (429 m à la Motte d&#8217;Humbligny) bordées par le cours de la Loire, le département s&#8217;ouvre à l&#8217;ouest sur la Champagne berrichonne et au nord-ouest sur la plaine solognote. Son point culminant est Le Magnoux (504 m), situé à l&#8217;extrémité méridionale du territoire. L&#8217;endroit où le Cher sort du département en constitue l&#8217;altitude la plus faible : 89 m.</p>
<p>De nombreuses rivières traversent son territoire, dont les noms se retrouvent mêlés aux toponymes communaux : l&#8217;Auron, la Sauldre, l&#8217;Yèvre, la Vauvise, le Cher.</p>

<p>Géographie du Cher. Le département fait partie de l&#8217;actuelle région administrative Centre-Val de Loire. Il est entouré par les départements de l&#8217;Indre, du &#8230;</p>
