{"id":51821,"date":"2024-10-10T18:45:38","date_gmt":"2024-10-10T18:45:38","guid":{"rendered":"https:\/\/gifex.com\/fr\/?post_type=ficha&#038;p=51821"},"modified":"2024-10-16T16:40:47","modified_gmt":"2024-10-16T16:40:47","slug":"carte-physique-du-departement-de-l-ardeche","status":"publish","type":"ficha","link":"https:\/\/gifex.com\/fr\/fichier\/carte-physique-du-departement-de-l-ardeche\/","title":{"rendered":"Carte physique du d\u00e9partement de l&#8217;Ard\u00e8che"},"content":{"rendered":"<p style=\"text-align: center;\"><label style=\"font-size: 15px;\">Carte physique du d\u00e9partement de l&#8217;Ard\u00e8che <a href=\"https:\/\/gifex.com\/fr\/wp-content\/uploads\/51821\/Carte-physique-du-departement-de-l-Ardeche.pdf\" target=\"_blank\" rel=\"noopener\">(format pdf)<\/a>.<\/label><\/p>\n<p><strong>G\u00e9ographie de l&#8217;Ard\u00e8che<\/strong><\/p>\n<p>Le d\u00e9partement, correspondant \u00e0 l&#8217;ancienne province du Vivarais, fait partie de l&#8217;actuelle r\u00e9gion Auvergne-Rh\u00f4ne-Alpes et est entour\u00e9 par les d\u00e9partements de la Dr\u00f4me, du Vaucluse, du Gard, de la Loz\u00e8re, de la Haute-Loire, de la Loire et de l&#8217;Is\u00e8re.<\/p>\n<p>C&#8217;est un pays de grands contrastes : du plus bas \u00e0 seulement 40 m\u00e8tres d&#8217;altitude au-dessus du niveau de la mer, \u00e0 l&#8217;endroit o\u00f9 l&#8217;Ard\u00e8che se jette dans le Rh\u00f4ne (au sud-est du d\u00e9partement) jusqu&#8217;\u00e0 1 754 m\u00e8tres au Mont M\u00e9zenc (centre-ouest), il est bord\u00e9 \u00e0 l&#8217;est par la vall\u00e9e du Rh\u00f4ne dans sa longueur sur 140 km et \u00e0 l&#8217;ouest par les hauts plateaux du Massif central.<\/p>\n<p>Dans sa plus grande largeur, le d\u00e9partement ne d\u00e9passe pas 75 km. Il couvre une superficie de 5 550 km\u00b2, une taille qui cache une grande diversit\u00e9 en termes de relief, l&#8217;absence d&#8217;acc\u00e8s \u00e0 des transports rapides (unique en France), et les difficult\u00e9s de transport d&#8217;un point \u00e0 l&#8217;autre de l&#8217;Ard\u00e8che, notamment en hiver. Privas partage cette inaccessibilit\u00e9, \u00e9tant \u00e0 589 km par la route de Paris, 574 km de Strasbourg, 215 km de Marseille, 211 km d&#8217;Annecy, 162 km de Chamb\u00e9ry, 147 km de N\u00eemes, 140 km de Lyon, 135 km de Grenoble et 127 km de Saint-\u00c9tienne.<\/p>\n","protected":false},"excerpt":{"rendered":"<p>G\u00e9ographie de l&#8217;Ard\u00e8che. Le d\u00e9partement, correspondant \u00e0 l&#8217;ancienne province du Vivarais, fait partie de l&#8217;actuelle r\u00e9gion Auvergne-Rh\u00f4ne-Alpes et est entour\u00e9 <\/p>\n","protected":false},"author":1,"featured_media":52261,"template":"","categoria_ficha":[1793],"class_list":["post-51821","ficha","type-ficha","status-publish","has-post-thumbnail","hentry","categoria_ficha-cartes-du-departement-de-l-ardeche"],"acf":[],"_links":{"self":[{"href":"https:\/\/gifex.com\/fr\/wp-json\/wp\/v2\/ficha\/51821","targetHints":{"allow":["GET"]}}],"collection":[{"href":"https:\/\/gifex.com\/fr\/wp-json\/wp\/v2\/ficha"}],"about":[{"href":"https:\/\/gifex.com\/fr\/wp-json\/wp\/v2\/types\/ficha"}],"author":[{"embeddable":true,"href":"https:\/\/gifex.com\/fr\/wp-json\/wp\/v2\/users\/1"}],"version-history":[{"count":2,"href":"https:\/\/gifex.com\/fr\/wp-json\/wp\/v2\/ficha\/51821\/revisions"}],"predecessor-version":[{"id":51828,"href":"https:\/\/gifex.com\/fr\/wp-json\/wp\/v2\/ficha\/51821\/revisions\/51828"}],"wp:featuredmedia":[{"embeddable":true,"href":"https:\/\/gifex.com\/fr\/wp-json\/wp\/v2\/media\/52261"}],"wp:attachment":[{"href":"https:\/\/gifex.com\/fr\/wp-json\/wp\/v2\/media?parent=51821"}],"wp:term":[{"taxonomy":"categoria_ficha","embeddable":true,"href":"https:\/\/gifex.com\/fr\/wp-json\/wp\/v2\/categoria_ficha?post=51821"}],"curies":[{"name":"wp","href":"https:\/\/api.w.org\/{rel}","templated":true}]}}

Carte physique du département de l&#8217;Ardèche

<p style="text-align: center;"><label style="font-size: 15px;">Carte physique du département de l&#8217;Ardèche <a href="https://gifex.com/fr/wp-content/uploads/51821/Carte-physique-du-departement-de-l-Ardeche.pdf" target="_blank" rel="noopener">(format pdf)</a>.</label></p>
<p><strong>Géographie de l&#8217;Ardèche</strong></p>
<p>Le département, correspondant à l&#8217;ancienne province du Vivarais, fait partie de l&#8217;actuelle région Auvergne-Rhône-Alpes et est entouré par les départements de la Drôme, du Vaucluse, du Gard, de la Lozère, de la Haute-Loire, de la Loire et de l&#8217;Isère.</p>
<p>C&#8217;est un pays de grands contrastes : du plus bas à seulement 40 mètres d&#8217;altitude au-dessus du niveau de la mer, à l&#8217;endroit où l&#8217;Ardèche se jette dans le Rhône (au sud-est du département) jusqu&#8217;à 1 754 mètres au Mont Mézenc (centre-ouest), il est bordé à l&#8217;est par la vallée du Rhône dans sa longueur sur 140 km et à l&#8217;ouest par les hauts plateaux du Massif central.</p>
<p>Dans sa plus grande largeur, le département ne dépasse pas 75 km. Il couvre une superficie de 5 550 km², une taille qui cache une grande diversité en termes de relief, l&#8217;absence d&#8217;accès à des transports rapides (unique en France), et les difficultés de transport d&#8217;un point à l&#8217;autre de l&#8217;Ardèche, notamment en hiver. Privas partage cette inaccessibilité, étant à 589 km par la route de Paris, 574 km de Strasbourg, 215 km de Marseille, 211 km d&#8217;Annecy, 162 km de Chambéry, 147 km de Nîmes, 140 km de Lyon, 135 km de Grenoble et 127 km de Saint-Étienne.</p>

<p>Géographie de l&#8217;Ardèche. Le département, correspondant à l&#8217;ancienne province du Vivarais, fait partie de l&#8217;actuelle région Auvergne-Rhône-Alpes et est entouré </p>
