{"id":51033,"date":"2024-09-23T18:22:52","date_gmt":"2024-09-23T18:22:52","guid":{"rendered":"https:\/\/gifex.com\/fr\/?post_type=ficha&#038;p=51033"},"modified":"2024-09-26T14:55:10","modified_gmt":"2024-09-26T14:55:10","slug":"carte-physique-de-la-coree-du-nord","status":"publish","type":"ficha","link":"https:\/\/gifex.com\/fr\/fichier\/carte-physique-de-la-coree-du-nord\/","title":{"rendered":"Carte physique de la Cor\u00e9e du Nord"},"content":{"rendered":"<p style=\"text-align: center;\"><label style=\"font-size: 15px;\">Carte physique de la Cor\u00e9e du Nord.<\/label><\/p>\n<p><strong>G\u00e9ographie de la Cor\u00e9e du Nord<\/strong><\/p>\n<figure id=\"attachment_51143\" aria-describedby=\"caption-attachment-51143\" style=\"width: 360px\" class=\"wp-caption alignright\"><a href=\"https:\/\/gifex.com\/fr\/wp-content\/uploads\/51033\/Carte-d-altitude-de-la-Coree-du-Nord.png\" target=\"_blank\" rel=\"noopener\"><img fetchpriority=\"high\" decoding=\"async\" class=\"wp-image-51143\" title=\"Carte d'altitude de la Cor\u00e9e du Nord.\" src=\"https:\/\/gifex.com\/fr\/wp-content\/uploads\/51033\/Carte-d-altitude-de-la-Coree-du-Nord-292x300.png\" alt=\"Carte d'altitude de la Cor\u00e9e du Nord.\" width=\"360\" height=\"370\" srcset=\"https:\/\/gifex.com\/fr\/wp-content\/uploads\/51033\/Carte-d-altitude-de-la-Coree-du-Nord-292x300.png 292w, https:\/\/gifex.com\/fr\/wp-content\/uploads\/51033\/Carte-d-altitude-de-la-Coree-du-Nord-996x1024.png 996w, https:\/\/gifex.com\/fr\/wp-content\/uploads\/51033\/Carte-d-altitude-de-la-Coree-du-Nord-768x790.png 768w, https:\/\/gifex.com\/fr\/wp-content\/uploads\/51033\/Carte-d-altitude-de-la-Coree-du-Nord-1494x1536.png 1494w, https:\/\/gifex.com\/fr\/wp-content\/uploads\/51033\/Carte-d-altitude-de-la-Coree-du-Nord-300x308.png 300w, https:\/\/gifex.com\/fr\/wp-content\/uploads\/51033\/Carte-d-altitude-de-la-Coree-du-Nord-1556x1600.png 1556w, https:\/\/gifex.com\/fr\/wp-content\/uploads\/51033\/Carte-d-altitude-de-la-Coree-du-Nord.png 1705w\" sizes=\"(max-width: 360px) 100vw, 360px\" \/><\/a><figcaption id=\"caption-attachment-51143\" class=\"wp-caption-text\"><label style=\"font-size: 15px;\">Carte d&#8217;altitude de la Cor\u00e9e du Nord.<\/label><\/figcaption><\/figure>\n<p>La Cor\u00e9e du Nord occupe la partie nord de la p\u00e9ninsule cor\u00e9enne, entre les latitudes 37\u00b0 et 43\u00b0 N et les longitudes 124\u00b0 et 131\u00b0 E. Elle couvre une superficie de 120 540 kilom\u00e8tres carr\u00e9s. \u00c0 l&#8217;ouest se trouvent la mer Jaune et la baie de Cor\u00e9e, et \u00e0 l&#8217;est se trouve le Japon de l&#8217;autre c\u00f4t\u00e9 de la mer du Japon.<\/p>\n<p>Les premiers visiteurs europ\u00e9ens en Cor\u00e9e ont remarqu\u00e9 que le pays ressemblait \u00e0 \u00ab une mer dans une temp\u00eate violente \u00bb en raison des nombreuses cha\u00eenes de montagnes successives qui sillonnent la p\u00e9ninsule. Environ 80 % du territoire nord-cor\u00e9en est compos\u00e9 de montagnes et de hauts plateaux, s\u00e9par\u00e9s par des vall\u00e9es profondes et \u00e9troites.<\/p>\n<p>Toutes les montagnes de la p\u00e9ninsule cor\u00e9enne dont l&#8217;altitude est sup\u00e9rieure \u00e0 2 000 m\u00e8tres se trouvent en Cor\u00e9e du Nord. Le point culminant du pays est le mont Paektu, une montagne volcanique culminant \u00e0 2 744 m\u00e8tres au-dessus du niveau de la mer. Consid\u00e9r\u00e9 comme un lieu sacr\u00e9 par les Nord-Cor\u00e9ens, le mont Paektu rev\u00eat une importance particuli\u00e8re dans la culture cor\u00e9enne et a \u00e9t\u00e9 int\u00e9gr\u00e9 au folklore \u00e9labor\u00e9 et au culte de la personnalit\u00e9 autour de la famille Kim.<\/p>\n<figure id=\"attachment_51036\" aria-describedby=\"caption-attachment-51036\" style=\"width: 360px\" class=\"wp-caption alignright\"><a href=\"https:\/\/gifex.com\/fr\/wp-content\/uploads\/51033\/Carte-en-relief-ombre-de-la-Coree-du-Nord.jpg\" target=\"_blank\" rel=\"noopener\"><img decoding=\"async\" class=\"wp-image-51036\" title=\"Carte en relief ombr\u00e9 de la Cor\u00e9e du Nord.\" src=\"https:\/\/gifex.com\/fr\/wp-content\/uploads\/51033\/Carte-en-relief-ombre-de-la-Coree-du-Nord-222x300.jpg\" alt=\"Carte en relief ombr\u00e9 de la Cor\u00e9e du Nord.\" width=\"360\" height=\"486\" srcset=\"https:\/\/gifex.com\/fr\/wp-content\/uploads\/51033\/Carte-en-relief-ombre-de-la-Coree-du-Nord-222x300.jpg 222w, https:\/\/gifex.com\/fr\/wp-content\/uploads\/51033\/Carte-en-relief-ombre-de-la-Coree-du-Nord-759x1024.jpg 759w, https:\/\/gifex.com\/fr\/wp-content\/uploads\/51033\/Carte-en-relief-ombre-de-la-Coree-du-Nord-768x1036.jpg 768w, https:\/\/gifex.com\/fr\/wp-content\/uploads\/51033\/Carte-en-relief-ombre-de-la-Coree-du-Nord-1139x1536.jpg 1139w, https:\/\/gifex.com\/fr\/wp-content\/uploads\/51033\/Carte-en-relief-ombre-de-la-Coree-du-Nord-1518x2048.jpg 1518w, https:\/\/gifex.com\/fr\/wp-content\/uploads\/51033\/Carte-en-relief-ombre-de-la-Coree-du-Nord-300x405.jpg 300w, https:\/\/gifex.com\/fr\/wp-content\/uploads\/51033\/Carte-en-relief-ombre-de-la-Coree-du-Nord-1186x1600.jpg 1186w, https:\/\/gifex.com\/fr\/wp-content\/uploads\/51033\/Carte-en-relief-ombre-de-la-Coree-du-Nord.jpg 1971w\" sizes=\"(max-width: 360px) 100vw, 360px\" \/><\/a><figcaption id=\"caption-attachment-51036\" class=\"wp-caption-text\"><label style=\"font-size: 15px;\">Carte en relief ombr\u00e9 de la Cor\u00e9e du Nord <a href=\"https:\/\/gifex.com\/fr\/wp-content\/uploads\/51033\/Carte-en-relief-ombre-de-la-Coree-du-Nord.pdf\" target=\"_blank\" rel=\"noopener\">(format pdf)<\/a>.<\/label><\/figcaption><\/figure>\n<p>Par exemple, la chanson \u00ab We Will Go To Mount Paektu \u00bb rend hommage \u00e0 Kim Jong-un et d\u00e9crit une randonn\u00e9e symbolique vers la montagne. Par ailleurs, cinquante montagnes d\u00e9passent 2 000 m (pour la plupart situ\u00e9es dans le Hamgyong). Les trois quarts du pays sont montagneux ou constitu\u00e9s de plateaux en majeure partie recouverts de for\u00eats (conif\u00e8res, ch\u00eanes, ch\u00e2taigniers, etc.).<\/p>\n<p>Les autres cha\u00eenes de montagnes importantes sont la cha\u00eene Hamgyong \u00e0 l&#8217;extr\u00eame nord-est et les monts Rangrim, qui sont situ\u00e9s dans la partie centre-nord de la Cor\u00e9e du Nord. Le mont Kumgang dans la cha\u00eene Taebaek, qui s&#8217;\u00e9tend jusqu&#8217;en Cor\u00e9e du Sud, est c\u00e9l\u00e8bre pour sa beaut\u00e9 pittoresque.<\/p>\n<p>Les plaines c\u00f4ti\u00e8res sont larges \u00e0 l&#8217;ouest et discontinues \u00e0 l&#8217;est. Une grande majorit\u00e9 de la population vit dans les plaines et les basses terres. Selon un rapport du Programme des Nations Unies pour l&#8217;environnement de 2003, la for\u00eat couvre plus de 70 pour cent du pays, principalement sur des pentes abruptes.<\/p>\n<p>La Cor\u00e9e du Nord a obtenu en 2019 un score moyen de 8,02\/10 pour l&#8217;indice d&#8217;int\u00e9grit\u00e9 des paysages forestiers, ce qui la place au 28<sup>e<\/sup> rang mondial sur 172 pays. Le plus long fleuve du pays est le fleuve Amnok (Yalu), qui coule sur 790 kilom\u00e8tres.<\/p>\n<p>Le pays comprend trois \u00e9cor\u00e9gions terrestres : les for\u00eats d\u00e9cidues de Cor\u00e9e centrale, les for\u00eats mixtes des monts Changbai et les for\u00eats mixtes de Mandchourie.<\/p>\n<figure id=\"attachment_51145\" aria-describedby=\"caption-attachment-51145\" style=\"width: 400px\" class=\"wp-caption aligncenter\"><a href=\"https:\/\/gifex.com\/fr\/wp-content\/uploads\/51033\/Carte-topographique-de-la-Coree-du-Nord.jpg\" target=\"_blank\" rel=\"noopener\"><img decoding=\"async\" class=\"wp-image-51145\" title=\"Carte topographique de la Cor\u00e9e du Nord.\" src=\"https:\/\/gifex.com\/fr\/wp-content\/uploads\/51033\/Carte-topographique-de-la-Coree-du-Nord-300x257.jpg\" alt=\"Carte topographique de la Cor\u00e9e du Nord.\" width=\"400\" height=\"343\" srcset=\"https:\/\/gifex.com\/fr\/wp-content\/uploads\/51033\/Carte-topographique-de-la-Coree-du-Nord-300x257.jpg 300w, https:\/\/gifex.com\/fr\/wp-content\/uploads\/51033\/Carte-topographique-de-la-Coree-du-Nord-1024x878.jpg 1024w, https:\/\/gifex.com\/fr\/wp-content\/uploads\/51033\/Carte-topographique-de-la-Coree-du-Nord-768x658.jpg 768w, https:\/\/gifex.com\/fr\/wp-content\/uploads\/51033\/Carte-topographique-de-la-Coree-du-Nord-1536x1317.jpg 1536w, https:\/\/gifex.com\/fr\/wp-content\/uploads\/51033\/Carte-topographique-de-la-Coree-du-Nord-2048x1756.jpg 2048w, https:\/\/gifex.com\/fr\/wp-content\/uploads\/51033\/Carte-topographique-de-la-Coree-du-Nord-1600x1371.jpg 1600w\" sizes=\"(max-width: 400px) 100vw, 400px\" \/><\/a><figcaption id=\"caption-attachment-51145\" class=\"wp-caption-text\"><label style=\"font-size: 15px;\">Carte topographique de la Cor\u00e9e du Nord <a href=\"https:\/\/gifex.com\/fr\/wp-content\/uploads\/51033\/Carte-topographique-de-la-Coree-du-Nord.pdf\" target=\"_blank\" rel=\"noopener\">(format pdf)<\/a>.<\/label><\/figcaption><\/figure>\n","protected":false},"excerpt":{"rendered":"<p>G\u00e9ographie de la Cor\u00e9e du Nord. La Cor\u00e9e du Nord occupe la partie nord de la p\u00e9ninsule cor\u00e9enne, entre les latitudes 37\u00b0 et 43\u00b0 N et les longitudes 124\u00b0 et 131\u00b0<\/p>\n","protected":false},"author":1,"featured_media":51034,"template":"","categoria_ficha":[154],"class_list":["post-51033","ficha","type-ficha","status-publish","has-post-thumbnail","hentry","categoria_ficha-cartes-de-la-coree-du-nord"],"acf":[],"_links":{"self":[{"href":"https:\/\/gifex.com\/fr\/wp-json\/wp\/v2\/ficha\/51033","targetHints":{"allow":["GET"]}}],"collection":[{"href":"https:\/\/gifex.com\/fr\/wp-json\/wp\/v2\/ficha"}],"about":[{"href":"https:\/\/gifex.com\/fr\/wp-json\/wp\/v2\/types\/ficha"}],"author":[{"embeddable":true,"href":"https:\/\/gifex.com\/fr\/wp-json\/wp\/v2\/users\/1"}],"version-history":[{"count":3,"href":"https:\/\/gifex.com\/fr\/wp-json\/wp\/v2\/ficha\/51033\/revisions"}],"predecessor-version":[{"id":51147,"href":"https:\/\/gifex.com\/fr\/wp-json\/wp\/v2\/ficha\/51033\/revisions\/51147"}],"wp:featuredmedia":[{"embeddable":true,"href":"https:\/\/gifex.com\/fr\/wp-json\/wp\/v2\/media\/51034"}],"wp:attachment":[{"href":"https:\/\/gifex.com\/fr\/wp-json\/wp\/v2\/media?parent=51033"}],"wp:term":[{"taxonomy":"categoria_ficha","embeddable":true,"href":"https:\/\/gifex.com\/fr\/wp-json\/wp\/v2\/categoria_ficha?post=51033"}],"curies":[{"name":"wp","href":"https:\/\/api.w.org\/{rel}","templated":true}]}}

Carte physique de la Corée du Nord

<p style="text-align: center;"><label style="font-size: 15px;">Carte physique de la Corée du Nord.</label></p>
<p><strong>Géographie de la Corée du Nord</strong></p>
<figure id="attachment_51143" aria-describedby="caption-attachment-51143" style="width: 360px" class="wp-caption alignright"><a href="https://gifex.com/fr/wp-content/uploads/51033/Carte-d-altitude-de-la-Coree-du-Nord.png" target="_blank" rel="noopener"><img fetchpriority="high" decoding="async" class="wp-image-51143" title="Carte d'altitude de la Corée du Nord." src="https://gifex.com/fr/wp-content/uploads/51033/Carte-d-altitude-de-la-Coree-du-Nord-292x300.png" alt="Carte d'altitude de la Corée du Nord." width="360" height="370" srcset="https://gifex.com/fr/wp-content/uploads/51033/Carte-d-altitude-de-la-Coree-du-Nord-292x300.png 292w, https://gifex.com/fr/wp-content/uploads/51033/Carte-d-altitude-de-la-Coree-du-Nord-996x1024.png 996w, https://gifex.com/fr/wp-content/uploads/51033/Carte-d-altitude-de-la-Coree-du-Nord-768x790.png 768w, https://gifex.com/fr/wp-content/uploads/51033/Carte-d-altitude-de-la-Coree-du-Nord-1494x1536.png 1494w, https://gifex.com/fr/wp-content/uploads/51033/Carte-d-altitude-de-la-Coree-du-Nord-300x308.png 300w, https://gifex.com/fr/wp-content/uploads/51033/Carte-d-altitude-de-la-Coree-du-Nord-1556x1600.png 1556w, https://gifex.com/fr/wp-content/uploads/51033/Carte-d-altitude-de-la-Coree-du-Nord.png 1705w" sizes="(max-width: 360px) 100vw, 360px" /></a><figcaption id="caption-attachment-51143" class="wp-caption-text"><label style="font-size: 15px;">Carte d&#8217;altitude de la Corée du Nord.</label></figcaption></figure>
<p>La Corée du Nord occupe la partie nord de la péninsule coréenne, entre les latitudes 37° et 43° N et les longitudes 124° et 131° E. Elle couvre une superficie de 120 540 kilomètres carrés. À l&#8217;ouest se trouvent la mer Jaune et la baie de Corée, et à l&#8217;est se trouve le Japon de l&#8217;autre côté de la mer du Japon.</p>
<p>Les premiers visiteurs européens en Corée ont remarqué que le pays ressemblait à « une mer dans une tempête violente » en raison des nombreuses chaînes de montagnes successives qui sillonnent la péninsule. Environ 80 % du territoire nord-coréen est composé de montagnes et de hauts plateaux, séparés par des vallées profondes et étroites.</p>
<p>Toutes les montagnes de la péninsule coréenne dont l&#8217;altitude est supérieure à 2 000 mètres se trouvent en Corée du Nord. Le point culminant du pays est le mont Paektu, une montagne volcanique culminant à 2 744 mètres au-dessus du niveau de la mer. Considéré comme un lieu sacré par les Nord-Coréens, le mont Paektu revêt une importance particulière dans la culture coréenne et a été intégré au folklore élaboré et au culte de la personnalité autour de la famille Kim.</p>
<figure id="attachment_51036" aria-describedby="caption-attachment-51036" style="width: 360px" class="wp-caption alignright"><a href="https://gifex.com/fr/wp-content/uploads/51033/Carte-en-relief-ombre-de-la-Coree-du-Nord.jpg" target="_blank" rel="noopener"><img decoding="async" class="wp-image-51036" title="Carte en relief ombré de la Corée du Nord." src="https://gifex.com/fr/wp-content/uploads/51033/Carte-en-relief-ombre-de-la-Coree-du-Nord-222x300.jpg" alt="Carte en relief ombré de la Corée du Nord." width="360" height="486" srcset="https://gifex.com/fr/wp-content/uploads/51033/Carte-en-relief-ombre-de-la-Coree-du-Nord-222x300.jpg 222w, https://gifex.com/fr/wp-content/uploads/51033/Carte-en-relief-ombre-de-la-Coree-du-Nord-759x1024.jpg 759w, https://gifex.com/fr/wp-content/uploads/51033/Carte-en-relief-ombre-de-la-Coree-du-Nord-768x1036.jpg 768w, https://gifex.com/fr/wp-content/uploads/51033/Carte-en-relief-ombre-de-la-Coree-du-Nord-1139x1536.jpg 1139w, https://gifex.com/fr/wp-content/uploads/51033/Carte-en-relief-ombre-de-la-Coree-du-Nord-1518x2048.jpg 1518w, https://gifex.com/fr/wp-content/uploads/51033/Carte-en-relief-ombre-de-la-Coree-du-Nord-300x405.jpg 300w, https://gifex.com/fr/wp-content/uploads/51033/Carte-en-relief-ombre-de-la-Coree-du-Nord-1186x1600.jpg 1186w, https://gifex.com/fr/wp-content/uploads/51033/Carte-en-relief-ombre-de-la-Coree-du-Nord.jpg 1971w" sizes="(max-width: 360px) 100vw, 360px" /></a><figcaption id="caption-attachment-51036" class="wp-caption-text"><label style="font-size: 15px;">Carte en relief ombré de la Corée du Nord <a href="https://gifex.com/fr/wp-content/uploads/51033/Carte-en-relief-ombre-de-la-Coree-du-Nord.pdf" target="_blank" rel="noopener">(format pdf)</a>.</label></figcaption></figure>
<p>Par exemple, la chanson « We Will Go To Mount Paektu » rend hommage à Kim Jong-un et décrit une randonnée symbolique vers la montagne. Par ailleurs, cinquante montagnes dépassent 2 000 m (pour la plupart situées dans le Hamgyong). Les trois quarts du pays sont montagneux ou constitués de plateaux en majeure partie recouverts de forêts (conifères, chênes, châtaigniers, etc.).</p>
<p>Les autres chaînes de montagnes importantes sont la chaîne Hamgyong à l&#8217;extrême nord-est et les monts Rangrim, qui sont situés dans la partie centre-nord de la Corée du Nord. Le mont Kumgang dans la chaîne Taebaek, qui s&#8217;étend jusqu&#8217;en Corée du Sud, est célèbre pour sa beauté pittoresque.</p>
<p>Les plaines côtières sont larges à l&#8217;ouest et discontinues à l&#8217;est. Une grande majorité de la population vit dans les plaines et les basses terres. Selon un rapport du Programme des Nations Unies pour l&#8217;environnement de 2003, la forêt couvre plus de 70 pour cent du pays, principalement sur des pentes abruptes.</p>
<p>La Corée du Nord a obtenu en 2019 un score moyen de 8,02/10 pour l&#8217;indice d&#8217;intégrité des paysages forestiers, ce qui la place au 28<sup>e</sup> rang mondial sur 172 pays. Le plus long fleuve du pays est le fleuve Amnok (Yalu), qui coule sur 790 kilomètres.</p>
<p>Le pays comprend trois écorégions terrestres : les forêts décidues de Corée centrale, les forêts mixtes des monts Changbai et les forêts mixtes de Mandchourie.</p>
<figure id="attachment_51145" aria-describedby="caption-attachment-51145" style="width: 400px" class="wp-caption aligncenter"><a href="https://gifex.com/fr/wp-content/uploads/51033/Carte-topographique-de-la-Coree-du-Nord.jpg" target="_blank" rel="noopener"><img decoding="async" class="wp-image-51145" title="Carte topographique de la Corée du Nord." src="https://gifex.com/fr/wp-content/uploads/51033/Carte-topographique-de-la-Coree-du-Nord-300x257.jpg" alt="Carte topographique de la Corée du Nord." width="400" height="343" srcset="https://gifex.com/fr/wp-content/uploads/51033/Carte-topographique-de-la-Coree-du-Nord-300x257.jpg 300w, https://gifex.com/fr/wp-content/uploads/51033/Carte-topographique-de-la-Coree-du-Nord-1024x878.jpg 1024w, https://gifex.com/fr/wp-content/uploads/51033/Carte-topographique-de-la-Coree-du-Nord-768x658.jpg 768w, https://gifex.com/fr/wp-content/uploads/51033/Carte-topographique-de-la-Coree-du-Nord-1536x1317.jpg 1536w, https://gifex.com/fr/wp-content/uploads/51033/Carte-topographique-de-la-Coree-du-Nord-2048x1756.jpg 2048w, https://gifex.com/fr/wp-content/uploads/51033/Carte-topographique-de-la-Coree-du-Nord-1600x1371.jpg 1600w" sizes="(max-width: 400px) 100vw, 400px" /></a><figcaption id="caption-attachment-51145" class="wp-caption-text"><label style="font-size: 15px;">Carte topographique de la Corée du Nord <a href="https://gifex.com/fr/wp-content/uploads/51033/Carte-topographique-de-la-Coree-du-Nord.pdf" target="_blank" rel="noopener">(format pdf)</a>.</label></figcaption></figure>

<p>Géographie de la Corée du Nord. La Corée du Nord occupe la partie nord de la péninsule coréenne, entre les latitudes 37° et 43° N et les longitudes 124° et 131°</p>
