{"id":47829,"date":"2024-06-06T00:36:20","date_gmt":"2024-06-06T00:36:20","guid":{"rendered":"https:\/\/gifex.com\/fr\/?post_type=ficha&#038;p=47829"},"modified":"2024-06-06T00:36:20","modified_gmt":"2024-06-06T00:36:20","slug":"cartes-politiques-de-l-angola","status":"publish","type":"ficha","link":"https:\/\/gifex.com\/fr\/fichier\/cartes-politiques-de-l-angola\/","title":{"rendered":"Cartes politiques de l&#8217;Angola"},"content":{"rendered":"<p style=\"text-align: center;\"><label style=\"font-size: 15px;\">Carte politique de l&#8217;Angola.<\/label><\/p>\n<p>Depuis mars 2016, l&#8217;Angola est politiquement divis\u00e9 en dix-huit provinces (<em>prov\u00edncias<\/em>) et 162 municipalit\u00e9s. Les municipalit\u00e9s sont divis\u00e9es en 559 communes (<em>comunas<\/em>).<\/p>\n<div style=\"clear: both; display: inline-block; width: 100%;\">\n<div class=\"row\">\n<div class=\"col-sm\">\n<figure id=\"attachment_47831\" aria-describedby=\"caption-attachment-47831\" style=\"width: 400px\" class=\"wp-caption alignleft\"><a href=\"https:\/\/gifex.com\/fr\/wp-content\/uploads\/47829\/Carte-politique-de-l-Angola-1990.gif\" target=\"_blank\" rel=\"noopener\"><img fetchpriority=\"high\" decoding=\"async\" class=\"wp-image-47831\" title=\"Carte politique de l'Angola 1990.\" src=\"https:\/\/gifex.com\/fr\/wp-content\/uploads\/47829\/Carte-politique-de-l-Angola-1990-240x300.gif\" alt=\"Carte politique de l'Angola 1990.\" width=\"400\" height=\"500\" srcset=\"https:\/\/gifex.com\/fr\/wp-content\/uploads\/47829\/Carte-politique-de-l-Angola-1990-240x300.gif 240w, https:\/\/gifex.com\/fr\/wp-content\/uploads\/47829\/Carte-politique-de-l-Angola-1990-819x1024.gif 819w, https:\/\/gifex.com\/fr\/wp-content\/uploads\/47829\/Carte-politique-de-l-Angola-1990-768x960.gif 768w, https:\/\/gifex.com\/fr\/wp-content\/uploads\/47829\/Carte-politique-de-l-Angola-1990-300x375.gif 300w\" sizes=\"(max-width: 400px) 100vw, 400px\" \/><\/a><figcaption id=\"caption-attachment-47831\" class=\"wp-caption-text\"><label style=\"font-size: 15px;\">Carte politique de l&#8217;Angola 1990.<\/label><\/figcaption><\/figure>\n<\/div>\n<div class=\"col-sm\">\n<figure id=\"attachment_47812\" aria-describedby=\"caption-attachment-47812\" style=\"width: 400px\" class=\"wp-caption alignright\"><a href=\"https:\/\/gifex.com\/fr\/wp-content\/uploads\/47810\/Carte-des-provinces-de-l-Angola.png\" target=\"_blank\" rel=\"noopener\"><img decoding=\"async\" class=\"wp-image-47812\" title=\"Carte des provinces de l'Angola.\" src=\"https:\/\/gifex.com\/fr\/wp-content\/uploads\/47810\/Carte-des-provinces-de-l-Angola-274x300.png\" alt=\"Carte des provinces de l'Angola.\" width=\"400\" height=\"439\" srcset=\"https:\/\/gifex.com\/fr\/wp-content\/uploads\/47810\/Carte-des-provinces-de-l-Angola-274x300.png 274w, https:\/\/gifex.com\/fr\/wp-content\/uploads\/47810\/Carte-des-provinces-de-l-Angola-934x1024.png 934w, https:\/\/gifex.com\/fr\/wp-content\/uploads\/47810\/Carte-des-provinces-de-l-Angola-768x842.png 768w, https:\/\/gifex.com\/fr\/wp-content\/uploads\/47810\/Carte-des-provinces-de-l-Angola-1401x1536.png 1401w, https:\/\/gifex.com\/fr\/wp-content\/uploads\/47810\/Carte-des-provinces-de-l-Angola-300x329.png 300w, https:\/\/gifex.com\/fr\/wp-content\/uploads\/47810\/Carte-des-provinces-de-l-Angola-1459x1600.png 1459w, https:\/\/gifex.com\/fr\/wp-content\/uploads\/47810\/Carte-des-provinces-de-l-Angola.png 1868w\" sizes=\"(max-width: 400px) 100vw, 400px\" \/><\/a><figcaption id=\"caption-attachment-47812\" class=\"wp-caption-text\"><label style=\"font-size: 15px;\">Carte des provinces de l&#8217;Angola.<\/label><\/figcaption><\/figure>\n<\/div>\n<\/div>\n<\/div>\n<figure id=\"attachment_47726\" aria-describedby=\"caption-attachment-47726\" style=\"width: 400px\" class=\"wp-caption aligncenter\"><a href=\"https:\/\/gifex.com\/fr\/wp-content\/uploads\/47719\/Carte-vierge-coloree-de-l-Angola.png\" target=\"_blank\" rel=\"noopener\"><img decoding=\"async\" class=\"wp-image-47726\" title=\"Carte politique vierge de l'Angola.\" src=\"https:\/\/gifex.com\/fr\/wp-content\/uploads\/47719\/Carte-vierge-coloree-de-l-Angola-274x300.png\" alt=\"Carte politique vierge de l'Angola.\" width=\"400\" height=\"439\" srcset=\"https:\/\/gifex.com\/fr\/wp-content\/uploads\/47719\/Carte-vierge-coloree-de-l-Angola-274x300.png 274w, https:\/\/gifex.com\/fr\/wp-content\/uploads\/47719\/Carte-vierge-coloree-de-l-Angola-934x1024.png 934w, https:\/\/gifex.com\/fr\/wp-content\/uploads\/47719\/Carte-vierge-coloree-de-l-Angola-768x842.png 768w, https:\/\/gifex.com\/fr\/wp-content\/uploads\/47719\/Carte-vierge-coloree-de-l-Angola-1401x1536.png 1401w, https:\/\/gifex.com\/fr\/wp-content\/uploads\/47719\/Carte-vierge-coloree-de-l-Angola-300x329.png 300w, https:\/\/gifex.com\/fr\/wp-content\/uploads\/47719\/Carte-vierge-coloree-de-l-Angola-1459x1600.png 1459w, https:\/\/gifex.com\/fr\/wp-content\/uploads\/47719\/Carte-vierge-coloree-de-l-Angola.png 1868w\" sizes=\"(max-width: 400px) 100vw, 400px\" \/><\/a><figcaption id=\"caption-attachment-47726\" class=\"wp-caption-text\"><label style=\"font-size: 15px;\">Carte politique vierge de l&#8217;Angola.<\/label><\/figcaption><\/figure>\n","protected":false},"excerpt":{"rendered":"<p>Carte politique de l&#8217;Angola. Depuis mars 2016, l&#8217;Angola est politiquement divis\u00e9 en dix-huit provinces (prov\u00edncias) et 162 municipalit\u00e9s. Les municipalit\u00e9s &#8230;<\/p>\n","protected":false},"author":1,"featured_media":47830,"template":"","categoria_ficha":[191],"class_list":["post-47829","ficha","type-ficha","status-publish","has-post-thumbnail","hentry","categoria_ficha-cartes-de-l-angola"],"acf":[],"_links":{"self":[{"href":"https:\/\/gifex.com\/fr\/wp-json\/wp\/v2\/ficha\/47829","targetHints":{"allow":["GET"]}}],"collection":[{"href":"https:\/\/gifex.com\/fr\/wp-json\/wp\/v2\/ficha"}],"about":[{"href":"https:\/\/gifex.com\/fr\/wp-json\/wp\/v2\/types\/ficha"}],"author":[{"embeddable":true,"href":"https:\/\/gifex.com\/fr\/wp-json\/wp\/v2\/users\/1"}],"version-history":[{"count":2,"href":"https:\/\/gifex.com\/fr\/wp-json\/wp\/v2\/ficha\/47829\/revisions"}],"predecessor-version":[{"id":47833,"href":"https:\/\/gifex.com\/fr\/wp-json\/wp\/v2\/ficha\/47829\/revisions\/47833"}],"wp:featuredmedia":[{"embeddable":true,"href":"https:\/\/gifex.com\/fr\/wp-json\/wp\/v2\/media\/47830"}],"wp:attachment":[{"href":"https:\/\/gifex.com\/fr\/wp-json\/wp\/v2\/media?parent=47829"}],"wp:term":[{"taxonomy":"categoria_ficha","embeddable":true,"href":"https:\/\/gifex.com\/fr\/wp-json\/wp\/v2\/categoria_ficha?post=47829"}],"curies":[{"name":"wp","href":"https:\/\/api.w.org\/{rel}","templated":true}]}}

<p style="text-align: center;"><label style="font-size: 15px;">Carte politique de l&#8217;Angola.</label></p>
<p>Depuis mars 2016, l&#8217;Angola est politiquement divisé en dix-huit provinces (<em>províncias</em>) et 162 municipalités. Les municipalités sont divisées en 559 communes (<em>comunas</em>).</p>
<div style="clear: both; display: inline-block; width: 100%;">
<div class="row">
<div class="col-sm">
<figure id="attachment_47831" aria-describedby="caption-attachment-47831" style="width: 400px" class="wp-caption alignleft"><a href="https://gifex.com/fr/wp-content/uploads/47829/Carte-politique-de-l-Angola-1990.gif" target="_blank" rel="noopener"><img fetchpriority="high" decoding="async" class="wp-image-47831" title="Carte politique de l'Angola 1990." src="https://gifex.com/fr/wp-content/uploads/47829/Carte-politique-de-l-Angola-1990-240x300.gif" alt="Carte politique de l'Angola 1990." width="400" height="500" srcset="https://gifex.com/fr/wp-content/uploads/47829/Carte-politique-de-l-Angola-1990-240x300.gif 240w, https://gifex.com/fr/wp-content/uploads/47829/Carte-politique-de-l-Angola-1990-819x1024.gif 819w, https://gifex.com/fr/wp-content/uploads/47829/Carte-politique-de-l-Angola-1990-768x960.gif 768w, https://gifex.com/fr/wp-content/uploads/47829/Carte-politique-de-l-Angola-1990-300x375.gif 300w" sizes="(max-width: 400px) 100vw, 400px" /></a><figcaption id="caption-attachment-47831" class="wp-caption-text"><label style="font-size: 15px;">Carte politique de l&#8217;Angola 1990.</label></figcaption></figure>
</div>
<div class="col-sm">
<figure id="attachment_47812" aria-describedby="caption-attachment-47812" style="width: 400px" class="wp-caption alignright"><a href="https://gifex.com/fr/wp-content/uploads/47810/Carte-des-provinces-de-l-Angola.png" target="_blank" rel="noopener"><img decoding="async" class="wp-image-47812" title="Carte des provinces de l'Angola." src="https://gifex.com/fr/wp-content/uploads/47810/Carte-des-provinces-de-l-Angola-274x300.png" alt="Carte des provinces de l'Angola." width="400" height="439" srcset="https://gifex.com/fr/wp-content/uploads/47810/Carte-des-provinces-de-l-Angola-274x300.png 274w, https://gifex.com/fr/wp-content/uploads/47810/Carte-des-provinces-de-l-Angola-934x1024.png 934w, https://gifex.com/fr/wp-content/uploads/47810/Carte-des-provinces-de-l-Angola-768x842.png 768w, https://gifex.com/fr/wp-content/uploads/47810/Carte-des-provinces-de-l-Angola-1401x1536.png 1401w, https://gifex.com/fr/wp-content/uploads/47810/Carte-des-provinces-de-l-Angola-300x329.png 300w, https://gifex.com/fr/wp-content/uploads/47810/Carte-des-provinces-de-l-Angola-1459x1600.png 1459w, https://gifex.com/fr/wp-content/uploads/47810/Carte-des-provinces-de-l-Angola.png 1868w" sizes="(max-width: 400px) 100vw, 400px" /></a><figcaption id="caption-attachment-47812" class="wp-caption-text"><label style="font-size: 15px;">Carte des provinces de l&#8217;Angola.</label></figcaption></figure>
</div>
</div>
</div>
<figure id="attachment_47726" aria-describedby="caption-attachment-47726" style="width: 400px" class="wp-caption aligncenter"><a href="https://gifex.com/fr/wp-content/uploads/47719/Carte-vierge-coloree-de-l-Angola.png" target="_blank" rel="noopener"><img decoding="async" class="wp-image-47726" title="Carte politique vierge de l'Angola." src="https://gifex.com/fr/wp-content/uploads/47719/Carte-vierge-coloree-de-l-Angola-274x300.png" alt="Carte politique vierge de l'Angola." width="400" height="439" srcset="https://gifex.com/fr/wp-content/uploads/47719/Carte-vierge-coloree-de-l-Angola-274x300.png 274w, https://gifex.com/fr/wp-content/uploads/47719/Carte-vierge-coloree-de-l-Angola-934x1024.png 934w, https://gifex.com/fr/wp-content/uploads/47719/Carte-vierge-coloree-de-l-Angola-768x842.png 768w, https://gifex.com/fr/wp-content/uploads/47719/Carte-vierge-coloree-de-l-Angola-1401x1536.png 1401w, https://gifex.com/fr/wp-content/uploads/47719/Carte-vierge-coloree-de-l-Angola-300x329.png 300w, https://gifex.com/fr/wp-content/uploads/47719/Carte-vierge-coloree-de-l-Angola-1459x1600.png 1459w, https://gifex.com/fr/wp-content/uploads/47719/Carte-vierge-coloree-de-l-Angola.png 1868w" sizes="(max-width: 400px) 100vw, 400px" /></a><figcaption id="caption-attachment-47726" class="wp-caption-text"><label style="font-size: 15px;">Carte politique vierge de l&#8217;Angola.</label></figcaption></figure>

<p>Carte politique de l&#8217;Angola. Depuis mars 2016, l&#8217;Angola est politiquement divisé en dix-huit provinces (províncias) et 162 municipalités. Les municipalités &#8230;</p>
