{"id":46040,"date":"2024-04-14T16:23:08","date_gmt":"2024-04-14T16:23:08","guid":{"rendered":"https:\/\/gifex.com\/fr\/?post_type=ficha&#038;p=46040"},"modified":"2024-04-14T16:25:57","modified_gmt":"2024-04-14T16:25:57","slug":"carte-des-acores-dans-l-atlantique-nord","status":"publish","type":"ficha","link":"https:\/\/gifex.com\/fr\/fichier\/carte-des-acores-dans-l-atlantique-nord\/","title":{"rendered":"Carte des A\u00e7ores dans l&#8217;Atlantique Nord"},"content":{"rendered":"<p>Carte des A\u00e7ores, officiellement la r\u00e9gion autonome des A\u00e7ores (Regi\u00e3o Aut\u00f3noma dos A\u00e7ores), l&#8217;une des deux r\u00e9gions autonomes du Portugal (avec Mad\u00e8re). Il s&#8217;agit d&#8217;un archipel compos\u00e9 de neuf \u00eeles volcaniques situ\u00e9es dans la r\u00e9gion de Macaron\u00e9sie de l&#8217;oc\u00e9an Atlantique Nord, \u00e0 environ 1 400 km \u00e0 l&#8217;ouest de Lisbonne, \u00e0 environ 1 500 km au nord-ouest du Maroc et \u00e0 environ 1 930 km au sud-est de Terre-Neuve, au Canada.<\/p>\n<figure id=\"attachment_46042\" aria-describedby=\"caption-attachment-46042\" style=\"width: 360px\" class=\"wp-caption alignright\"><a href=\"https:\/\/gifex.com\/fr\/wp-content\/uploads\/46040\/Carte-de-localisation-des-Acores-dans-l-ocean-Atlantique.png\" target=\"_blank\" rel=\"noopener\"><img fetchpriority=\"high\" decoding=\"async\" class=\"wp-image-46042\" title=\"Carte de localisation des A\u00e7ores dans l'oc\u00e9an Atlantique.\" src=\"https:\/\/gifex.com\/fr\/wp-content\/uploads\/46040\/Carte-de-localisation-des-Acores-dans-l-ocean-Atlantique-300x165.png\" alt=\"Carte de localisation des A\u00e7ores dans l'oc\u00e9an Atlantique.\" width=\"360\" height=\"198\" srcset=\"https:\/\/gifex.com\/fr\/wp-content\/uploads\/46040\/Carte-de-localisation-des-Acores-dans-l-ocean-Atlantique-300x165.png 300w, https:\/\/gifex.com\/fr\/wp-content\/uploads\/46040\/Carte-de-localisation-des-Acores-dans-l-ocean-Atlantique-1024x564.png 1024w, https:\/\/gifex.com\/fr\/wp-content\/uploads\/46040\/Carte-de-localisation-des-Acores-dans-l-ocean-Atlantique-768x423.png 768w, https:\/\/gifex.com\/fr\/wp-content\/uploads\/46040\/Carte-de-localisation-des-Acores-dans-l-ocean-Atlantique-1536x846.png 1536w, https:\/\/gifex.com\/fr\/wp-content\/uploads\/46040\/Carte-de-localisation-des-Acores-dans-l-ocean-Atlantique-2048x1128.png 2048w, https:\/\/gifex.com\/fr\/wp-content\/uploads\/46040\/Carte-de-localisation-des-Acores-dans-l-ocean-Atlantique-1600x881.png 1600w\" sizes=\"(max-width: 360px) 100vw, 360px\" \/><\/a><figcaption id=\"caption-attachment-46042\" class=\"wp-caption-text\"><label style=\"font-size: 15px;\">Carte de localisation des A\u00e7ores dans l&#8217;oc\u00e9an Atlantique.<\/label><\/figcaption><\/figure>\n<ul>\n<li>En 2021, les A\u00e7ores avait une population de 236 440<\/li>\n<li>et une superficie de 2 333 km\u00b2<\/li>\n<li>La capitale et plus grande ville de la r\u00e9gion autonome est Ponta Delgada<\/li>\n<\/ul>\n<p>Ses principales industries sont l&#8217;agriculture, l&#8217;\u00e9levage laitier, l&#8217;\u00e9levage, la p\u00eache et le tourisme, qui est devenu une activit\u00e9 de services majeure dans la r\u00e9gion. Au 20<sup>\u00e8me<\/sup> si\u00e8cle et dans une certaine mesure au 21<sup>\u00e8me<\/sup>, elles ont servi de point de passage pour le ravitaillement des avions volant entre l&#8217;Europe et l&#8217;Am\u00e9rique du Nord. Le gouvernement des A\u00e7ores emploie un pourcentage important de la population directement ou indirectement dans les secteurs des services et du tertiaire. La plus grande ville des A\u00e7ores est Ponta Delgada. La culture, le dialecte, la cuisine et les traditions des \u00eeles des A\u00e7ores varient consid\u00e9rablement, car ces \u00eeles isol\u00e9es ont \u00e9t\u00e9 colonis\u00e9es sporadiquement sur une p\u00e9riode de deux si\u00e8cles.<\/p>\n<figure id=\"attachment_46043\" aria-describedby=\"caption-attachment-46043\" style=\"width: 360px\" class=\"wp-caption alignright\"><a href=\"https:\/\/gifex.com\/fr\/wp-content\/uploads\/46040\/Image-satellite-des-Acores.jpg\" target=\"_blank\" rel=\"noopener\"><img decoding=\"async\" class=\"wp-image-46043\" title=\"Image satellite des A\u00e7ores.\" src=\"https:\/\/gifex.com\/fr\/wp-content\/uploads\/46040\/Image-satellite-des-Acores-300x225.jpg\" alt=\"Image satellite des A\u00e7ores.\" width=\"360\" height=\"270\" srcset=\"https:\/\/gifex.com\/fr\/wp-content\/uploads\/46040\/Image-satellite-des-Acores-300x225.jpg 300w, https:\/\/gifex.com\/fr\/wp-content\/uploads\/46040\/Image-satellite-des-Acores-1024x768.jpg 1024w, https:\/\/gifex.com\/fr\/wp-content\/uploads\/46040\/Image-satellite-des-Acores-768x576.jpg 768w, https:\/\/gifex.com\/fr\/wp-content\/uploads\/46040\/Image-satellite-des-Acores-1536x1152.jpg 1536w, https:\/\/gifex.com\/fr\/wp-content\/uploads\/46040\/Image-satellite-des-Acores-800x600.jpg 800w, https:\/\/gifex.com\/fr\/wp-content\/uploads\/46040\/Image-satellite-des-Acores.jpg 1600w\" sizes=\"(max-width: 360px) 100vw, 360px\" \/><\/a><figcaption id=\"caption-attachment-46043\" class=\"wp-caption-text\"><label style=\"font-size: 15px;\">Image satellite des A\u00e7ores.<\/label><\/figcaption><\/figure>\n<p data-wp-editing=\"1\">Il existe neuf \u00eeles principales des A\u00e7ores et un groupe d&#8217;\u00eelots, r\u00e9partis en trois groupes principaux. Ce sont Flores et Corvo, \u00e0 l&#8217;ouest ; Graciosa, Terceira, S\u00e3o Jorge, Pico et Faial au centre ; et S\u00e3o Miguel, Santa Maria et les \u00eelots Formigas \u00e0 l&#8217;est. Ils s&#8217;\u00e9tendent sur plus de 600 km et s&#8217;\u00e9tendent dans une direction nord-ouest-sud-est. Toutes les \u00eeles ont des origines volcaniques, m\u00eame si certaines, comme Santa Maria, n&#8217;ont eu aucune activit\u00e9 enregistr\u00e9e depuis que les \u00eeles ont \u00e9t\u00e9 colonis\u00e9es il y a plusieurs si\u00e8cles. Le mont Pico, sur l&#8217;\u00eele de Pico, est le point culminant du Portugal, culminant \u00e0 2 351 m. Si l&#8217;on mesure leur base au fond de l&#8217;oc\u00e9an jusqu&#8217;\u00e0 leurs sommets, les A\u00e7ores comptent parmi les plus hautes montagnes de la plan\u00e8te.<\/p>\n<p>Les A\u00e7ores sont situ\u00e9es \u00e0 la limite sismiquement active de la plaque \u00e0 triple jonction des A\u00e7ores, l\u00e0 o\u00f9 se rencontrent la plaque nord-am\u00e9ricaine, la plaque eurasienne et la plaque africaine.<\/p>\n<p>Le climat des A\u00e7ores est tr\u00e8s doux pour une r\u00e9gion aussi septentrionale, influenc\u00e9 par l&#8217;\u00e9loignement des continents et par le passage du Gulf Stream. En raison de l&#8217;influence marine, les temp\u00e9ratures restent douces toute l&#8217;ann\u00e9e. Les temp\u00e9ratures diurnes oscillent normalement entre 16 et 25 \u00b0C selon la saison. Les temp\u00e9ratures sup\u00e9rieures \u00e0 30 \u00b0C ou inf\u00e9rieures \u00e0 3 \u00b0C sont inconnues dans les principales agglom\u00e9rations. Le temps est \u00e9galement g\u00e9n\u00e9ralement humide et nuageux.<\/p>\n","protected":false},"excerpt":{"rendered":"<p>Carte des A\u00e7ores, officiellement la r\u00e9gion autonome des A\u00e7ores (Regi\u00e3o Aut\u00f3noma dos A\u00e7ores), l&#8217;une des deux r\u00e9gions autonomes du Portugal (avec Mad\u00e8re). <\/p>\n","protected":false},"author":1,"featured_media":46041,"template":"","categoria_ficha":[132],"class_list":["post-46040","ficha","type-ficha","status-publish","has-post-thumbnail","hentry","categoria_ficha-cartes-du-portugal"],"acf":[],"_links":{"self":[{"href":"https:\/\/gifex.com\/fr\/wp-json\/wp\/v2\/ficha\/46040","targetHints":{"allow":["GET"]}}],"collection":[{"href":"https:\/\/gifex.com\/fr\/wp-json\/wp\/v2\/ficha"}],"about":[{"href":"https:\/\/gifex.com\/fr\/wp-json\/wp\/v2\/types\/ficha"}],"author":[{"embeddable":true,"href":"https:\/\/gifex.com\/fr\/wp-json\/wp\/v2\/users\/1"}],"version-history":[{"count":3,"href":"https:\/\/gifex.com\/fr\/wp-json\/wp\/v2\/ficha\/46040\/revisions"}],"predecessor-version":[{"id":46046,"href":"https:\/\/gifex.com\/fr\/wp-json\/wp\/v2\/ficha\/46040\/revisions\/46046"}],"wp:featuredmedia":[{"embeddable":true,"href":"https:\/\/gifex.com\/fr\/wp-json\/wp\/v2\/media\/46041"}],"wp:attachment":[{"href":"https:\/\/gifex.com\/fr\/wp-json\/wp\/v2\/media?parent=46040"}],"wp:term":[{"taxonomy":"categoria_ficha","embeddable":true,"href":"https:\/\/gifex.com\/fr\/wp-json\/wp\/v2\/categoria_ficha?post=46040"}],"curies":[{"name":"wp","href":"https:\/\/api.w.org\/{rel}","templated":true}]}}

Carte des Açores dans l&#8217;Atlantique Nord

<p>Carte des Açores, officiellement la région autonome des Açores (Região Autónoma dos Açores), l&#8217;une des deux régions autonomes du Portugal (avec Madère). Il s&#8217;agit d&#8217;un archipel composé de neuf îles volcaniques situées dans la région de Macaronésie de l&#8217;océan Atlantique Nord, à environ 1 400 km à l&#8217;ouest de Lisbonne, à environ 1 500 km au nord-ouest du Maroc et à environ 1 930 km au sud-est de Terre-Neuve, au Canada.</p>
<figure id="attachment_46042" aria-describedby="caption-attachment-46042" style="width: 360px" class="wp-caption alignright"><a href="https://gifex.com/fr/wp-content/uploads/46040/Carte-de-localisation-des-Acores-dans-l-ocean-Atlantique.png" target="_blank" rel="noopener"><img fetchpriority="high" decoding="async" class="wp-image-46042" title="Carte de localisation des Açores dans l'océan Atlantique." src="https://gifex.com/fr/wp-content/uploads/46040/Carte-de-localisation-des-Acores-dans-l-ocean-Atlantique-300x165.png" alt="Carte de localisation des Açores dans l'océan Atlantique." width="360" height="198" srcset="https://gifex.com/fr/wp-content/uploads/46040/Carte-de-localisation-des-Acores-dans-l-ocean-Atlantique-300x165.png 300w, https://gifex.com/fr/wp-content/uploads/46040/Carte-de-localisation-des-Acores-dans-l-ocean-Atlantique-1024x564.png 1024w, https://gifex.com/fr/wp-content/uploads/46040/Carte-de-localisation-des-Acores-dans-l-ocean-Atlantique-768x423.png 768w, https://gifex.com/fr/wp-content/uploads/46040/Carte-de-localisation-des-Acores-dans-l-ocean-Atlantique-1536x846.png 1536w, https://gifex.com/fr/wp-content/uploads/46040/Carte-de-localisation-des-Acores-dans-l-ocean-Atlantique-2048x1128.png 2048w, https://gifex.com/fr/wp-content/uploads/46040/Carte-de-localisation-des-Acores-dans-l-ocean-Atlantique-1600x881.png 1600w" sizes="(max-width: 360px) 100vw, 360px" /></a><figcaption id="caption-attachment-46042" class="wp-caption-text"><label style="font-size: 15px;">Carte de localisation des Açores dans l&#8217;océan Atlantique.</label></figcaption></figure>
<ul>
<li>En 2021, les Açores avait une population de 236 440</li>
<li>et une superficie de 2 333 km²</li>
<li>La capitale et plus grande ville de la région autonome est Ponta Delgada</li>
</ul>
<p>Ses principales industries sont l&#8217;agriculture, l&#8217;élevage laitier, l&#8217;élevage, la pêche et le tourisme, qui est devenu une activité de services majeure dans la région. Au 20<sup>ème</sup> siècle et dans une certaine mesure au 21<sup>ème</sup>, elles ont servi de point de passage pour le ravitaillement des avions volant entre l&#8217;Europe et l&#8217;Amérique du Nord. Le gouvernement des Açores emploie un pourcentage important de la population directement ou indirectement dans les secteurs des services et du tertiaire. La plus grande ville des Açores est Ponta Delgada. La culture, le dialecte, la cuisine et les traditions des îles des Açores varient considérablement, car ces îles isolées ont été colonisées sporadiquement sur une période de deux siècles.</p>
<figure id="attachment_46043" aria-describedby="caption-attachment-46043" style="width: 360px" class="wp-caption alignright"><a href="https://gifex.com/fr/wp-content/uploads/46040/Image-satellite-des-Acores.jpg" target="_blank" rel="noopener"><img decoding="async" class="wp-image-46043" title="Image satellite des Açores." src="https://gifex.com/fr/wp-content/uploads/46040/Image-satellite-des-Acores-300x225.jpg" alt="Image satellite des Açores." width="360" height="270" srcset="https://gifex.com/fr/wp-content/uploads/46040/Image-satellite-des-Acores-300x225.jpg 300w, https://gifex.com/fr/wp-content/uploads/46040/Image-satellite-des-Acores-1024x768.jpg 1024w, https://gifex.com/fr/wp-content/uploads/46040/Image-satellite-des-Acores-768x576.jpg 768w, https://gifex.com/fr/wp-content/uploads/46040/Image-satellite-des-Acores-1536x1152.jpg 1536w, https://gifex.com/fr/wp-content/uploads/46040/Image-satellite-des-Acores-800x600.jpg 800w, https://gifex.com/fr/wp-content/uploads/46040/Image-satellite-des-Acores.jpg 1600w" sizes="(max-width: 360px) 100vw, 360px" /></a><figcaption id="caption-attachment-46043" class="wp-caption-text"><label style="font-size: 15px;">Image satellite des Açores.</label></figcaption></figure>
<p data-wp-editing="1">Il existe neuf îles principales des Açores et un groupe d&#8217;îlots, répartis en trois groupes principaux. Ce sont Flores et Corvo, à l&#8217;ouest ; Graciosa, Terceira, São Jorge, Pico et Faial au centre ; et São Miguel, Santa Maria et les îlots Formigas à l&#8217;est. Ils s&#8217;étendent sur plus de 600 km et s&#8217;étendent dans une direction nord-ouest-sud-est. Toutes les îles ont des origines volcaniques, même si certaines, comme Santa Maria, n&#8217;ont eu aucune activité enregistrée depuis que les îles ont été colonisées il y a plusieurs siècles. Le mont Pico, sur l&#8217;île de Pico, est le point culminant du Portugal, culminant à 2 351 m. Si l&#8217;on mesure leur base au fond de l&#8217;océan jusqu&#8217;à leurs sommets, les Açores comptent parmi les plus hautes montagnes de la planète.</p>
<p>Les Açores sont situées à la limite sismiquement active de la plaque à triple jonction des Açores, là où se rencontrent la plaque nord-américaine, la plaque eurasienne et la plaque africaine.</p>
<p>Le climat des Açores est très doux pour une région aussi septentrionale, influencé par l&#8217;éloignement des continents et par le passage du Gulf Stream. En raison de l&#8217;influence marine, les températures restent douces toute l&#8217;année. Les températures diurnes oscillent normalement entre 16 et 25 °C selon la saison. Les températures supérieures à 30 °C ou inférieures à 3 °C sont inconnues dans les principales agglomérations. Le temps est également généralement humide et nuageux.</p>

<p>Carte des Açores, officiellement la région autonome des Açores (Região Autónoma dos Açores), l&#8217;une des deux régions autonomes du Portugal (avec Madère). </p>
