{"id":46021,"date":"2024-04-13T22:56:35","date_gmt":"2024-04-13T22:56:35","guid":{"rendered":"https:\/\/gifex.com\/fr\/?post_type=ficha&#038;p=46021"},"modified":"2024-04-13T22:56:35","modified_gmt":"2024-04-13T22:56:35","slug":"carte-routiere-du-portugal-de-1943","status":"publish","type":"ficha","link":"https:\/\/gifex.com\/fr\/fichier\/carte-routiere-du-portugal-de-1943\/","title":{"rendered":"Carte routi\u00e8re du Portugal de 1943"},"content":{"rendered":"<p>Carte routi\u00e8re du Portugal de 1943, copi\u00e9e de la carte Foldex dat\u00e9e de 1939, publi\u00e9e et pr\u00e9par\u00e9e par la section g\u00e9ographique de l&#8217;\u00e9tat-major, num\u00e9ro 4352, Bureau de la Guerre en 1942, premi\u00e8re \u00e9dition par le service cartographique de l&#8217;arm\u00e9e am\u00e9ricaine, Washington, D.C. 116288.<\/p>\n","protected":false},"excerpt":{"rendered":"<p>Carte routi\u00e8re du Portugal de 1943, copi\u00e9e de la carte Foldex dat\u00e9e de 1939, publi\u00e9e et pr\u00e9par\u00e9e par la section g\u00e9ographique de l&#8217;\u00e9tat-major, num\u00e9ro 4352 &#8230;<\/p>\n","protected":false},"author":1,"featured_media":46022,"template":"","categoria_ficha":[132],"class_list":["post-46021","ficha","type-ficha","status-publish","has-post-thumbnail","hentry","categoria_ficha-cartes-du-portugal"],"acf":[],"_links":{"self":[{"href":"https:\/\/gifex.com\/fr\/wp-json\/wp\/v2\/ficha\/46021","targetHints":{"allow":["GET"]}}],"collection":[{"href":"https:\/\/gifex.com\/fr\/wp-json\/wp\/v2\/ficha"}],"about":[{"href":"https:\/\/gifex.com\/fr\/wp-json\/wp\/v2\/types\/ficha"}],"author":[{"embeddable":true,"href":"https:\/\/gifex.com\/fr\/wp-json\/wp\/v2\/users\/1"}],"version-history":[{"count":1,"href":"https:\/\/gifex.com\/fr\/wp-json\/wp\/v2\/ficha\/46021\/revisions"}],"predecessor-version":[{"id":46023,"href":"https:\/\/gifex.com\/fr\/wp-json\/wp\/v2\/ficha\/46021\/revisions\/46023"}],"wp:featuredmedia":[{"embeddable":true,"href":"https:\/\/gifex.com\/fr\/wp-json\/wp\/v2\/media\/46022"}],"wp:attachment":[{"href":"https:\/\/gifex.com\/fr\/wp-json\/wp\/v2\/media?parent=46021"}],"wp:term":[{"taxonomy":"categoria_ficha","embeddable":true,"href":"https:\/\/gifex.com\/fr\/wp-json\/wp\/v2\/categoria_ficha?post=46021"}],"curies":[{"name":"wp","href":"https:\/\/api.w.org\/{rel}","templated":true}]}}

Carte routière du Portugal de 1943

<p>Carte routière du Portugal de 1943, copiée de la carte Foldex datée de 1939, publiée et préparée par la section géographique de l&#8217;état-major, numéro 4352, Bureau de la Guerre en 1942, première édition par le service cartographique de l&#8217;armée américaine, Washington, D.C. 116288.</p>

<p>Carte routière du Portugal de 1943, copiée de la carte Foldex datée de 1939, publiée et préparée par la section géographique de l&#8217;état-major, numéro 4352 &#8230;</p>
