{"id":45865,"date":"2024-04-08T02:04:34","date_gmt":"2024-04-08T02:04:34","guid":{"rendered":"https:\/\/gifex.com\/fr\/?post_type=ficha&#038;p=45865"},"modified":"2024-04-08T02:04:34","modified_gmt":"2024-04-08T02:04:34","slug":"carte-geologique-des-pays-bas","status":"publish","type":"ficha","link":"https:\/\/gifex.com\/fr\/fichier\/carte-geologique-des-pays-bas\/","title":{"rendered":"Carte g\u00e9ologique des Pays-Bas"},"content":{"rendered":"<p style=\"text-align: center;\"><label style=\"font-size: 15px;\">Carte g\u00e9ologique de surface des Pays-Bas. Les d\u00e9p\u00f4ts plus anciens comprennent des d\u00e9p\u00f4ts non consolid\u00e9s du N\u00e9og\u00e8ne et du Pal\u00e9og\u00e8ne ainsi que des calcaires, gr\u00e8s et schistes m\u00e9sozo\u00efques et carbonif\u00e8res. Modifi\u00e9 d&#8217;apr\u00e8s Schokker (2010). RF : faille de Rijen ; VF : faille de Veldhoven ; PBF : faille de limite de Peel ; FBF : faille Feldbiss ; RVG : Graben de la vall\u00e9e de la Roer.<\/label><\/p>\n<p>La g\u00e9ologie des Pays-Bas d\u00e9crit la s\u00e9quence g\u00e9ologique des Pays-Bas. De grandes parties des Pays-Bas se trouvent aujourd&#8217;hui sous le niveau de la mer et ont \u00e9t\u00e9 recouvertes par la mer ou inond\u00e9es \u00e0 intervalles r\u00e9guliers. Les Pays-Bas modernes se sont form\u00e9s \u00e0 la suite de l\u2019interaction des quatre principaux fleuves (Rhin, Meuse, Escaut et IJssel) et de l\u2019influence de la mer du Nord et des glaciers pendant les p\u00e9riodes glaciaires. Les Pays-Bas sont principalement compos\u00e9s de s\u00e9diments delta\u00efques, c\u00f4tiers et \u00e9oliens provenant des p\u00e9riodes glaciaires et interglaciaires du Pl\u00e9istoc\u00e8ne.<\/p>\n<p>La quasi-totalit\u00e9 de l\u2019ouest des Pays-Bas est constitu\u00e9e de l\u2019estuaire Rhin-Meuse, mais l\u2019intervention humaine a consid\u00e9rablement modifi\u00e9 les processus naturels \u00e0 l\u2019\u0153uvre. La majeure partie de l&#8217;ouest des Pays-Bas se trouve en dessous du niveau de la mer en raison de la gestion humaine de l&#8217;eau, l&#8217;abaissement du niveau de l&#8217;eau par les moulins \u00e0 vent entra\u00eenant un affaissement du sol (principalement tourbeux), entra\u00eenant une baisse du niveau de l&#8217;eau.<\/p>\n<p>Dans l&#8217;est des Pays-Bas, on trouve des vestiges de la glaciation saalienne, qui a pris fin il y a environ 130 000 ans. \u00c0 mesure que la calotte glaciaire continentale avan\u00e7ait du nord, elle poussait la moraine vers l&#8217;avant. La calotte glaciaire s&#8217;est arr\u00eat\u00e9e alors qu&#8217;elle recouvrait la moiti\u00e9 orientale des Pays-Bas. Apr\u00e8s la fin de la p\u00e9riode glaciaire, la moraine est rest\u00e9e sous la forme d\u2019une longue ligne de collines. Les villes d&#8217;Arnhem et de Nim\u00e8gue sont b\u00e2ties sur ces collines.<\/p>\n","protected":false},"excerpt":{"rendered":"<p>Carte g\u00e9ologique de surface des Pays-Bas. Les d\u00e9p\u00f4ts plus anciens comprennent des d\u00e9p\u00f4ts non consolid\u00e9s du N\u00e9og\u00e8ne et du Pal\u00e9og\u00e8ne ainsi que des calcaires, gr\u00e8s<\/p>\n","protected":false},"author":1,"featured_media":45866,"template":"","categoria_ficha":[131],"class_list":["post-45865","ficha","type-ficha","status-publish","has-post-thumbnail","hentry","categoria_ficha-cartes-des-pays-bas"],"acf":[],"_links":{"self":[{"href":"https:\/\/gifex.com\/fr\/wp-json\/wp\/v2\/ficha\/45865","targetHints":{"allow":["GET"]}}],"collection":[{"href":"https:\/\/gifex.com\/fr\/wp-json\/wp\/v2\/ficha"}],"about":[{"href":"https:\/\/gifex.com\/fr\/wp-json\/wp\/v2\/types\/ficha"}],"author":[{"embeddable":true,"href":"https:\/\/gifex.com\/fr\/wp-json\/wp\/v2\/users\/1"}],"version-history":[{"count":2,"href":"https:\/\/gifex.com\/fr\/wp-json\/wp\/v2\/ficha\/45865\/revisions"}],"predecessor-version":[{"id":45884,"href":"https:\/\/gifex.com\/fr\/wp-json\/wp\/v2\/ficha\/45865\/revisions\/45884"}],"wp:featuredmedia":[{"embeddable":true,"href":"https:\/\/gifex.com\/fr\/wp-json\/wp\/v2\/media\/45866"}],"wp:attachment":[{"href":"https:\/\/gifex.com\/fr\/wp-json\/wp\/v2\/media?parent=45865"}],"wp:term":[{"taxonomy":"categoria_ficha","embeddable":true,"href":"https:\/\/gifex.com\/fr\/wp-json\/wp\/v2\/categoria_ficha?post=45865"}],"curies":[{"name":"wp","href":"https:\/\/api.w.org\/{rel}","templated":true}]}}

Carte géologique des Pays-Bas

<p style="text-align: center;"><label style="font-size: 15px;">Carte géologique de surface des Pays-Bas. Les dépôts plus anciens comprennent des dépôts non consolidés du Néogène et du Paléogène ainsi que des calcaires, grès et schistes mésozoïques et carbonifères. Modifié d&#8217;après Schokker (2010). RF : faille de Rijen ; VF : faille de Veldhoven ; PBF : faille de limite de Peel ; FBF : faille Feldbiss ; RVG : Graben de la vallée de la Roer.</label></p>
<p>La géologie des Pays-Bas décrit la séquence géologique des Pays-Bas. De grandes parties des Pays-Bas se trouvent aujourd&#8217;hui sous le niveau de la mer et ont été recouvertes par la mer ou inondées à intervalles réguliers. Les Pays-Bas modernes se sont formés à la suite de l’interaction des quatre principaux fleuves (Rhin, Meuse, Escaut et IJssel) et de l’influence de la mer du Nord et des glaciers pendant les périodes glaciaires. Les Pays-Bas sont principalement composés de sédiments deltaïques, côtiers et éoliens provenant des périodes glaciaires et interglaciaires du Pléistocène.</p>
<p>La quasi-totalité de l’ouest des Pays-Bas est constituée de l’estuaire Rhin-Meuse, mais l’intervention humaine a considérablement modifié les processus naturels à l’œuvre. La majeure partie de l&#8217;ouest des Pays-Bas se trouve en dessous du niveau de la mer en raison de la gestion humaine de l&#8217;eau, l&#8217;abaissement du niveau de l&#8217;eau par les moulins à vent entraînant un affaissement du sol (principalement tourbeux), entraînant une baisse du niveau de l&#8217;eau.</p>
<p>Dans l&#8217;est des Pays-Bas, on trouve des vestiges de la glaciation saalienne, qui a pris fin il y a environ 130 000 ans. À mesure que la calotte glaciaire continentale avançait du nord, elle poussait la moraine vers l&#8217;avant. La calotte glaciaire s&#8217;est arrêtée alors qu&#8217;elle recouvrait la moitié orientale des Pays-Bas. Après la fin de la période glaciaire, la moraine est restée sous la forme d’une longue ligne de collines. Les villes d&#8217;Arnhem et de Nimègue sont bâties sur ces collines.</p>

<p>Carte géologique de surface des Pays-Bas. Les dépôts plus anciens comprennent des dépôts non consolidés du Néogène et du Paléogène ainsi que des calcaires, grès</p>
