{"id":45767,"date":"2024-04-05T18:27:29","date_gmt":"2024-04-05T18:27:29","guid":{"rendered":"https:\/\/gifex.com\/fr\/?post_type=ficha&#038;p=45767"},"modified":"2024-04-05T18:27:29","modified_gmt":"2024-04-05T18:27:29","slug":"armoiries-du-montenegro","status":"publish","type":"ficha","link":"https:\/\/gifex.com\/fr\/fichier\/armoiries-du-montenegro\/","title":{"rendered":"Armoiries du Mont\u00e9n\u00e9gro"},"content":{"rendered":"<p>Les armoiries du Mont\u00e9n\u00e9gro (mont\u00e9n\u00e9grin : \u0433\u0440\u0431 \u0426\u0440\u043d\u0435 \u0413\u043e\u0440\u0435, romanis\u00e9 : grb Crne Gore) ont \u00e9t\u00e9 officiellement adopt\u00e9es par la loi adopt\u00e9e au Parlement le 12 juillet 2004. C&#8217;est d\u00e9sormais le motif central du drapeau du Mont\u00e9n\u00e9gro, ainsi que le armoiries des forces arm\u00e9es du Mont\u00e9n\u00e9gro. Elles ont \u00e9t\u00e9 constitutionnellement consacr\u00e9es par la Constitution proclam\u00e9e le 2 octobre 2007.<\/p>\n<p><strong>Description<\/strong><\/p>\n<p>L&#8217;\u00e9cu est form\u00e9 d&#8217;un aigle bic\u00e9phale d&#8217;or, avec bec et griffes du m\u00eame m\u00e9tal et linguade de gueules. L&#8217;aigle tient sur sa poitrine un blason li\u00e9 \u00e0 la maison Petrovitch-Njegos, c&#8217;est un champ divis\u00e9 par une bande d&#8217;or. Dans sa cloison sup\u00e9rieure, qui est plus grande, en azur, traverse un lion d&#8217;or ; celui du bas, de sinople. L&#8217;aigle tient dans ses griffes un sceptre d&#8217;or et un orbe d&#8217;azur, avec son \u00e9quateur et son semi-m\u00e9ridien d&#8217;or, surmont\u00e9s d&#8217;une croix du m\u00eame m\u00e9tal. Au-dessus des t\u00eates de l&#8217;aigle, une couronne royale ferm\u00e9e en or.<\/p>\n","protected":false},"excerpt":{"rendered":"<p>Les armoiries du Mont\u00e9n\u00e9gro (mont\u00e9n\u00e9grin : \u0433\u0440\u0431 \u0426\u0440\u043d\u0435 \u0413\u043e\u0440\u0435, romanis\u00e9 : grb Crne Gore) ont \u00e9t\u00e9 officiellement adopt\u00e9es par la loi adopt\u00e9e au Parlement le 12 &#8230;<\/p>\n","protected":false},"author":1,"featured_media":45768,"template":"","categoria_ficha":[129],"class_list":["post-45767","ficha","type-ficha","status-publish","has-post-thumbnail","hentry","categoria_ficha-cartes-du-montenegro"],"acf":[],"_links":{"self":[{"href":"https:\/\/gifex.com\/fr\/wp-json\/wp\/v2\/ficha\/45767","targetHints":{"allow":["GET"]}}],"collection":[{"href":"https:\/\/gifex.com\/fr\/wp-json\/wp\/v2\/ficha"}],"about":[{"href":"https:\/\/gifex.com\/fr\/wp-json\/wp\/v2\/types\/ficha"}],"author":[{"embeddable":true,"href":"https:\/\/gifex.com\/fr\/wp-json\/wp\/v2\/users\/1"}],"version-history":[{"count":1,"href":"https:\/\/gifex.com\/fr\/wp-json\/wp\/v2\/ficha\/45767\/revisions"}],"predecessor-version":[{"id":45776,"href":"https:\/\/gifex.com\/fr\/wp-json\/wp\/v2\/ficha\/45767\/revisions\/45776"}],"wp:featuredmedia":[{"embeddable":true,"href":"https:\/\/gifex.com\/fr\/wp-json\/wp\/v2\/media\/45768"}],"wp:attachment":[{"href":"https:\/\/gifex.com\/fr\/wp-json\/wp\/v2\/media?parent=45767"}],"wp:term":[{"taxonomy":"categoria_ficha","embeddable":true,"href":"https:\/\/gifex.com\/fr\/wp-json\/wp\/v2\/categoria_ficha?post=45767"}],"curies":[{"name":"wp","href":"https:\/\/api.w.org\/{rel}","templated":true}]}}

Armoiries du Monténégro

<p>Les armoiries du Monténégro (monténégrin : грб Црне Горе, romanisé : grb Crne Gore) ont été officiellement adoptées par la loi adoptée au Parlement le 12 juillet 2004. C&#8217;est désormais le motif central du drapeau du Monténégro, ainsi que le armoiries des forces armées du Monténégro. Elles ont été constitutionnellement consacrées par la Constitution proclamée le 2 octobre 2007.</p>
<p><strong>Description</strong></p>
<p>L&#8217;écu est formé d&#8217;un aigle bicéphale d&#8217;or, avec bec et griffes du même métal et linguade de gueules. L&#8217;aigle tient sur sa poitrine un blason lié à la maison Petrovitch-Njegos, c&#8217;est un champ divisé par une bande d&#8217;or. Dans sa cloison supérieure, qui est plus grande, en azur, traverse un lion d&#8217;or ; celui du bas, de sinople. L&#8217;aigle tient dans ses griffes un sceptre d&#8217;or et un orbe d&#8217;azur, avec son équateur et son semi-méridien d&#8217;or, surmontés d&#8217;une croix du même métal. Au-dessus des têtes de l&#8217;aigle, une couronne royale fermée en or.</p>

<p>Les armoiries du Monténégro (monténégrin : грб Црне Горе, romanisé : grb Crne Gore) ont été officiellement adoptées par la loi adoptée au Parlement le 12 &#8230;</p>
