{"id":45701,"date":"2024-04-03T19:33:31","date_gmt":"2024-04-03T19:33:31","guid":{"rendered":"https:\/\/gifex.com\/fr\/?post_type=ficha&#038;p=45701"},"modified":"2024-04-03T19:33:31","modified_gmt":"2024-04-03T19:33:31","slug":"carte-physique-de-malte","status":"publish","type":"ficha","link":"https:\/\/gifex.com\/fr\/fichier\/carte-physique-de-malte\/","title":{"rendered":"Carte physique de Malte"},"content":{"rendered":"<p>Carte physique de Malte, un archipel de la M\u00e9diterran\u00e9e centrale (dans son bassin oriental), \u00e0 environ 80 km du sud de l&#8217;Italie, de l&#8217;autre c\u00f4t\u00e9 du canal de Malte. Seules les quatre plus grandes \u00eeles \u2013 Malte, Gozo, Comino et Manoel \u2013 sont habit\u00e9es quatre autres sont inhabit\u00e9es : Cominotto (Kemmunett en maltais et Cominotto en anglais), Filfla, Filfoletta et les deux \u00eeles de Saint-Paul (G\u017czejjer ta\u2019 San Pawl). Les \u00eeles de l&#8217;archipel se trouvent sur le plateau de Malte, un plateau peu profond form\u00e9 des points culminants d&#8217;un pont terrestre entre la Sicile et l&#8217;Afrique du Nord qui s&#8217;est isol\u00e9 \u00e0 mesure que le niveau de la mer montait apr\u00e8s la derni\u00e8re p\u00e9riode glaciaire. L&#8217;archipel est situ\u00e9 sur la plaque tectonique africaine. Malte a \u00e9t\u00e9 consid\u00e9r\u00e9e pendant des si\u00e8cles comme une \u00eele d\u2019Afrique du Nord.<\/p>\n<figure id=\"attachment_45705\" aria-describedby=\"caption-attachment-45705\" style=\"width: 360px\" class=\"wp-caption alignright\"><a href=\"https:\/\/gifex.com\/fr\/wp-content\/uploads\/45701\/Carte-en-relief-ombre-de-Malte.png\" target=\"_blank\" rel=\"noopener\"><img fetchpriority=\"high\" decoding=\"async\" class=\"wp-image-45705\" title=\"Carte en relief ombr\u00e9 de Malte.\" src=\"https:\/\/gifex.com\/fr\/wp-content\/uploads\/45701\/Carte-en-relief-ombre-de-Malte-275x300.png\" alt=\"Carte en relief ombr\u00e9 de Malte.\" width=\"360\" height=\"393\" srcset=\"https:\/\/gifex.com\/fr\/wp-content\/uploads\/45701\/Carte-en-relief-ombre-de-Malte-275x300.png 275w, https:\/\/gifex.com\/fr\/wp-content\/uploads\/45701\/Carte-en-relief-ombre-de-Malte-939x1024.png 939w, https:\/\/gifex.com\/fr\/wp-content\/uploads\/45701\/Carte-en-relief-ombre-de-Malte-768x838.png 768w, https:\/\/gifex.com\/fr\/wp-content\/uploads\/45701\/Carte-en-relief-ombre-de-Malte-300x327.png 300w, https:\/\/gifex.com\/fr\/wp-content\/uploads\/45701\/Carte-en-relief-ombre-de-Malte.png 1000w\" sizes=\"(max-width: 360px) 100vw, 360px\" \/><\/a><figcaption id=\"caption-attachment-45705\" class=\"wp-caption-text\"><label style=\"font-size: 15px;\">Carte en relief ombr\u00e9 de Malte.<\/label><\/figcaption><\/figure>\n<p>De nombreuses baies le long de la c\u00f4te d\u00e9coup\u00e9e des \u00eeles constituent de bons ports. Le paysage se compose de basses collines avec des champs en terrasses. Le point culminant de Malte est Ta&#8217; Dmejrek, \u00e0 253 m, pr\u00e8s de Dingli. Bien qu&#8217;il y ait quelques petites rivi\u00e8res en p\u00e9riode de fortes pr\u00e9cipitations, il n&#8217;y a pas de rivi\u00e8res ou de lacs permanents \u00e0 Malte. Cependant, certains cours d&#8217;eau disposent d&#8217;eau douce toute l&#8217;ann\u00e9e \u00e0 Ba\u0127rija pr\u00e8s de Ras ir-Ra\u0127eb, \u00e0 l-Imta\u0127leb et San Martin et dans la vall\u00e9e de Lunzjata \u00e0 Gozo.<\/p>\n<p>Sur le plan phytog\u00e9ographique, Malte appartient \u00e0 la province liguro-tyrrh\u00e9nienne de la r\u00e9gion m\u00e9diterran\u00e9enne du royaume bor\u00e9al. Selon le WWF, le territoire de Malte appartient \u00e0 l&#8217;\u00e9cor\u00e9gion terrestre des for\u00eats scl\u00e9rophylles et mixtes tyrrh\u00e9niennes-adriatiques.<\/p>\n","protected":false},"excerpt":{"rendered":"<p>Carte physique de Malte, un archipel de la M\u00e9diterran\u00e9e centrale (dans son bassin oriental), \u00e0 environ 80 km du sud de l&#8217;Italie, de l&#8217;autre c\u00f4t\u00e9 du canal de &#8230;<\/p>\n","protected":false},"author":1,"featured_media":45702,"template":"","categoria_ficha":[126],"class_list":["post-45701","ficha","type-ficha","status-publish","has-post-thumbnail","hentry","categoria_ficha-cartes-de-malte"],"acf":[],"_links":{"self":[{"href":"https:\/\/gifex.com\/fr\/wp-json\/wp\/v2\/ficha\/45701","targetHints":{"allow":["GET"]}}],"collection":[{"href":"https:\/\/gifex.com\/fr\/wp-json\/wp\/v2\/ficha"}],"about":[{"href":"https:\/\/gifex.com\/fr\/wp-json\/wp\/v2\/types\/ficha"}],"author":[{"embeddable":true,"href":"https:\/\/gifex.com\/fr\/wp-json\/wp\/v2\/users\/1"}],"version-history":[{"count":2,"href":"https:\/\/gifex.com\/fr\/wp-json\/wp\/v2\/ficha\/45701\/revisions"}],"predecessor-version":[{"id":45708,"href":"https:\/\/gifex.com\/fr\/wp-json\/wp\/v2\/ficha\/45701\/revisions\/45708"}],"wp:featuredmedia":[{"embeddable":true,"href":"https:\/\/gifex.com\/fr\/wp-json\/wp\/v2\/media\/45702"}],"wp:attachment":[{"href":"https:\/\/gifex.com\/fr\/wp-json\/wp\/v2\/media?parent=45701"}],"wp:term":[{"taxonomy":"categoria_ficha","embeddable":true,"href":"https:\/\/gifex.com\/fr\/wp-json\/wp\/v2\/categoria_ficha?post=45701"}],"curies":[{"name":"wp","href":"https:\/\/api.w.org\/{rel}","templated":true}]}}

<p>Carte physique de Malte, un archipel de la Méditerranée centrale (dans son bassin oriental), à environ 80 km du sud de l&#8217;Italie, de l&#8217;autre côté du canal de Malte. Seules les quatre plus grandes îles – Malte, Gozo, Comino et Manoel – sont habitées quatre autres sont inhabitées : Cominotto (Kemmunett en maltais et Cominotto en anglais), Filfla, Filfoletta et les deux îles de Saint-Paul (Gżzejjer ta’ San Pawl). Les îles de l&#8217;archipel se trouvent sur le plateau de Malte, un plateau peu profond formé des points culminants d&#8217;un pont terrestre entre la Sicile et l&#8217;Afrique du Nord qui s&#8217;est isolé à mesure que le niveau de la mer montait après la dernière période glaciaire. L&#8217;archipel est situé sur la plaque tectonique africaine. Malte a été considérée pendant des siècles comme une île d’Afrique du Nord.</p>
<figure id="attachment_45705" aria-describedby="caption-attachment-45705" style="width: 360px" class="wp-caption alignright"><a href="https://gifex.com/fr/wp-content/uploads/45701/Carte-en-relief-ombre-de-Malte.png" target="_blank" rel="noopener"><img fetchpriority="high" decoding="async" class="wp-image-45705" title="Carte en relief ombré de Malte." src="https://gifex.com/fr/wp-content/uploads/45701/Carte-en-relief-ombre-de-Malte-275x300.png" alt="Carte en relief ombré de Malte." width="360" height="393" srcset="https://gifex.com/fr/wp-content/uploads/45701/Carte-en-relief-ombre-de-Malte-275x300.png 275w, https://gifex.com/fr/wp-content/uploads/45701/Carte-en-relief-ombre-de-Malte-939x1024.png 939w, https://gifex.com/fr/wp-content/uploads/45701/Carte-en-relief-ombre-de-Malte-768x838.png 768w, https://gifex.com/fr/wp-content/uploads/45701/Carte-en-relief-ombre-de-Malte-300x327.png 300w, https://gifex.com/fr/wp-content/uploads/45701/Carte-en-relief-ombre-de-Malte.png 1000w" sizes="(max-width: 360px) 100vw, 360px" /></a><figcaption id="caption-attachment-45705" class="wp-caption-text"><label style="font-size: 15px;">Carte en relief ombré de Malte.</label></figcaption></figure>
<p>De nombreuses baies le long de la côte découpée des îles constituent de bons ports. Le paysage se compose de basses collines avec des champs en terrasses. Le point culminant de Malte est Ta&#8217; Dmejrek, à 253 m, près de Dingli. Bien qu&#8217;il y ait quelques petites rivières en période de fortes précipitations, il n&#8217;y a pas de rivières ou de lacs permanents à Malte. Cependant, certains cours d&#8217;eau disposent d&#8217;eau douce toute l&#8217;année à Baħrija près de Ras ir-Raħeb, à l-Imtaħleb et San Martin et dans la vallée de Lunzjata à Gozo.</p>
<p>Sur le plan phytogéographique, Malte appartient à la province liguro-tyrrhénienne de la région méditerranéenne du royaume boréal. Selon le WWF, le territoire de Malte appartient à l&#8217;écorégion terrestre des forêts sclérophylles et mixtes tyrrhéniennes-adriatiques.</p>

<p>Carte physique de Malte, un archipel de la Méditerranée centrale (dans son bassin oriental), à environ 80 km du sud de l&#8217;Italie, de l&#8217;autre côté du canal de &#8230;</p>
