{"id":45631,"date":"2024-04-02T20:13:22","date_gmt":"2024-04-02T20:13:22","guid":{"rendered":"https:\/\/gifex.com\/fr\/?post_type=ficha&#038;p=45631"},"modified":"2024-04-02T20:13:22","modified_gmt":"2024-04-02T20:13:22","slug":"drapeau-de-la-macedoine-du-nord","status":"publish","type":"ficha","link":"https:\/\/gifex.com\/fr\/fichier\/drapeau-de-la-macedoine-du-nord\/","title":{"rendered":"Drapeau de la Mac\u00e9doine du Nord"},"content":{"rendered":"<p>Le drapeau de la Mac\u00e9doine du Nord est constitu\u00e9 d&#8217;un soleil jaune (le Soleil de la Libert\u00e9) avec huit rayons \u00e9largis s&#8217;\u00e9tendant jusqu&#8217;aux bords du champ rouge ; les couleurs rouge et jaune ont longtemps \u00e9t\u00e9 associ\u00e9es \u00e0 la Mac\u00e9doine.<\/p>\n","protected":false},"excerpt":{"rendered":"<p>Le drapeau de la Mac\u00e9doine du Nord est constitu\u00e9 d&#8217;un soleil jaune (le Soleil de la Libert\u00e9) avec huit rayons \u00e9largis s&#8217;\u00e9tendant jusqu&#8217;aux bords du champ rouge <\/p>\n","protected":false},"author":1,"featured_media":45634,"template":"","categoria_ficha":[99],"class_list":["post-45631","ficha","type-ficha","status-publish","has-post-thumbnail","hentry","categoria_ficha-cartes-de-la-macedoine-du-nord"],"acf":[],"_links":{"self":[{"href":"https:\/\/gifex.com\/fr\/wp-json\/wp\/v2\/ficha\/45631","targetHints":{"allow":["GET"]}}],"collection":[{"href":"https:\/\/gifex.com\/fr\/wp-json\/wp\/v2\/ficha"}],"about":[{"href":"https:\/\/gifex.com\/fr\/wp-json\/wp\/v2\/types\/ficha"}],"author":[{"embeddable":true,"href":"https:\/\/gifex.com\/fr\/wp-json\/wp\/v2\/users\/1"}],"version-history":[{"count":1,"href":"https:\/\/gifex.com\/fr\/wp-json\/wp\/v2\/ficha\/45631\/revisions"}],"predecessor-version":[{"id":45647,"href":"https:\/\/gifex.com\/fr\/wp-json\/wp\/v2\/ficha\/45631\/revisions\/45647"}],"wp:featuredmedia":[{"embeddable":true,"href":"https:\/\/gifex.com\/fr\/wp-json\/wp\/v2\/media\/45634"}],"wp:attachment":[{"href":"https:\/\/gifex.com\/fr\/wp-json\/wp\/v2\/media?parent=45631"}],"wp:term":[{"taxonomy":"categoria_ficha","embeddable":true,"href":"https:\/\/gifex.com\/fr\/wp-json\/wp\/v2\/categoria_ficha?post=45631"}],"curies":[{"name":"wp","href":"https:\/\/api.w.org\/{rel}","templated":true}]}}

Drapeau de la Macédoine du Nord

<p>Le drapeau de la Macédoine du Nord est constitué d&#8217;un soleil jaune (le Soleil de la Liberté) avec huit rayons élargis s&#8217;étendant jusqu&#8217;aux bords du champ rouge ; les couleurs rouge et jaune ont longtemps été associées à la Macédoine.</p>

<p>Le drapeau de la Macédoine du Nord est constitué d&#8217;un soleil jaune (le Soleil de la Liberté) avec huit rayons élargis s&#8217;étendant jusqu&#8217;aux bords du champ rouge </p>
