{"id":44980,"date":"2024-03-16T20:19:41","date_gmt":"2024-03-16T20:19:41","guid":{"rendered":"https:\/\/gifex.com\/fr\/?post_type=ficha&#038;p=44980"},"modified":"2024-03-16T20:21:23","modified_gmt":"2024-03-16T20:21:23","slug":"carte-climatique-de-l-espagne","status":"publish","type":"ficha","link":"https:\/\/gifex.com\/fr\/fichier\/carte-climatique-de-l-espagne\/","title":{"rendered":"Carte climatique de l&#8217;Espagne"},"content":{"rendered":"<p style=\"text-align: center;\"><label style=\"font-size: 15px;\">Carte de classification climatique de K\u00f6ppen de l&#8217;Espagne.<\/label><\/p>\n<p>La p\u00e9ninsule ib\u00e9rique occupe une place importante dans la circulation atmosph\u00e9rique g\u00e9n\u00e9rale, qui ne reste pas statique mais pr\u00e9sente plut\u00f4t des mouvements diff\u00e9rents du nord au sud, en fonction de la saison de l&#8217;ann\u00e9e. La p\u00e9ninsule est situ\u00e9e dans une zone temp\u00e9r\u00e9e, ne pr\u00e9sentant pas de caract\u00e9ristiques climatiques homog\u00e8nes car c&#8217;est une zone de m\u00e9lange entre des zones d&#8217;air chaud et des zones d&#8217;air froid (subtropical et polaire).<\/p>\n<p>L&#8217;orographie vari\u00e9e de l&#8217;Espagne, ainsi que sa situation g\u00e9ographique, aux latitudes moyennes de la zone temp\u00e9r\u00e9e de l&#8217;h\u00e9misph\u00e8re nord, font que le pays pr\u00e9sente une diversit\u00e9 climatique notable. On passe ainsi de lieux aux temp\u00e9ratures douces, autour de 15 \u00b0C, \u00e0 d&#8217;autres qui d\u00e9passent les 40 \u00b0C en \u00e9t\u00e9, et de lieux au climat oc\u00e9anique humide avec des pr\u00e9cipitations annuelles de plus de 2 500 mm \u00e0 des lieux au climat d\u00e9sertique m\u00e9diterran\u00e9en. ne d\u00e9passe pas 200 mm par an, comme \u00e0 Cabo de Gata, avec 150 mm par an.<\/p>\n<p>Il existe cependant une s\u00e9rie de caract\u00e9ristiques g\u00e9n\u00e9rales qui peuvent \u00eatre r\u00e9sum\u00e9es dans les points suivants :<\/p>\n<p>Dans les terres int\u00e9rieures, les valeurs diminuent d\u2019Ouest en Est.<br \/>\nLes temp\u00e9ratures augmentent du nord au sud. La partie nord du Plateau pr\u00e9sente des valeurs comprises entre 10 \u00b0C et 15,5 \u00b0C, et la partie sud, entre 12,5 \u00b0C et 15 \u00b0C.<br \/>\nJanvier est g\u00e9n\u00e9ralement le mois avec la temp\u00e9rature moyenne la plus basse, tandis qu&#8217;ao\u00fbt est le mois avec la moyenne la plus \u00e9lev\u00e9e.<br \/>\nLes temp\u00e9ratures des eaux m\u00e9diterran\u00e9ennes sont plus \u00e9lev\u00e9es que celles de la mer Cantabrique. Dans le premier, la moyenne se situe entre 15 \u00b0C et 18 \u00b0C, tandis que dans le second, elle avoisine les 14 \u00b0C.<br \/>\nL&#8217;amplitude thermique est plus grande \u00e0 l&#8217;int\u00e9rieur du Plateau, o\u00f9 elle atteint parfois 20 \u00b0C, tandis que dans des endroits comme les \u00eeles Canaries, cette amplitude est plus faible, et entre les mois les plus chauds et les plus froids, il y a \u00e0 peine une variation de 5 \u00b0C.<\/p>\n","protected":false},"excerpt":{"rendered":"<p>Carte de classification climatique de K\u00f6ppen de l&#8217;Espagne. La p\u00e9ninsule ib\u00e9rique occupe une place importante dans la circulation atmosph\u00e9rique g\u00e9n\u00e9rale, qui &#8230;<\/p>\n","protected":false},"author":1,"featured_media":44981,"template":"","categoria_ficha":[111],"class_list":["post-44980","ficha","type-ficha","status-publish","has-post-thumbnail","hentry","categoria_ficha-cartes-de-l-espagne"],"acf":[],"_links":{"self":[{"href":"https:\/\/gifex.com\/fr\/wp-json\/wp\/v2\/ficha\/44980","targetHints":{"allow":["GET"]}}],"collection":[{"href":"https:\/\/gifex.com\/fr\/wp-json\/wp\/v2\/ficha"}],"about":[{"href":"https:\/\/gifex.com\/fr\/wp-json\/wp\/v2\/types\/ficha"}],"author":[{"embeddable":true,"href":"https:\/\/gifex.com\/fr\/wp-json\/wp\/v2\/users\/1"}],"version-history":[{"count":1,"href":"https:\/\/gifex.com\/fr\/wp-json\/wp\/v2\/ficha\/44980\/revisions"}],"predecessor-version":[{"id":44982,"href":"https:\/\/gifex.com\/fr\/wp-json\/wp\/v2\/ficha\/44980\/revisions\/44982"}],"wp:featuredmedia":[{"embeddable":true,"href":"https:\/\/gifex.com\/fr\/wp-json\/wp\/v2\/media\/44981"}],"wp:attachment":[{"href":"https:\/\/gifex.com\/fr\/wp-json\/wp\/v2\/media?parent=44980"}],"wp:term":[{"taxonomy":"categoria_ficha","embeddable":true,"href":"https:\/\/gifex.com\/fr\/wp-json\/wp\/v2\/categoria_ficha?post=44980"}],"curies":[{"name":"wp","href":"https:\/\/api.w.org\/{rel}","templated":true}]}}

<p style="text-align: center;"><label style="font-size: 15px;">Carte de classification climatique de Köppen de l&#8217;Espagne.</label></p>
<p>La péninsule ibérique occupe une place importante dans la circulation atmosphérique générale, qui ne reste pas statique mais présente plutôt des mouvements différents du nord au sud, en fonction de la saison de l&#8217;année. La péninsule est située dans une zone tempérée, ne présentant pas de caractéristiques climatiques homogènes car c&#8217;est une zone de mélange entre des zones d&#8217;air chaud et des zones d&#8217;air froid (subtropical et polaire).</p>
<p>L&#8217;orographie variée de l&#8217;Espagne, ainsi que sa situation géographique, aux latitudes moyennes de la zone tempérée de l&#8217;hémisphère nord, font que le pays présente une diversité climatique notable. On passe ainsi de lieux aux températures douces, autour de 15 °C, à d&#8217;autres qui dépassent les 40 °C en été, et de lieux au climat océanique humide avec des précipitations annuelles de plus de 2 500 mm à des lieux au climat désertique méditerranéen. ne dépasse pas 200 mm par an, comme à Cabo de Gata, avec 150 mm par an.</p>
<p>Il existe cependant une série de caractéristiques générales qui peuvent être résumées dans les points suivants :</p>
<p>Dans les terres intérieures, les valeurs diminuent d’Ouest en Est.<br />
Les températures augmentent du nord au sud. La partie nord du Plateau présente des valeurs comprises entre 10 °C et 15,5 °C, et la partie sud, entre 12,5 °C et 15 °C.<br />
Janvier est généralement le mois avec la température moyenne la plus basse, tandis qu&#8217;août est le mois avec la moyenne la plus élevée.<br />
Les températures des eaux méditerranéennes sont plus élevées que celles de la mer Cantabrique. Dans le premier, la moyenne se situe entre 15 °C et 18 °C, tandis que dans le second, elle avoisine les 14 °C.<br />
L&#8217;amplitude thermique est plus grande à l&#8217;intérieur du Plateau, où elle atteint parfois 20 °C, tandis que dans des endroits comme les îles Canaries, cette amplitude est plus faible, et entre les mois les plus chauds et les plus froids, il y a à peine une variation de 5 °C.</p>

<p>Carte de classification climatique de Köppen de l&#8217;Espagne. La péninsule ibérique occupe une place importante dans la circulation atmosphérique générale, qui &#8230;</p>
