{"id":44942,"date":"2024-03-16T17:07:59","date_gmt":"2024-03-16T17:07:59","guid":{"rendered":"https:\/\/gifex.com\/fr\/?post_type=ficha&#038;p=44942"},"modified":"2024-03-16T17:07:59","modified_gmt":"2024-03-16T17:07:59","slug":"carte-des-pyrenees","status":"publish","type":"ficha","link":"https:\/\/gifex.com\/fr\/fichier\/carte-des-pyrenees\/","title":{"rendered":"Carte des Pyr\u00e9n\u00e9es"},"content":{"rendered":"<p>Carte des Pyr\u00e9n\u00e9es, une cha\u00eene de montagnes \u00e0 cheval sur la fronti\u00e8re entre la France et l&#8217;Espagne. Ils s&#8217;\u00e9tendent sur pr\u00e8s de 500 km depuis leur union avec les monts Cantabriques jusqu&#8217;au Cap de Creus sur la c\u00f4te m\u00e9diterran\u00e9enne, atteignant une altitude maximale de 3 404 m\u00e8tres au sommet de l&#8217;Aneto.<\/p>\n<div class=\"boxscrl\">\n<figure id=\"attachment_44944\" aria-describedby=\"caption-attachment-44944\" style=\"width: 669px\" class=\"wp-caption aligncenter\"><a href=\"https:\/\/gifex.com\/fr\/wp-content\/uploads\/44942\/Image-satellite-composite-des-Pyrenees.jpg\" target=\"_blank\" rel=\"noopener\"><img fetchpriority=\"high\" decoding=\"async\" class=\"wp-image-44944 size-full\" title=\"Image satellite composite des Pyr\u00e9n\u00e9es.\" src=\"https:\/\/gifex.com\/fr\/wp-content\/uploads\/44942\/Image-satellite-composite-des-Pyrenees.jpg\" alt=\"Image satellite composite des Pyr\u00e9n\u00e9es.\" width=\"669\" height=\"229\" srcset=\"https:\/\/gifex.com\/fr\/wp-content\/uploads\/44942\/Image-satellite-composite-des-Pyrenees.jpg 669w, https:\/\/gifex.com\/fr\/wp-content\/uploads\/44942\/Image-satellite-composite-des-Pyrenees-300x103.jpg 300w\" sizes=\"(max-width: 669px) 100vw, 669px\" \/><\/a><figcaption id=\"caption-attachment-44944\" class=\"wp-caption-text\"><label style=\"font-size: 15px;\">Image satellite composite des Pyr\u00e9n\u00e9es courtoisie de la NASA.<\/label><\/figcaption><\/figure>\n<\/div>\n<p>Pour l\u2019essentiel, la cr\u00eate principale forme une division entre l\u2019Espagne et la France, avec le micro-\u00c9tat d\u2019Andorre pris en sandwich entre les deux. Historiquement, la Couronne d&#8217;Aragon et le Royaume de Navarre s&#8217;\u00e9tendaient des deux c\u00f4t\u00e9s de la cordill\u00e8re.<\/p>\n<figure id=\"attachment_44945\" aria-describedby=\"caption-attachment-44945\" style=\"width: 360px\" class=\"wp-caption alignright\"><a href=\"https:\/\/gifex.com\/fr\/wp-content\/uploads\/44942\/Carte-topographique-des-Pyrenees.png\" target=\"_blank\" rel=\"noopener\"><img decoding=\"async\" class=\"wp-image-44945\" title=\"Carte topographique des Pyr\u00e9n\u00e9es.\" src=\"https:\/\/gifex.com\/fr\/wp-content\/uploads\/44942\/Carte-topographique-des-Pyrenees-300x178.png\" alt=\"Carte topographique des Pyr\u00e9n\u00e9es.\" width=\"360\" height=\"214\" srcset=\"https:\/\/gifex.com\/fr\/wp-content\/uploads\/44942\/Carte-topographique-des-Pyrenees-300x178.png 300w, https:\/\/gifex.com\/fr\/wp-content\/uploads\/44942\/Carte-topographique-des-Pyrenees-1024x608.png 1024w, https:\/\/gifex.com\/fr\/wp-content\/uploads\/44942\/Carte-topographique-des-Pyrenees-768x456.png 768w, https:\/\/gifex.com\/fr\/wp-content\/uploads\/44942\/Carte-topographique-des-Pyrenees-1536x912.png 1536w, https:\/\/gifex.com\/fr\/wp-content\/uploads\/44942\/Carte-topographique-des-Pyrenees-2048x1216.png 2048w, https:\/\/gifex.com\/fr\/wp-content\/uploads\/44942\/Carte-topographique-des-Pyrenees-1600x950.png 1600w\" sizes=\"(max-width: 360px) 100vw, 360px\" \/><\/a><figcaption id=\"caption-attachment-44945\" class=\"wp-caption-text\"><label style=\"font-size: 15px;\">Carte topographique des Pyr\u00e9n\u00e9es.<\/label><\/figcaption><\/figure>\n<p>En France, la cha\u00eene des Pyr\u00e9n\u00e9es traverse deux r\u00e9gions administratives et six d\u00e9partements, qui sont d&#8217;est en ouest : l&#8217;Occitanie (Pyr\u00e9n\u00e9es-Orientales, Aude, Ari\u00e8ge, Haute-Garonne et Hautes-Pyr\u00e9n\u00e9es) et la Nouvelle-Aquitaine (Pyr\u00e9n\u00e9es-Atlantiques). C\u00f4t\u00e9 espagnol, elle traverse quatre communaut\u00e9s autonomes et sept provinces d&#8217;Espagne : la Catalogne (G\u00e9rone, Barcelone et L\u00e9rida), l&#8217;Aragon (Huesca et Saragosse), la Navarre (communaut\u00e9 compos\u00e9e d&#8217;une seule province du m\u00eame nom) et le Pays basque (Guipuscoa).<\/p>\n<p>Trois parcs nationaux prot\u00e8gent la biodiversit\u00e9 exceptionnelle des Pyr\u00e9n\u00e9es qui compte plusieurs centaines d&#8217;esp\u00e8ces end\u00e9miques : le parc national des Pyr\u00e9n\u00e9es en France, le parc national d&#8217;Aig\u00fcestortes et lac Saint-Maurice et le parc national d&#8217;Ordesa et du Mont-Perdu en Espagne.<\/p>\n<figure id=\"attachment_44946\" aria-describedby=\"caption-attachment-44946\" style=\"width: 359px\" class=\"wp-caption alignright\"><a href=\"https:\/\/gifex.com\/fr\/wp-content\/uploads\/44942\/Carte-du-relief-des-Pyrenees.png\" target=\"_blank\" rel=\"noopener\"><img decoding=\"async\" class=\"wp-image-44946\" title=\"Carte du relief des Pyr\u00e9n\u00e9es.\" src=\"https:\/\/gifex.com\/fr\/wp-content\/uploads\/44942\/Carte-du-relief-des-Pyrenees-300x186.png\" alt=\"Carte du relief des Pyr\u00e9n\u00e9es.\" width=\"359\" height=\"223\" srcset=\"https:\/\/gifex.com\/fr\/wp-content\/uploads\/44942\/Carte-du-relief-des-Pyrenees-300x186.png 300w, https:\/\/gifex.com\/fr\/wp-content\/uploads\/44942\/Carte-du-relief-des-Pyrenees-1024x636.png 1024w, https:\/\/gifex.com\/fr\/wp-content\/uploads\/44942\/Carte-du-relief-des-Pyrenees-768x477.png 768w, https:\/\/gifex.com\/fr\/wp-content\/uploads\/44942\/Carte-du-relief-des-Pyrenees.png 1266w\" sizes=\"(max-width: 359px) 100vw, 359px\" \/><\/a><figcaption id=\"caption-attachment-44946\" class=\"wp-caption-text\"><label style=\"font-size: 15px;\">Carte du relief des Pyr\u00e9n\u00e9es.<\/label><\/figcaption><\/figure>\n<p>Trois sentiers de grande randonn\u00e9e traversent les Pyr\u00e9n\u00e9es sur toute leur longueur, d&#8217;une mer \u00e0 l&#8217;autre : le GR 10 sur le versant fran\u00e7ais, le GR 11 sur le versant espagnol et la Haute randonn\u00e9e pyr\u00e9n\u00e9enne qui longe la ligne de cr\u00eate.<\/p>\n<p><strong>G\u00e9ographie<\/strong><\/p>\n<p>En g\u00e9ographie physique, les Pyr\u00e9n\u00e9es forment une cha\u00eene d&#8217;allure rectiligne, assez \u00e9troite, d&#8217;une longueur totale de 430 kilom\u00e8tres de la M\u00e9diterran\u00e9e (cap de Creus) \u00e0 l&#8217;Atlantique (Jaizkibel). La d\u00e9limitation occidentale peut para\u00eetre arbitraire puisque les Pyr\u00e9n\u00e9es se fondent progressivement dans les Montagnes basques qui \u00e0 leur tour rejoignent les monts Cantabriques (soit un axe pyr\u00e9n\u00e9o-cantabrique atteignant 1 000 km de continuit\u00e9 montagneuse). La plus simple d\u00e9finition g\u00e9ographique des Pyr\u00e9n\u00e9es tient \u00e0 leur caract\u00e8re \u00ab isthmique \u00bb : entre la M\u00e9diterran\u00e9e et le point le plus proche du golfe de Gascogne. Au-del\u00e0 commence la cha\u00eene (cordillera) basco-cantabrique.<\/p>\n<p>Pour fixer une largeur limite approximative au massif, on peut dire que le pi\u00e9mont pyr\u00e9n\u00e9en se dilue dans le bassin de l&#8217;\u00c8bre versant espagnol, dans le Bassin aquitain et la basse vall\u00e9e de l&#8217;Aude versant fran\u00e7ais. La superficie du massif est alors estim\u00e9e \u00e0 environ 19 000 km<sup>2<\/sup>.<\/p>\n","protected":false},"excerpt":{"rendered":"<p>Carte des Pyr\u00e9n\u00e9es, une cha\u00eene de montagnes \u00e0 cheval sur la fronti\u00e8re entre la France et l&#8217;Espagne. Ils s&#8217;\u00e9tendent sur pr\u00e8s de 500 km depuis leur union avec &#8230;<\/p>\n","protected":false},"author":1,"featured_media":44943,"template":"","categoria_ficha":[98,111,45],"class_list":["post-44942","ficha","type-ficha","status-publish","has-post-thumbnail","hentry","categoria_ficha-cartes-de-l-andorre","categoria_ficha-cartes-de-l-espagne","categoria_ficha-cartes-de-la-france"],"acf":[],"_links":{"self":[{"href":"https:\/\/gifex.com\/fr\/wp-json\/wp\/v2\/ficha\/44942","targetHints":{"allow":["GET"]}}],"collection":[{"href":"https:\/\/gifex.com\/fr\/wp-json\/wp\/v2\/ficha"}],"about":[{"href":"https:\/\/gifex.com\/fr\/wp-json\/wp\/v2\/types\/ficha"}],"author":[{"embeddable":true,"href":"https:\/\/gifex.com\/fr\/wp-json\/wp\/v2\/users\/1"}],"version-history":[{"count":1,"href":"https:\/\/gifex.com\/fr\/wp-json\/wp\/v2\/ficha\/44942\/revisions"}],"predecessor-version":[{"id":44964,"href":"https:\/\/gifex.com\/fr\/wp-json\/wp\/v2\/ficha\/44942\/revisions\/44964"}],"wp:featuredmedia":[{"embeddable":true,"href":"https:\/\/gifex.com\/fr\/wp-json\/wp\/v2\/media\/44943"}],"wp:attachment":[{"href":"https:\/\/gifex.com\/fr\/wp-json\/wp\/v2\/media?parent=44942"}],"wp:term":[{"taxonomy":"categoria_ficha","embeddable":true,"href":"https:\/\/gifex.com\/fr\/wp-json\/wp\/v2\/categoria_ficha?post=44942"}],"curies":[{"name":"wp","href":"https:\/\/api.w.org\/{rel}","templated":true}]}}

Carte des Pyrénées

<p>Carte des Pyrénées, une chaîne de montagnes à cheval sur la frontière entre la France et l&#8217;Espagne. Ils s&#8217;étendent sur près de 500 km depuis leur union avec les monts Cantabriques jusqu&#8217;au Cap de Creus sur la côte méditerranéenne, atteignant une altitude maximale de 3 404 mètres au sommet de l&#8217;Aneto.</p>
<div class="boxscrl">
<figure id="attachment_44944" aria-describedby="caption-attachment-44944" style="width: 669px" class="wp-caption aligncenter"><a href="https://gifex.com/fr/wp-content/uploads/44942/Image-satellite-composite-des-Pyrenees.jpg" target="_blank" rel="noopener"><img fetchpriority="high" decoding="async" class="wp-image-44944 size-full" title="Image satellite composite des Pyrénées." src="https://gifex.com/fr/wp-content/uploads/44942/Image-satellite-composite-des-Pyrenees.jpg" alt="Image satellite composite des Pyrénées." width="669" height="229" srcset="https://gifex.com/fr/wp-content/uploads/44942/Image-satellite-composite-des-Pyrenees.jpg 669w, https://gifex.com/fr/wp-content/uploads/44942/Image-satellite-composite-des-Pyrenees-300x103.jpg 300w" sizes="(max-width: 669px) 100vw, 669px" /></a><figcaption id="caption-attachment-44944" class="wp-caption-text"><label style="font-size: 15px;">Image satellite composite des Pyrénées courtoisie de la NASA.</label></figcaption></figure>
</div>
<p>Pour l’essentiel, la crête principale forme une division entre l’Espagne et la France, avec le micro-État d’Andorre pris en sandwich entre les deux. Historiquement, la Couronne d&#8217;Aragon et le Royaume de Navarre s&#8217;étendaient des deux côtés de la cordillère.</p>
<figure id="attachment_44945" aria-describedby="caption-attachment-44945" style="width: 360px" class="wp-caption alignright"><a href="https://gifex.com/fr/wp-content/uploads/44942/Carte-topographique-des-Pyrenees.png" target="_blank" rel="noopener"><img decoding="async" class="wp-image-44945" title="Carte topographique des Pyrénées." src="https://gifex.com/fr/wp-content/uploads/44942/Carte-topographique-des-Pyrenees-300x178.png" alt="Carte topographique des Pyrénées." width="360" height="214" srcset="https://gifex.com/fr/wp-content/uploads/44942/Carte-topographique-des-Pyrenees-300x178.png 300w, https://gifex.com/fr/wp-content/uploads/44942/Carte-topographique-des-Pyrenees-1024x608.png 1024w, https://gifex.com/fr/wp-content/uploads/44942/Carte-topographique-des-Pyrenees-768x456.png 768w, https://gifex.com/fr/wp-content/uploads/44942/Carte-topographique-des-Pyrenees-1536x912.png 1536w, https://gifex.com/fr/wp-content/uploads/44942/Carte-topographique-des-Pyrenees-2048x1216.png 2048w, https://gifex.com/fr/wp-content/uploads/44942/Carte-topographique-des-Pyrenees-1600x950.png 1600w" sizes="(max-width: 360px) 100vw, 360px" /></a><figcaption id="caption-attachment-44945" class="wp-caption-text"><label style="font-size: 15px;">Carte topographique des Pyrénées.</label></figcaption></figure>
<p>En France, la chaîne des Pyrénées traverse deux régions administratives et six départements, qui sont d&#8217;est en ouest : l&#8217;Occitanie (Pyrénées-Orientales, Aude, Ariège, Haute-Garonne et Hautes-Pyrénées) et la Nouvelle-Aquitaine (Pyrénées-Atlantiques). Côté espagnol, elle traverse quatre communautés autonomes et sept provinces d&#8217;Espagne : la Catalogne (Gérone, Barcelone et Lérida), l&#8217;Aragon (Huesca et Saragosse), la Navarre (communauté composée d&#8217;une seule province du même nom) et le Pays basque (Guipuscoa).</p>
<p>Trois parcs nationaux protègent la biodiversité exceptionnelle des Pyrénées qui compte plusieurs centaines d&#8217;espèces endémiques : le parc national des Pyrénées en France, le parc national d&#8217;Aigüestortes et lac Saint-Maurice et le parc national d&#8217;Ordesa et du Mont-Perdu en Espagne.</p>
<figure id="attachment_44946" aria-describedby="caption-attachment-44946" style="width: 359px" class="wp-caption alignright"><a href="https://gifex.com/fr/wp-content/uploads/44942/Carte-du-relief-des-Pyrenees.png" target="_blank" rel="noopener"><img decoding="async" class="wp-image-44946" title="Carte du relief des Pyrénées." src="https://gifex.com/fr/wp-content/uploads/44942/Carte-du-relief-des-Pyrenees-300x186.png" alt="Carte du relief des Pyrénées." width="359" height="223" srcset="https://gifex.com/fr/wp-content/uploads/44942/Carte-du-relief-des-Pyrenees-300x186.png 300w, https://gifex.com/fr/wp-content/uploads/44942/Carte-du-relief-des-Pyrenees-1024x636.png 1024w, https://gifex.com/fr/wp-content/uploads/44942/Carte-du-relief-des-Pyrenees-768x477.png 768w, https://gifex.com/fr/wp-content/uploads/44942/Carte-du-relief-des-Pyrenees.png 1266w" sizes="(max-width: 359px) 100vw, 359px" /></a><figcaption id="caption-attachment-44946" class="wp-caption-text"><label style="font-size: 15px;">Carte du relief des Pyrénées.</label></figcaption></figure>
<p>Trois sentiers de grande randonnée traversent les Pyrénées sur toute leur longueur, d&#8217;une mer à l&#8217;autre : le GR 10 sur le versant français, le GR 11 sur le versant espagnol et la Haute randonnée pyrénéenne qui longe la ligne de crête.</p>
<p><strong>Géographie</strong></p>
<p>En géographie physique, les Pyrénées forment une chaîne d&#8217;allure rectiligne, assez étroite, d&#8217;une longueur totale de 430 kilomètres de la Méditerranée (cap de Creus) à l&#8217;Atlantique (Jaizkibel). La délimitation occidentale peut paraître arbitraire puisque les Pyrénées se fondent progressivement dans les Montagnes basques qui à leur tour rejoignent les monts Cantabriques (soit un axe pyrénéo-cantabrique atteignant 1 000 km de continuité montagneuse). La plus simple définition géographique des Pyrénées tient à leur caractère « isthmique » : entre la Méditerranée et le point le plus proche du golfe de Gascogne. Au-delà commence la chaîne (cordillera) basco-cantabrique.</p>
<p>Pour fixer une largeur limite approximative au massif, on peut dire que le piémont pyrénéen se dilue dans le bassin de l&#8217;Èbre versant espagnol, dans le Bassin aquitain et la basse vallée de l&#8217;Aude versant français. La superficie du massif est alors estimée à environ 19 000 km<sup>2</sup>.</p>

<p>Carte des Pyrénées, une chaîne de montagnes à cheval sur la frontière entre la France et l&#8217;Espagne. Ils s&#8217;étendent sur près de 500 km depuis leur union avec &#8230;</p>
