{"id":44818,"date":"2024-03-13T20:56:40","date_gmt":"2024-03-13T20:56:40","guid":{"rendered":"https:\/\/gifex.com\/fr\/?post_type=ficha&#038;p=44818"},"modified":"2024-03-13T20:56:40","modified_gmt":"2024-03-13T20:56:40","slug":"carte-politique-de-la-croatie","status":"publish","type":"ficha","link":"https:\/\/gifex.com\/fr\/fichier\/carte-politique-de-la-croatie\/","title":{"rendered":"Carte politique de la Croatie"},"content":{"rendered":"<p>Carte politique de la Croatie, pays politiquement organis\u00e9 en deux niveaux :<\/p>\n<ul>\n<li>Le premier niveau est constitu\u00e9 par 21 comitats (\u017dupanija) ;<\/li>\n<li>le second niveau est form\u00e9 par les collectivit\u00e9s territoriales qui peuvent \u00eatre des municipalit\u00e9s (en croate : op\u0107ine, singulier op\u0107ina) au nombre de 428 en 2017, ou bien des villes (en croate, Grad) au nombre de 128 en 2013 et en 2017.<\/li>\n<\/ul>\n","protected":false},"excerpt":{"rendered":"<p>Carte politique de la Croatie, pays politiquement organis\u00e9 en deux niveaux : Le premier niveau est constitu\u00e9 par 21 comitats (\u017dupanija) ; le second niveau est <\/p>\n","protected":false},"author":1,"featured_media":44819,"template":"","categoria_ficha":[107],"class_list":["post-44818","ficha","type-ficha","status-publish","has-post-thumbnail","hentry","categoria_ficha-cartes-de-la-croatie"],"acf":[],"_links":{"self":[{"href":"https:\/\/gifex.com\/fr\/wp-json\/wp\/v2\/ficha\/44818","targetHints":{"allow":["GET"]}}],"collection":[{"href":"https:\/\/gifex.com\/fr\/wp-json\/wp\/v2\/ficha"}],"about":[{"href":"https:\/\/gifex.com\/fr\/wp-json\/wp\/v2\/types\/ficha"}],"author":[{"embeddable":true,"href":"https:\/\/gifex.com\/fr\/wp-json\/wp\/v2\/users\/1"}],"version-history":[{"count":1,"href":"https:\/\/gifex.com\/fr\/wp-json\/wp\/v2\/ficha\/44818\/revisions"}],"predecessor-version":[{"id":44828,"href":"https:\/\/gifex.com\/fr\/wp-json\/wp\/v2\/ficha\/44818\/revisions\/44828"}],"wp:featuredmedia":[{"embeddable":true,"href":"https:\/\/gifex.com\/fr\/wp-json\/wp\/v2\/media\/44819"}],"wp:attachment":[{"href":"https:\/\/gifex.com\/fr\/wp-json\/wp\/v2\/media?parent=44818"}],"wp:term":[{"taxonomy":"categoria_ficha","embeddable":true,"href":"https:\/\/gifex.com\/fr\/wp-json\/wp\/v2\/categoria_ficha?post=44818"}],"curies":[{"name":"wp","href":"https:\/\/api.w.org\/{rel}","templated":true}]}}

<p>Carte politique de la Croatie, pays politiquement organisé en deux niveaux :</p>
<ul>
<li>Le premier niveau est constitué par 21 comitats (Županija) ;</li>
<li>le second niveau est formé par les collectivités territoriales qui peuvent être des municipalités (en croate : općine, singulier općina) au nombre de 428 en 2017, ou bien des villes (en croate, Grad) au nombre de 128 en 2013 et en 2017.</li>
</ul>

<p>Carte politique de la Croatie, pays politiquement organisé en deux niveaux : Le premier niveau est constitué par 21 comitats (Županija) ; le second niveau est </p>
