{"id":44454,"date":"2023-10-08T16:05:18","date_gmt":"2023-10-08T16:05:18","guid":{"rendered":"https:\/\/gifex.com\/fr\/?post_type=ficha&#038;p=44454"},"modified":"2023-10-08T16:05:18","modified_gmt":"2023-10-08T16:05:18","slug":"armoiries-de-l-andorre","status":"publish","type":"ficha","link":"https:\/\/gifex.com\/fr\/fichier\/armoiries-de-l-andorre\/","title":{"rendered":"Armoiries de l&#8217;Andorre"},"content":{"rendered":"<p>Les armoiries d&#8217;Andorre (catalan : Escut d&#8217;Andorra) sont l&#8217;embl\u00e8me h\u00e9raldique compos\u00e9 d&#8217;un \u00e9cu divis\u00e9 en quatre par les armes de l&#8217;\u00e9v\u00eaque d&#8217;Urgell et du comte de Foix \u2013 qui ont \u00e9t\u00e9 historiquement les deux coprinces d&#8217;Andorre \u2013 en plus des embl\u00e8mes de la Catalogne et du Vicomte de B\u00e9arn. Utilis\u00e9 officieusement depuis le Moyen \u00c2ge, son statut d&#8217;armoiries de la Principaut\u00e9 d&#8217;Andorre a \u00e9t\u00e9 officialis\u00e9 en 1993 lors de la mise en \u0153uvre de leur nouvelle constitution. L&#8217;\u00e9cusson figure sur le drapeau d&#8217;Andorre.<\/p>\n<p><strong>Description officielle<\/strong><\/p>\n<p>La loi r\u00e8glementant l&#8217;utilisation des symboles de l&#8217;\u00c9tat d&#8217;Andorre pr\u00e9cise en annexe :<\/p>\n<p>\u00ab Le blason de la Principaut\u00e9 d&#8217;Andorre est traditionnellement compos\u00e9 de quatre quartiers, deux correspondant \u00e0 chacun des deux coprinces.<\/p>\n<p>Les quatre quartiers traditionnels sont ceux : a) de l&#8217;\u00c9piscopat, repr\u00e9sent\u00e9 par une mitre et une crosse d&#8217;or sur fond rouge ; b) de Catalogne ; c) de Foix ; d) du B\u00e9arn. \u00bb<\/p>\n<p>Conform\u00e9ment aux prescriptions l\u00e9gales, le blason d&#8217;Andorre est compos\u00e9 des quartiers suivants :<\/p>\n<ol>\n<li><b>Premier quartier<\/b>\u00a0: blason de La Seu d&#8217;Urgell, dans la province catalane de L\u00e9rida (Espagne).<\/li>\n<li><b>Deuxi\u00e8me quartier<\/b>\u00a0: blason de l&#8217;ancien comt\u00e9 de Foix, aujourd&#8217;hui partie du d\u00e9partement fran\u00e7ais de l&#8217;Ari\u00e8ge (France).<\/li>\n<li><b>Troisi\u00e8me quartier<\/b>\u00a0: blason de la Principaut\u00e9 de Catalogne<\/li>\n<li><b>Quatri\u00e8me quartier<\/b>\u00a0: blason de l&#8217;ancienne vicomt\u00e9 du B\u00e9arn, aujourd&#8217;hui partie du d\u00e9partement fran\u00e7ais des Pyr\u00e9n\u00e9es-Atlantiques (France).<\/li>\n<\/ol>\n","protected":false},"excerpt":{"rendered":"<p>Les armoiries d&#8217;Andorre (catalan : Escut d&#8217;Andorra) sont l&#8217;embl\u00e8me h\u00e9raldique compos\u00e9 d&#8217;un \u00e9cu divis\u00e9 en quatre par les armes de l&#8217;\u00e9v\u00eaque d&#8217;Urgell et du comte <\/p>\n","protected":false},"author":1,"featured_media":44455,"template":"","categoria_ficha":[98],"class_list":["post-44454","ficha","type-ficha","status-publish","has-post-thumbnail","hentry","categoria_ficha-cartes-de-l-andorre"],"acf":[],"_links":{"self":[{"href":"https:\/\/gifex.com\/fr\/wp-json\/wp\/v2\/ficha\/44454","targetHints":{"allow":["GET"]}}],"collection":[{"href":"https:\/\/gifex.com\/fr\/wp-json\/wp\/v2\/ficha"}],"about":[{"href":"https:\/\/gifex.com\/fr\/wp-json\/wp\/v2\/types\/ficha"}],"author":[{"embeddable":true,"href":"https:\/\/gifex.com\/fr\/wp-json\/wp\/v2\/users\/1"}],"version-history":[{"count":1,"href":"https:\/\/gifex.com\/fr\/wp-json\/wp\/v2\/ficha\/44454\/revisions"}],"predecessor-version":[{"id":44456,"href":"https:\/\/gifex.com\/fr\/wp-json\/wp\/v2\/ficha\/44454\/revisions\/44456"}],"wp:featuredmedia":[{"embeddable":true,"href":"https:\/\/gifex.com\/fr\/wp-json\/wp\/v2\/media\/44455"}],"wp:attachment":[{"href":"https:\/\/gifex.com\/fr\/wp-json\/wp\/v2\/media?parent=44454"}],"wp:term":[{"taxonomy":"categoria_ficha","embeddable":true,"href":"https:\/\/gifex.com\/fr\/wp-json\/wp\/v2\/categoria_ficha?post=44454"}],"curies":[{"name":"wp","href":"https:\/\/api.w.org\/{rel}","templated":true}]}}

<p>Les armoiries d&#8217;Andorre (catalan : Escut d&#8217;Andorra) sont l&#8217;emblème héraldique composé d&#8217;un écu divisé en quatre par les armes de l&#8217;évêque d&#8217;Urgell et du comte de Foix – qui ont été historiquement les deux coprinces d&#8217;Andorre – en plus des emblèmes de la Catalogne et du Vicomte de Béarn. Utilisé officieusement depuis le Moyen Âge, son statut d&#8217;armoiries de la Principauté d&#8217;Andorre a été officialisé en 1993 lors de la mise en œuvre de leur nouvelle constitution. L&#8217;écusson figure sur le drapeau d&#8217;Andorre.</p>
<p><strong>Description officielle</strong></p>
<p>La loi règlementant l&#8217;utilisation des symboles de l&#8217;État d&#8217;Andorre précise en annexe :</p>
<p>« Le blason de la Principauté d&#8217;Andorre est traditionnellement composé de quatre quartiers, deux correspondant à chacun des deux coprinces.</p>
<p>Les quatre quartiers traditionnels sont ceux : a) de l&#8217;Épiscopat, représenté par une mitre et une crosse d&#8217;or sur fond rouge ; b) de Catalogne ; c) de Foix ; d) du Béarn. »</p>
<p>Conformément aux prescriptions légales, le blason d&#8217;Andorre est composé des quartiers suivants :</p>
<ol>
<li><b>Premier quartier</b> : blason de La Seu d&#8217;Urgell, dans la province catalane de Lérida (Espagne).</li>
<li><b>Deuxième quartier</b> : blason de l&#8217;ancien comté de Foix, aujourd&#8217;hui partie du département français de l&#8217;Ariège (France).</li>
<li><b>Troisième quartier</b> : blason de la Principauté de Catalogne</li>
<li><b>Quatrième quartier</b> : blason de l&#8217;ancienne vicomté du Béarn, aujourd&#8217;hui partie du département français des Pyrénées-Atlantiques (France).</li>
</ol>

<p>Les armoiries d&#8217;Andorre (catalan : Escut d&#8217;Andorra) sont l&#8217;emblème héraldique composé d&#8217;un écu divisé en quatre par les armes de l&#8217;évêque d&#8217;Urgell et du comte </p>
