{"id":44425,"date":"2023-10-06T21:52:12","date_gmt":"2023-10-06T21:52:12","guid":{"rendered":"https:\/\/gifex.com\/fr\/?post_type=ficha&#038;p=44425"},"modified":"2023-10-06T21:52:12","modified_gmt":"2023-10-06T21:52:12","slug":"image-satellite-de-berlin","status":"publish","type":"ficha","link":"https:\/\/gifex.com\/fr\/fichier\/image-satellite-de-berlin\/","title":{"rendered":"Image satellite de Berlin"},"content":{"rendered":"<p>Berlin, plus grande ville et capitale d&#8217;Allemagne, appara\u00eet dans les archives historiques depuis le 14<sup>e<\/sup> si\u00e8cle et est la capitale du royaume, de l&#8217;empire ou de la nation environnante depuis le d\u00e9but du 18<sup>e<\/sup> si\u00e8cle. Comme beaucoup de capitales, Berlin a connu son lot de conflits. Peu de temps apr\u00e8s que les bombardements de la Seconde Guerre mondiale aient d\u00e9vast\u00e9 la ville, les superpuissances de la guerre froide l&#8217;ont divis\u00e9e entre Berlin-Est et Berlin-Ouest. Entre ao\u00fbt 1961 et novembre 1989, un mur traversant la ville a renforc\u00e9 la division politique. Apr\u00e8s qu\u2019une r\u00e9duction des tensions entre l\u2019Est et l\u2019Ouest ait permis aux Berlinois de traverser le mur, celui-ci a finalement \u00e9t\u00e9 d\u00e9moli.<\/p>\n<p>Cette image, acquise par le radiom\u00e8tre spatial avanc\u00e9 d&#8217;\u00e9mission et de r\u00e9flexion thermique (ASTER) sur le satellite Terra de la NASA le 15 octobre 2005, montre une partie de la ville o\u00f9 le mur de Berlin la divisait autrefois. Le Tiergarten est bien visible sur cette image. Ce parc a \u00e9t\u00e9 en grande partie d\u00e9bois\u00e9 pour le bois de chauffage apr\u00e8s la Seconde Guerre mondiale, mais il est aujourd&#8217;hui luxuriant et verdoyant par rapport \u00e0 son environnement urbanis\u00e9. Juste \u00e0 l\u2019est du parc se trouve la porte de Brandebourg. Construite vers la fin du XVIII<sup>e<\/sup> si\u00e8cle, cette porte servait autrefois d&#8217;entr\u00e9e formelle \u00e0 la ville de Berlin, mais le mur de Berlin a temporairement forc\u00e9 sa fermeture. Les couleurs grises ou brunes, les lignes droites et les angles vifs fournissent les indications caract\u00e9ristiques des milieux urbains. Des poches d\u2019arbres ou d\u2019autres v\u00e9g\u00e9taux forment un damier vert parmi les rues et les b\u00e2timents. Parmi les b\u00e2timents int\u00e9ressants de la ville se trouve le Reichstag, le b\u00e2timent qui abrite le parlement allemand. Au nord du parc, la rivi\u00e8re Spr\u00e9e serpente au c\u0153ur de Berlin. Les canaux s&#8217;\u00e9tendent vers le nord en formant un arc \u00e0 partir de la rivi\u00e8re.<\/p>\n<p>Image de la NASA cr\u00e9\u00e9e par Jesse Allen, Earth Observatory, \u00e0 partir de donn\u00e9es fournies avec l&#8217;aimable autorisation de la NASA\/GSFC\/MITI\/ERSDAC\/JAROS et de l&#8217;\u00e9quipe scientifique ASTER des \u00c9tats-Unis et du Japon.<\/p>\n","protected":false},"excerpt":{"rendered":"<p>Berlin, plus grande ville et capitale d&#8217;Allemagne, appara\u00eet dans les archives historiques depuis le 14e si\u00e8cle et est la capitale du royaume, de l&#8217;empire ou de <\/p>\n","protected":false},"author":1,"featured_media":44426,"template":"","categoria_ficha":[2032],"class_list":["post-44425","ficha","type-ficha","status-publish","has-post-thumbnail","hentry","categoria_ficha-cartes-de-berlin"],"acf":[],"_links":{"self":[{"href":"https:\/\/gifex.com\/fr\/wp-json\/wp\/v2\/ficha\/44425","targetHints":{"allow":["GET"]}}],"collection":[{"href":"https:\/\/gifex.com\/fr\/wp-json\/wp\/v2\/ficha"}],"about":[{"href":"https:\/\/gifex.com\/fr\/wp-json\/wp\/v2\/types\/ficha"}],"author":[{"embeddable":true,"href":"https:\/\/gifex.com\/fr\/wp-json\/wp\/v2\/users\/1"}],"version-history":[{"count":2,"href":"https:\/\/gifex.com\/fr\/wp-json\/wp\/v2\/ficha\/44425\/revisions"}],"predecessor-version":[{"id":44428,"href":"https:\/\/gifex.com\/fr\/wp-json\/wp\/v2\/ficha\/44425\/revisions\/44428"}],"wp:featuredmedia":[{"embeddable":true,"href":"https:\/\/gifex.com\/fr\/wp-json\/wp\/v2\/media\/44426"}],"wp:attachment":[{"href":"https:\/\/gifex.com\/fr\/wp-json\/wp\/v2\/media?parent=44425"}],"wp:term":[{"taxonomy":"categoria_ficha","embeddable":true,"href":"https:\/\/gifex.com\/fr\/wp-json\/wp\/v2\/categoria_ficha?post=44425"}],"curies":[{"name":"wp","href":"https:\/\/api.w.org\/{rel}","templated":true}]}}

<p>Berlin, plus grande ville et capitale d&#8217;Allemagne, apparaît dans les archives historiques depuis le 14<sup>e</sup> siècle et est la capitale du royaume, de l&#8217;empire ou de la nation environnante depuis le début du 18<sup>e</sup> siècle. Comme beaucoup de capitales, Berlin a connu son lot de conflits. Peu de temps après que les bombardements de la Seconde Guerre mondiale aient dévasté la ville, les superpuissances de la guerre froide l&#8217;ont divisée entre Berlin-Est et Berlin-Ouest. Entre août 1961 et novembre 1989, un mur traversant la ville a renforcé la division politique. Après qu’une réduction des tensions entre l’Est et l’Ouest ait permis aux Berlinois de traverser le mur, celui-ci a finalement été démoli.</p>
<p>Cette image, acquise par le radiomètre spatial avancé d&#8217;émission et de réflexion thermique (ASTER) sur le satellite Terra de la NASA le 15 octobre 2005, montre une partie de la ville où le mur de Berlin la divisait autrefois. Le Tiergarten est bien visible sur cette image. Ce parc a été en grande partie déboisé pour le bois de chauffage après la Seconde Guerre mondiale, mais il est aujourd&#8217;hui luxuriant et verdoyant par rapport à son environnement urbanisé. Juste à l’est du parc se trouve la porte de Brandebourg. Construite vers la fin du XVIII<sup>e</sup> siècle, cette porte servait autrefois d&#8217;entrée formelle à la ville de Berlin, mais le mur de Berlin a temporairement forcé sa fermeture. Les couleurs grises ou brunes, les lignes droites et les angles vifs fournissent les indications caractéristiques des milieux urbains. Des poches d’arbres ou d’autres végétaux forment un damier vert parmi les rues et les bâtiments. Parmi les bâtiments intéressants de la ville se trouve le Reichstag, le bâtiment qui abrite le parlement allemand. Au nord du parc, la rivière Sprée serpente au cœur de Berlin. Les canaux s&#8217;étendent vers le nord en formant un arc à partir de la rivière.</p>
<p>Image de la NASA créée par Jesse Allen, Earth Observatory, à partir de données fournies avec l&#8217;aimable autorisation de la NASA/GSFC/MITI/ERSDAC/JAROS et de l&#8217;équipe scientifique ASTER des États-Unis et du Japon.</p>

<p>Berlin, plus grande ville et capitale d&#8217;Allemagne, apparaît dans les archives historiques depuis le 14e siècle et est la capitale du royaume, de l&#8217;empire ou de </p>
