{"id":44413,"date":"2023-10-06T18:59:34","date_gmt":"2023-10-06T18:59:34","guid":{"rendered":"https:\/\/gifex.com\/fr\/?post_type=ficha&#038;p=44413"},"modified":"2023-10-07T00:34:25","modified_gmt":"2023-10-07T00:34:25","slug":"carte-des-transports-publics-a-berlin","status":"publish","type":"ficha","link":"https:\/\/gifex.com\/fr\/fichier\/carte-des-transports-publics-a-berlin\/","title":{"rendered":"Carte des transports publics \u00e0 Berlin"},"content":{"rendered":"<p style=\"text-align: center;\"><label style=\"font-size: 15px;\">Carte des transports publics \u00e0 Berlin.<\/label><\/p>\n<p>Le r\u00e9seau de transports publics locaux de Berlin rel\u00e8ve de l&#8217;autorit\u00e9 r\u00e9gionale de transport appel\u00e9e <em>Verkehrsverbund Berlin-Brandenburg<\/em> (VBB), une entreprise commune des deux \u00c9tats f\u00e9d\u00e9raux (Bundesland) Berlin et Brandebourg, ainsi que des comt\u00e9s (Landkreis) et des villes du Land de Brandebourg.<\/p>\n<figure id=\"attachment_44416\" aria-describedby=\"caption-attachment-44416\" style=\"width: 360px\" class=\"wp-caption alignright\"><a href=\"https:\/\/gifex.com\/fr\/wp-content\/uploads\/44413\/Plan-du-metro-de-Berlin.png\" target=\"_blank\" rel=\"noopener\"><img fetchpriority=\"high\" decoding=\"async\" class=\"wp-image-44416\" title=\" Plan du m\u00e9tro de Berlin.\" src=\"https:\/\/gifex.com\/fr\/wp-content\/uploads\/44413\/Plan-du-metro-de-Berlin-300x181.png\" alt=\" Plan du m\u00e9tro de Berlin.\" width=\"360\" height=\"218\" srcset=\"https:\/\/gifex.com\/fr\/wp-content\/uploads\/44413\/Plan-du-metro-de-Berlin-300x181.png 300w, https:\/\/gifex.com\/fr\/wp-content\/uploads\/44413\/Plan-du-metro-de-Berlin-1024x619.png 1024w, https:\/\/gifex.com\/fr\/wp-content\/uploads\/44413\/Plan-du-metro-de-Berlin-768x464.png 768w, https:\/\/gifex.com\/fr\/wp-content\/uploads\/44413\/Plan-du-metro-de-Berlin-1536x929.png 1536w, https:\/\/gifex.com\/fr\/wp-content\/uploads\/44413\/Plan-du-metro-de-Berlin-2048x1238.png 2048w, https:\/\/gifex.com\/fr\/wp-content\/uploads\/44413\/Plan-du-metro-de-Berlin-1600x967.png 1600w\" sizes=\"(max-width: 360px) 100vw, 360px\" \/><\/a><figcaption id=\"caption-attachment-44416\" class=\"wp-caption-text\"><label style=\"font-size: 15px;\">Plan du m\u00e9tro de Berlin.<\/label><\/figcaption><\/figure>\n<p>La VBB est l&#8217;autorit\u00e9 de planification des transports r\u00e9gionaux, attribue les contrats de prestations aux entreprises priv\u00e9es et publiques et fixe les tarifs. Pour les lignes et r\u00e9seaux de transport qui ne franchissent pas les fronti\u00e8res d&#8217;un d\u00e9partement, la localit\u00e9 est responsable. Cela signifie \u00e9galement que la ville-\u00c9tat de Berlin est seule \u00e0 pouvoir attribuer des contrats de services pour les r\u00e9seaux et les lignes qui ne d\u00e9passent pas les limites de la ville, mais qu&#8217;elle doit conclure un accord avec le Land de Brandebourg environnant pour le transport r\u00e9gional par train et par bus, c&#8217;est-\u00e0-dire le S-Bahn et les trains r\u00e9gionaux.<\/p>\n<figure id=\"attachment_44417\" aria-describedby=\"caption-attachment-44417\" style=\"width: 360px\" class=\"wp-caption alignright\"><a href=\"https:\/\/gifex.com\/fr\/wp-content\/uploads\/44413\/Plan-du-S-Bahn-de-Berlin.png\" target=\"_blank\" rel=\"noopener\"><img decoding=\"async\" class=\"wp-image-44417\" title=\"Plan du S-Bahn de Berlin.\" src=\"https:\/\/gifex.com\/fr\/wp-content\/uploads\/44413\/Plan-du-S-Bahn-de-Berlin-300x223.png\" alt=\"Plan du S-Bahn de Berlin.\" width=\"360\" height=\"268\" srcset=\"https:\/\/gifex.com\/fr\/wp-content\/uploads\/44413\/Plan-du-S-Bahn-de-Berlin-300x223.png 300w, https:\/\/gifex.com\/fr\/wp-content\/uploads\/44413\/Plan-du-S-Bahn-de-Berlin-1024x762.png 1024w, https:\/\/gifex.com\/fr\/wp-content\/uploads\/44413\/Plan-du-S-Bahn-de-Berlin-768x572.png 768w, https:\/\/gifex.com\/fr\/wp-content\/uploads\/44413\/Plan-du-S-Bahn-de-Berlin-1536x1144.png 1536w, https:\/\/gifex.com\/fr\/wp-content\/uploads\/44413\/Plan-du-S-Bahn-de-Berlin-1600x1191.png 1600w, https:\/\/gifex.com\/fr\/wp-content\/uploads\/44413\/Plan-du-S-Bahn-de-Berlin.png 2000w\" sizes=\"(max-width: 360px) 100vw, 360px\" \/><\/a><figcaption id=\"caption-attachment-44417\" class=\"wp-caption-text\"><label style=\"font-size: 15px;\">Plan du S-Bahn de Berlin.<\/label><\/figcaption><\/figure>\n<p>Les r\u00e9seaux de transport en commun de la ville se composent de plusieurs r\u00e9seaux distincts, avec des transports ferroviaires lourds et l\u00e9gers avec cinq syst\u00e8mes d&#8217;\u00e9lectrification diff\u00e9rents et incompatibles. Il s&#8217;agit notamment des syst\u00e8mes ferroviaires urbains U-Bahn et S-Bahn, des services ferroviaires r\u00e9gionaux, d&#8217;un syst\u00e8me de tramway, d&#8217;un r\u00e9seau de bus et d&#8217;un certain nombre de services de ferry. Il existe un grand nombre de stations d&#8217;\u00e9change communes entre les diff\u00e9rents modes.<\/p>\n<p>Tous ces services rel\u00e8vent, comme expliqu\u00e9 ci-dessus, du tarif commun des transports publics g\u00e9r\u00e9 par le Verkehrsverbund Berlin-Brandenburg (VBB). Cela couvre la ville de Berlin et environ 15 kilom\u00e8tres au-del\u00e0 des limites de la ville. La zone est divis\u00e9e en trois zones. La zone A correspond aux parties centrales de la ville (\u00e0 l&#8217;int\u00e9rieur du Ringbahn) et la zone B correspond aux parties ext\u00e9rieures de la ville de Berlin. La zone C couvre une zone situ\u00e9e au-del\u00e0 des limites de la ville.<\/p>\n<p>Les tarifs des billets pr\u00e9sentent une l\u00e9g\u00e8re diff\u00e9rence de prix entre ces trois zones. Par exemple, en juin 2012, un ticket journalier pour la zone A+B co\u00fbtait 6,30 \u20ac, un ticket journalier pour la zone B+C \u00e9tait \u00e0 6,60 \u20ac, et pour les trois zones A+B+C, le prix \u00e9tait de 6,80 \u20ac.<\/p>\n<div class=\"boxscrl\">\n<table width=\"1248\">\n<tbody>\n<tr>\n<td width=\"190\">Syst\u00e8me<\/td>\n<td width=\"231\">Gares \/ Lignes \/ Longueur nette<\/td>\n<td width=\"155\">Passagers par an<\/td>\n<td width=\"672\">Op\u00e9rateur \/ Remarque<\/td>\n<\/tr>\n<tr>\n<td>S-Bahn<\/td>\n<td width=\"231\">166 \/ 15 \/ 327\u00a0km<\/td>\n<td width=\"155\">417,000,000 (2015)<\/td>\n<td width=\"672\">DB \/ Syst\u00e8me ferroviaire de transport en commun rapide principalement a\u00e9rien avec arr\u00eats de banlieue<\/td>\n<\/tr>\n<tr>\n<td>U-Bahn<\/td>\n<td width=\"231\">173 \/ 10 \/ 146\u00a0km<\/td>\n<td width=\"155\">507,000,000 (2012)<\/td>\n<td>BVG \/ Syst\u00e8me ferroviaire principalement souterrain \/ service 24h\/24 le week-end<\/td>\n<\/tr>\n<tr>\n<td>Tramway<\/td>\n<td width=\"231\">404 \/ 22 \/ 189\u00a0km<\/td>\n<td width=\"155\">181,000,000 (2014)<\/td>\n<td width=\"672\">BVG \/ Op\u00e8re principalement dans les arrondissements de l\u2019Est<\/td>\n<\/tr>\n<tr>\n<td>Autobus<\/td>\n<td width=\"231\">3227 \/ 151 \/ 1,626\u00a0km<\/td>\n<td width=\"155\">405,000,000 (2014)<\/td>\n<td width=\"672\">BVG \/ Des services \u00e9tendus dans tous les arrondissements \/ 62 lignes de nuit<\/td>\n<\/tr>\n<tr>\n<td>Ferry<\/td>\n<td width=\"231\">5 lignes<\/td>\n<td width=\"155\"><\/td>\n<td width=\"672\">BVG \/ Tous les modes de transports sont accessibles avec un seul ticket<\/td>\n<\/tr>\n<\/tbody>\n<\/table>\n<\/div>\n<p>&nbsp;<\/p>\n<div style=\"clear: both; display: inline-block; width: 100%;\">\n<div class=\"row\">\n<div class=\"col-sm\">\n<figure id=\"attachment_44415\" aria-describedby=\"caption-attachment-44415\" style=\"width: 400px\" class=\"wp-caption alignleft\"><a href=\"https:\/\/gifex.com\/fr\/wp-content\/uploads\/44413\/Carte-du-systeme-ferroviaire-de-la-region-metropolitaine-de-Berlin-Brandebourg-2015.png\" target=\"_blank\" rel=\"noopener\"><img decoding=\"async\" class=\"wp-image-44415\" title=\"Carte du systeme ferroviaire de la r\u00e9gion m\u00e9tropolitaine de Berlin-Brandebourg.\" src=\"https:\/\/gifex.com\/fr\/wp-content\/uploads\/44413\/Carte-du-systeme-ferroviaire-de-la-region-metropolitaine-de-Berlin-Brandebourg-2015-258x300.png\" alt=\"Carte du systeme ferroviaire de la r\u00e9gion m\u00e9tropolitaine de Berlin-Brandebourg.\" width=\"400\" height=\"465\" srcset=\"https:\/\/gifex.com\/fr\/wp-content\/uploads\/44413\/Carte-du-systeme-ferroviaire-de-la-region-metropolitaine-de-Berlin-Brandebourg-2015-258x300.png 258w, https:\/\/gifex.com\/fr\/wp-content\/uploads\/44413\/Carte-du-systeme-ferroviaire-de-la-region-metropolitaine-de-Berlin-Brandebourg-2015-881x1024.png 881w, https:\/\/gifex.com\/fr\/wp-content\/uploads\/44413\/Carte-du-systeme-ferroviaire-de-la-region-metropolitaine-de-Berlin-Brandebourg-2015-768x892.png 768w, https:\/\/gifex.com\/fr\/wp-content\/uploads\/44413\/Carte-du-systeme-ferroviaire-de-la-region-metropolitaine-de-Berlin-Brandebourg-2015-1322x1536.png 1322w, https:\/\/gifex.com\/fr\/wp-content\/uploads\/44413\/Carte-du-systeme-ferroviaire-de-la-region-metropolitaine-de-Berlin-Brandebourg-2015-300x349.png 300w, https:\/\/gifex.com\/fr\/wp-content\/uploads\/44413\/Carte-du-systeme-ferroviaire-de-la-region-metropolitaine-de-Berlin-Brandebourg-2015-1377x1600.png 1377w, https:\/\/gifex.com\/fr\/wp-content\/uploads\/44413\/Carte-du-systeme-ferroviaire-de-la-region-metropolitaine-de-Berlin-Brandebourg-2015.png 1762w\" sizes=\"(max-width: 400px) 100vw, 400px\" \/><\/a><figcaption id=\"caption-attachment-44415\" class=\"wp-caption-text\"><label style=\"font-size: 15px;\">Carte du systeme ferroviaire de la r\u00e9gion m\u00e9tropolitaine de Berlin-Brandebourg en 2015.<\/label><\/figcaption><\/figure>\n<\/div>\n<div class=\"col-sm\">\n<figure id=\"attachment_44418\" aria-describedby=\"caption-attachment-44418\" style=\"width: 400px\" class=\"wp-caption alignright\"><a href=\"https:\/\/gifex.com\/fr\/wp-content\/uploads\/44413\/Plan-du-tramway-de-Berlin-en-decembre-2022.png\" target=\"_blank\" rel=\"noopener\"><img loading=\"lazy\" decoding=\"async\" class=\"wp-image-44418\" title=\"Plan du tramway de Berlin en d\u00e9cembre 2022.\" src=\"https:\/\/gifex.com\/fr\/wp-content\/uploads\/44413\/Plan-du-tramway-de-Berlin-en-decembre-2022-278x300.png\" alt=\"Plan du tramway de Berlin en d\u00e9cembre 2022.\" width=\"400\" height=\"431\" srcset=\"https:\/\/gifex.com\/fr\/wp-content\/uploads\/44413\/Plan-du-tramway-de-Berlin-en-decembre-2022-278x300.png 278w, https:\/\/gifex.com\/fr\/wp-content\/uploads\/44413\/Plan-du-tramway-de-Berlin-en-decembre-2022-950x1024.png 950w, https:\/\/gifex.com\/fr\/wp-content\/uploads\/44413\/Plan-du-tramway-de-Berlin-en-decembre-2022-768x828.png 768w, https:\/\/gifex.com\/fr\/wp-content\/uploads\/44413\/Plan-du-tramway-de-Berlin-en-decembre-2022-1425x1536.png 1425w, https:\/\/gifex.com\/fr\/wp-content\/uploads\/44413\/Plan-du-tramway-de-Berlin-en-decembre-2022-1900x2048.png 1900w, https:\/\/gifex.com\/fr\/wp-content\/uploads\/44413\/Plan-du-tramway-de-Berlin-en-decembre-2022-300x323.png 300w, https:\/\/gifex.com\/fr\/wp-content\/uploads\/44413\/Plan-du-tramway-de-Berlin-en-decembre-2022-1484x1600.png 1484w\" sizes=\"(max-width: 400px) 100vw, 400px\" \/><\/a><figcaption id=\"caption-attachment-44418\" class=\"wp-caption-text\"><label style=\"font-size: 15px;\">Plan du tramway de Berlin en d\u00e9cembre 2022, y compris l&#8217;extension de la Karl-Ziegler-Strasse jusqu&#8217;\u00e0 la station de S-Bahn Sch\u00f6neweide au sud-est.<\/label><\/figcaption><\/figure>\n<\/div>\n<\/div>\n<\/div>\n","protected":false},"excerpt":{"rendered":"<p>Carte des transports publics \u00e0 Berlin. Le r\u00e9seau de transports publics locaux de Berlin rel\u00e8ve de l&#8217;autorit\u00e9 r\u00e9gionale de transport appel\u00e9e Verkehrsverbund &#8230;<\/p>\n","protected":false},"author":1,"featured_media":44430,"template":"","categoria_ficha":[2032],"class_list":["post-44413","ficha","type-ficha","status-publish","has-post-thumbnail","hentry","categoria_ficha-cartes-de-berlin"],"acf":[],"_links":{"self":[{"href":"https:\/\/gifex.com\/fr\/wp-json\/wp\/v2\/ficha\/44413","targetHints":{"allow":["GET"]}}],"collection":[{"href":"https:\/\/gifex.com\/fr\/wp-json\/wp\/v2\/ficha"}],"about":[{"href":"https:\/\/gifex.com\/fr\/wp-json\/wp\/v2\/types\/ficha"}],"author":[{"embeddable":true,"href":"https:\/\/gifex.com\/fr\/wp-json\/wp\/v2\/users\/1"}],"version-history":[{"count":6,"href":"https:\/\/gifex.com\/fr\/wp-json\/wp\/v2\/ficha\/44413\/revisions"}],"predecessor-version":[{"id":44434,"href":"https:\/\/gifex.com\/fr\/wp-json\/wp\/v2\/ficha\/44413\/revisions\/44434"}],"wp:featuredmedia":[{"embeddable":true,"href":"https:\/\/gifex.com\/fr\/wp-json\/wp\/v2\/media\/44430"}],"wp:attachment":[{"href":"https:\/\/gifex.com\/fr\/wp-json\/wp\/v2\/media?parent=44413"}],"wp:term":[{"taxonomy":"categoria_ficha","embeddable":true,"href":"https:\/\/gifex.com\/fr\/wp-json\/wp\/v2\/categoria_ficha?post=44413"}],"curies":[{"name":"wp","href":"https:\/\/api.w.org\/{rel}","templated":true}]}}

Carte des transports publics à Berlin

<p style="text-align: center;"><label style="font-size: 15px;">Carte des transports publics à Berlin.</label></p>
<p>Le réseau de transports publics locaux de Berlin relève de l&#8217;autorité régionale de transport appelée <em>Verkehrsverbund Berlin-Brandenburg</em> (VBB), une entreprise commune des deux États fédéraux (Bundesland) Berlin et Brandebourg, ainsi que des comtés (Landkreis) et des villes du Land de Brandebourg.</p>
<figure id="attachment_44416" aria-describedby="caption-attachment-44416" style="width: 360px" class="wp-caption alignright"><a href="https://gifex.com/fr/wp-content/uploads/44413/Plan-du-metro-de-Berlin.png" target="_blank" rel="noopener"><img fetchpriority="high" decoding="async" class="wp-image-44416" title=" Plan du métro de Berlin." src="https://gifex.com/fr/wp-content/uploads/44413/Plan-du-metro-de-Berlin-300x181.png" alt=" Plan du métro de Berlin." width="360" height="218" srcset="https://gifex.com/fr/wp-content/uploads/44413/Plan-du-metro-de-Berlin-300x181.png 300w, https://gifex.com/fr/wp-content/uploads/44413/Plan-du-metro-de-Berlin-1024x619.png 1024w, https://gifex.com/fr/wp-content/uploads/44413/Plan-du-metro-de-Berlin-768x464.png 768w, https://gifex.com/fr/wp-content/uploads/44413/Plan-du-metro-de-Berlin-1536x929.png 1536w, https://gifex.com/fr/wp-content/uploads/44413/Plan-du-metro-de-Berlin-2048x1238.png 2048w, https://gifex.com/fr/wp-content/uploads/44413/Plan-du-metro-de-Berlin-1600x967.png 1600w" sizes="(max-width: 360px) 100vw, 360px" /></a><figcaption id="caption-attachment-44416" class="wp-caption-text"><label style="font-size: 15px;">Plan du métro de Berlin.</label></figcaption></figure>
<p>La VBB est l&#8217;autorité de planification des transports régionaux, attribue les contrats de prestations aux entreprises privées et publiques et fixe les tarifs. Pour les lignes et réseaux de transport qui ne franchissent pas les frontières d&#8217;un département, la localité est responsable. Cela signifie également que la ville-État de Berlin est seule à pouvoir attribuer des contrats de services pour les réseaux et les lignes qui ne dépassent pas les limites de la ville, mais qu&#8217;elle doit conclure un accord avec le Land de Brandebourg environnant pour le transport régional par train et par bus, c&#8217;est-à-dire le S-Bahn et les trains régionaux.</p>
<figure id="attachment_44417" aria-describedby="caption-attachment-44417" style="width: 360px" class="wp-caption alignright"><a href="https://gifex.com/fr/wp-content/uploads/44413/Plan-du-S-Bahn-de-Berlin.png" target="_blank" rel="noopener"><img decoding="async" class="wp-image-44417" title="Plan du S-Bahn de Berlin." src="https://gifex.com/fr/wp-content/uploads/44413/Plan-du-S-Bahn-de-Berlin-300x223.png" alt="Plan du S-Bahn de Berlin." width="360" height="268" srcset="https://gifex.com/fr/wp-content/uploads/44413/Plan-du-S-Bahn-de-Berlin-300x223.png 300w, https://gifex.com/fr/wp-content/uploads/44413/Plan-du-S-Bahn-de-Berlin-1024x762.png 1024w, https://gifex.com/fr/wp-content/uploads/44413/Plan-du-S-Bahn-de-Berlin-768x572.png 768w, https://gifex.com/fr/wp-content/uploads/44413/Plan-du-S-Bahn-de-Berlin-1536x1144.png 1536w, https://gifex.com/fr/wp-content/uploads/44413/Plan-du-S-Bahn-de-Berlin-1600x1191.png 1600w, https://gifex.com/fr/wp-content/uploads/44413/Plan-du-S-Bahn-de-Berlin.png 2000w" sizes="(max-width: 360px) 100vw, 360px" /></a><figcaption id="caption-attachment-44417" class="wp-caption-text"><label style="font-size: 15px;">Plan du S-Bahn de Berlin.</label></figcaption></figure>
<p>Les réseaux de transport en commun de la ville se composent de plusieurs réseaux distincts, avec des transports ferroviaires lourds et légers avec cinq systèmes d&#8217;électrification différents et incompatibles. Il s&#8217;agit notamment des systèmes ferroviaires urbains U-Bahn et S-Bahn, des services ferroviaires régionaux, d&#8217;un système de tramway, d&#8217;un réseau de bus et d&#8217;un certain nombre de services de ferry. Il existe un grand nombre de stations d&#8217;échange communes entre les différents modes.</p>
<p>Tous ces services relèvent, comme expliqué ci-dessus, du tarif commun des transports publics géré par le Verkehrsverbund Berlin-Brandenburg (VBB). Cela couvre la ville de Berlin et environ 15 kilomètres au-delà des limites de la ville. La zone est divisée en trois zones. La zone A correspond aux parties centrales de la ville (à l&#8217;intérieur du Ringbahn) et la zone B correspond aux parties extérieures de la ville de Berlin. La zone C couvre une zone située au-delà des limites de la ville.</p>
<p>Les tarifs des billets présentent une légère différence de prix entre ces trois zones. Par exemple, en juin 2012, un ticket journalier pour la zone A+B coûtait 6,30 €, un ticket journalier pour la zone B+C était à 6,60 €, et pour les trois zones A+B+C, le prix était de 6,80 €.</p>
<div class="boxscrl">
<table width="1248">
<tbody>
<tr>
<td width="190">Système</td>
<td width="231">Gares / Lignes / Longueur nette</td>
<td width="155">Passagers par an</td>
<td width="672">Opérateur / Remarque</td>
</tr>
<tr>
<td>S-Bahn</td>
<td width="231">166 / 15 / 327 km</td>
<td width="155">417,000,000 (2015)</td>
<td width="672">DB / Système ferroviaire de transport en commun rapide principalement aérien avec arrêts de banlieue</td>
</tr>
<tr>
<td>U-Bahn</td>
<td width="231">173 / 10 / 146 km</td>
<td width="155">507,000,000 (2012)</td>
<td>BVG / Système ferroviaire principalement souterrain / service 24h/24 le week-end</td>
</tr>
<tr>
<td>Tramway</td>
<td width="231">404 / 22 / 189 km</td>
<td width="155">181,000,000 (2014)</td>
<td width="672">BVG / Opère principalement dans les arrondissements de l’Est</td>
</tr>
<tr>
<td>Autobus</td>
<td width="231">3227 / 151 / 1,626 km</td>
<td width="155">405,000,000 (2014)</td>
<td width="672">BVG / Des services étendus dans tous les arrondissements / 62 lignes de nuit</td>
</tr>
<tr>
<td>Ferry</td>
<td width="231">5 lignes</td>
<td width="155"></td>
<td width="672">BVG / Tous les modes de transports sont accessibles avec un seul ticket</td>
</tr>
</tbody>
</table>
</div>
<p>&nbsp;</p>
<div style="clear: both; display: inline-block; width: 100%;">
<div class="row">
<div class="col-sm">
<figure id="attachment_44415" aria-describedby="caption-attachment-44415" style="width: 400px" class="wp-caption alignleft"><a href="https://gifex.com/fr/wp-content/uploads/44413/Carte-du-systeme-ferroviaire-de-la-region-metropolitaine-de-Berlin-Brandebourg-2015.png" target="_blank" rel="noopener"><img decoding="async" class="wp-image-44415" title="Carte du systeme ferroviaire de la région métropolitaine de Berlin-Brandebourg." src="https://gifex.com/fr/wp-content/uploads/44413/Carte-du-systeme-ferroviaire-de-la-region-metropolitaine-de-Berlin-Brandebourg-2015-258x300.png" alt="Carte du systeme ferroviaire de la région métropolitaine de Berlin-Brandebourg." width="400" height="465" srcset="https://gifex.com/fr/wp-content/uploads/44413/Carte-du-systeme-ferroviaire-de-la-region-metropolitaine-de-Berlin-Brandebourg-2015-258x300.png 258w, https://gifex.com/fr/wp-content/uploads/44413/Carte-du-systeme-ferroviaire-de-la-region-metropolitaine-de-Berlin-Brandebourg-2015-881x1024.png 881w, https://gifex.com/fr/wp-content/uploads/44413/Carte-du-systeme-ferroviaire-de-la-region-metropolitaine-de-Berlin-Brandebourg-2015-768x892.png 768w, https://gifex.com/fr/wp-content/uploads/44413/Carte-du-systeme-ferroviaire-de-la-region-metropolitaine-de-Berlin-Brandebourg-2015-1322x1536.png 1322w, https://gifex.com/fr/wp-content/uploads/44413/Carte-du-systeme-ferroviaire-de-la-region-metropolitaine-de-Berlin-Brandebourg-2015-300x349.png 300w, https://gifex.com/fr/wp-content/uploads/44413/Carte-du-systeme-ferroviaire-de-la-region-metropolitaine-de-Berlin-Brandebourg-2015-1377x1600.png 1377w, https://gifex.com/fr/wp-content/uploads/44413/Carte-du-systeme-ferroviaire-de-la-region-metropolitaine-de-Berlin-Brandebourg-2015.png 1762w" sizes="(max-width: 400px) 100vw, 400px" /></a><figcaption id="caption-attachment-44415" class="wp-caption-text"><label style="font-size: 15px;">Carte du systeme ferroviaire de la région métropolitaine de Berlin-Brandebourg en 2015.</label></figcaption></figure>
</div>
<div class="col-sm">
<figure id="attachment_44418" aria-describedby="caption-attachment-44418" style="width: 400px" class="wp-caption alignright"><a href="https://gifex.com/fr/wp-content/uploads/44413/Plan-du-tramway-de-Berlin-en-decembre-2022.png" target="_blank" rel="noopener"><img loading="lazy" decoding="async" class="wp-image-44418" title="Plan du tramway de Berlin en décembre 2022." src="https://gifex.com/fr/wp-content/uploads/44413/Plan-du-tramway-de-Berlin-en-decembre-2022-278x300.png" alt="Plan du tramway de Berlin en décembre 2022." width="400" height="431" srcset="https://gifex.com/fr/wp-content/uploads/44413/Plan-du-tramway-de-Berlin-en-decembre-2022-278x300.png 278w, https://gifex.com/fr/wp-content/uploads/44413/Plan-du-tramway-de-Berlin-en-decembre-2022-950x1024.png 950w, https://gifex.com/fr/wp-content/uploads/44413/Plan-du-tramway-de-Berlin-en-decembre-2022-768x828.png 768w, https://gifex.com/fr/wp-content/uploads/44413/Plan-du-tramway-de-Berlin-en-decembre-2022-1425x1536.png 1425w, https://gifex.com/fr/wp-content/uploads/44413/Plan-du-tramway-de-Berlin-en-decembre-2022-1900x2048.png 1900w, https://gifex.com/fr/wp-content/uploads/44413/Plan-du-tramway-de-Berlin-en-decembre-2022-300x323.png 300w, https://gifex.com/fr/wp-content/uploads/44413/Plan-du-tramway-de-Berlin-en-decembre-2022-1484x1600.png 1484w" sizes="(max-width: 400px) 100vw, 400px" /></a><figcaption id="caption-attachment-44418" class="wp-caption-text"><label style="font-size: 15px;">Plan du tramway de Berlin en décembre 2022, y compris l&#8217;extension de la Karl-Ziegler-Strasse jusqu&#8217;à la station de S-Bahn Schöneweide au sud-est.</label></figcaption></figure>
</div>
</div>
</div>

<p>Carte des transports publics à Berlin. Le réseau de transports publics locaux de Berlin relève de l&#8217;autorité régionale de transport appelée Verkehrsverbund &#8230;</p>
