{"id":44311,"date":"2023-10-02T13:30:54","date_gmt":"2023-10-02T13:30:54","guid":{"rendered":"https:\/\/gifex.com\/fr\/?post_type=ficha&#038;p=44311"},"modified":"2023-10-02T13:30:54","modified_gmt":"2023-10-02T13:30:54","slug":"image-satellite-de-l-allemagne","status":"publish","type":"ficha","link":"https:\/\/gifex.com\/fr\/fichier\/image-satellite-de-l-allemagne\/","title":{"rendered":"Image satellite de l\u2019Allemagne"},"content":{"rendered":"<p style=\"text-align: center;\"><label style=\"font-size: 15px;\">Image satellite de l\u2019Allemagne.<\/label><\/p>\n<p>Au cours des cent derni\u00e8res ann\u00e9es, aucune r\u00e9gion du monde n\u2019a probablement vu ses fronti\u00e8res changer aussi fr\u00e9quemment que l\u2019Europe centrale et orientale. Les derni\u00e8res fronti\u00e8res politiques de la r\u00e9gion ont \u00e9t\u00e9 superpos\u00e9es en blanc sur cette image en vraies couleurs de l&#8217;Europe acquise par le spectroradiom\u00e8tre imageur \u00e0 r\u00e9solution moyenne (MODIS) le 29 septembre 2000, volant \u00e0 bord du vaisseau spatial Terra de la NASA. En haut de l&#8217;image, on peut voir les \u00eeles danoises de Sj\u00e6lland et Fyn, ainsi que le continent danois. Copenhague, la capitale du Danemark, est situ\u00e9e sur Sj\u00e6lland, la plus grande des \u00eeles.<\/p>\n<p>Vers le bas de l\u2019image, le Rhin serpente vers le nord le long de la fronti\u00e8re entre l\u2019Allemagne et la France. \u00c0 la limite sud de l&#8217;Allemagne, les Alpes brun fonc\u00e9 sont visibles \u00e0 travers une couche nuageuse in\u00e9gale.<\/p>\n<p>Brian Montgomery, Robert Simmon et Reto Stockli, sur la base des donn\u00e9es de l&#8217;\u00e9quipe scientifique MODIS.<\/p>\n","protected":false},"excerpt":{"rendered":"<p>Image satellite de l\u2019Allemagne. Au cours des cent derni\u00e8res ann\u00e9es, aucune r\u00e9gion du monde n\u2019a probablement vu ses fronti\u00e8res changer aussi fr\u00e9quemment que &#8230;<\/p>\n","protected":false},"author":1,"featured_media":44312,"template":"","categoria_ficha":[97],"class_list":["post-44311","ficha","type-ficha","status-publish","has-post-thumbnail","hentry","categoria_ficha-cartes-de-l-allemagne"],"acf":[],"_links":{"self":[{"href":"https:\/\/gifex.com\/fr\/wp-json\/wp\/v2\/ficha\/44311","targetHints":{"allow":["GET"]}}],"collection":[{"href":"https:\/\/gifex.com\/fr\/wp-json\/wp\/v2\/ficha"}],"about":[{"href":"https:\/\/gifex.com\/fr\/wp-json\/wp\/v2\/types\/ficha"}],"author":[{"embeddable":true,"href":"https:\/\/gifex.com\/fr\/wp-json\/wp\/v2\/users\/1"}],"version-history":[{"count":1,"href":"https:\/\/gifex.com\/fr\/wp-json\/wp\/v2\/ficha\/44311\/revisions"}],"predecessor-version":[{"id":44313,"href":"https:\/\/gifex.com\/fr\/wp-json\/wp\/v2\/ficha\/44311\/revisions\/44313"}],"wp:featuredmedia":[{"embeddable":true,"href":"https:\/\/gifex.com\/fr\/wp-json\/wp\/v2\/media\/44312"}],"wp:attachment":[{"href":"https:\/\/gifex.com\/fr\/wp-json\/wp\/v2\/media?parent=44311"}],"wp:term":[{"taxonomy":"categoria_ficha","embeddable":true,"href":"https:\/\/gifex.com\/fr\/wp-json\/wp\/v2\/categoria_ficha?post=44311"}],"curies":[{"name":"wp","href":"https:\/\/api.w.org\/{rel}","templated":true}]}}

<p style="text-align: center;"><label style="font-size: 15px;">Image satellite de l’Allemagne.</label></p>
<p>Au cours des cent dernières années, aucune région du monde n’a probablement vu ses frontières changer aussi fréquemment que l’Europe centrale et orientale. Les dernières frontières politiques de la région ont été superposées en blanc sur cette image en vraies couleurs de l&#8217;Europe acquise par le spectroradiomètre imageur à résolution moyenne (MODIS) le 29 septembre 2000, volant à bord du vaisseau spatial Terra de la NASA. En haut de l&#8217;image, on peut voir les îles danoises de Sjælland et Fyn, ainsi que le continent danois. Copenhague, la capitale du Danemark, est située sur Sjælland, la plus grande des îles.</p>
<p>Vers le bas de l’image, le Rhin serpente vers le nord le long de la frontière entre l’Allemagne et la France. À la limite sud de l&#8217;Allemagne, les Alpes brun foncé sont visibles à travers une couche nuageuse inégale.</p>
<p>Brian Montgomery, Robert Simmon et Reto Stockli, sur la base des données de l&#8217;équipe scientifique MODIS.</p>

<p>Image satellite de l’Allemagne. Au cours des cent dernières années, aucune région du monde n’a probablement vu ses frontières changer aussi fréquemment que &#8230;</p>
