{"id":42953,"date":"2023-08-08T19:26:32","date_gmt":"2023-08-08T19:26:32","guid":{"rendered":"https:\/\/gifex.com\/fr\/?post_type=ficha&#038;p=42953"},"modified":"2023-08-08T19:26:32","modified_gmt":"2023-08-08T19:26:32","slug":"carte-politique-du-cameroun","status":"publish","type":"ficha","link":"https:\/\/gifex.com\/fr\/fichier\/carte-politique-du-cameroun\/","title":{"rendered":"Carte politique du Cameroun"},"content":{"rendered":"<p>Carte politique du Cameroun, pays politiquement divis\u00e9 en dix r\u00e9gions elles-m\u00eames divis\u00e9es en 58 d\u00e9partements. Les d\u00e9partements sont divis\u00e9s en arrondissements. Les r\u00e9gions sont cr\u00e9\u00e9es \u00e0 la suite d&#8217;un d\u00e9cret pr\u00e9sidentiel le 12 novembre 2008. Jusque-l\u00e0 on avait affaire aux \u00ab provinces \u00bb ou \u00ab districts \u00bb.<\/p>\n","protected":false},"excerpt":{"rendered":"<p>Carte politique du Cameroun, pays politiquement divis\u00e9 en dix r\u00e9gions elles-m\u00eames divis\u00e9es en 58 d\u00e9partements. Les d\u00e9partements sont divis\u00e9s en arrondissements.<\/p>\n","protected":false},"author":1,"featured_media":42954,"template":"","categoria_ficha":[198],"class_list":["post-42953","ficha","type-ficha","status-publish","has-post-thumbnail","hentry","categoria_ficha-cartes-du-cameroun"],"acf":[],"_links":{"self":[{"href":"https:\/\/gifex.com\/fr\/wp-json\/wp\/v2\/ficha\/42953","targetHints":{"allow":["GET"]}}],"collection":[{"href":"https:\/\/gifex.com\/fr\/wp-json\/wp\/v2\/ficha"}],"about":[{"href":"https:\/\/gifex.com\/fr\/wp-json\/wp\/v2\/types\/ficha"}],"author":[{"embeddable":true,"href":"https:\/\/gifex.com\/fr\/wp-json\/wp\/v2\/users\/1"}],"version-history":[{"count":1,"href":"https:\/\/gifex.com\/fr\/wp-json\/wp\/v2\/ficha\/42953\/revisions"}],"predecessor-version":[{"id":42956,"href":"https:\/\/gifex.com\/fr\/wp-json\/wp\/v2\/ficha\/42953\/revisions\/42956"}],"wp:featuredmedia":[{"embeddable":true,"href":"https:\/\/gifex.com\/fr\/wp-json\/wp\/v2\/media\/42954"}],"wp:attachment":[{"href":"https:\/\/gifex.com\/fr\/wp-json\/wp\/v2\/media?parent=42953"}],"wp:term":[{"taxonomy":"categoria_ficha","embeddable":true,"href":"https:\/\/gifex.com\/fr\/wp-json\/wp\/v2\/categoria_ficha?post=42953"}],"curies":[{"name":"wp","href":"https:\/\/api.w.org\/{rel}","templated":true}]}}

<p>Carte politique du Cameroun, pays politiquement divisé en dix régions elles-mêmes divisées en 58 départements. Les départements sont divisés en arrondissements. Les régions sont créées à la suite d&#8217;un décret présidentiel le 12 novembre 2008. Jusque-là on avait affaire aux « provinces » ou « districts ».</p>

<p>Carte politique du Cameroun, pays politiquement divisé en dix régions elles-mêmes divisées en 58 départements. Les départements sont divisés en arrondissements.</p>
