{"id":42440,"date":"2023-07-24T19:46:52","date_gmt":"2023-07-24T19:46:52","guid":{"rendered":"https:\/\/gifex.com\/fr\/?post_type=ficha&#038;p=42440"},"modified":"2023-07-24T19:46:52","modified_gmt":"2023-07-24T19:46:52","slug":"carte-du-liban-1860-1861","status":"publish","type":"ficha","link":"https:\/\/gifex.com\/fr\/fichier\/carte-du-liban-1860-1861\/","title":{"rendered":"Carte du Liban 1860-1861"},"content":{"rendered":"<p style=\"text-align: center;\"><label style=\"font-size: 15px;\">Carte du Liban d&#8217;apr\u00e8s les reconnaissances de la brigade topographique du corps exp\u00e9ditionnaire de Syrie en 1860-1861, dress\u00e9e au D\u00e9p\u00f4t de la guerre par le capitaine d&#8217;\u00e9tat major Gelis sous le minist\u00e8re de S. E. le mar\u00e9chal Comte Randon 1862.<\/label><\/p>\n<p>Cette carte du Liban montrant une partie de la Syrie avec Damas a \u00e9t\u00e9 r\u00e9alis\u00e9e par des cartographes militaires fran\u00e7ais en 1862. Elle est bas\u00e9e sur les informations recueillies par l&#8217;unit\u00e9 topographique du corps exp\u00e9ditionnaire envoy\u00e9 par la France au Liban en 1860-61. Le Liban faisait alors partie de l&#8217;Empire ottoman et la r\u00e9gion centrale connue sous le nom de Mont-Liban \u00e9tait principalement peupl\u00e9e de chr\u00e9tiens et de druzes. Un soul\u00e8vement paysan maronite en 1858 a conduit \u00e0 des combats entre les deux groupes, qui ont abouti au massacre en 1860 par les Druzes d&#8217;environ 10 000 catholiques maronites ainsi que des catholiques grecs et des orthodoxes grecs.<\/p>\n<p>La France, exer\u00e7ant son r\u00f4le traditionnel de protecteur europ\u00e9en des chr\u00e9tiens du Moyen-Orient, envoie une force de 6 000 soldats au Liban, qui d\u00e9barque \u00e0 Beyrouth le 16 ao\u00fbt 1860. Les troupes restent dans le pays jusqu&#8217;en juin 1861 et r\u00e9ussissent \u00e0 r\u00e9tablir l&#8217;ordre. La carte montre les fronti\u00e8res des districts, les villes et villages, les chemins de fer, les mosqu\u00e9es, les couvents ou monast\u00e8res chr\u00e9tiens, les rivi\u00e8res et autres caract\u00e9ristiques g\u00e9ographiques. Le relief est repr\u00e9sent\u00e9 par des hachures. Les hauteurs sont indiqu\u00e9es en m\u00e8tres.<\/p>\n<p>La carte a deux \u00e9chelles de distance : kilom\u00e8tres et milles marins. Le tableau en bas \u00e0 droite r\u00e9pertorie tous les districts du Liban, avec leurs populations r\u00e9parties selon les sept religions repr\u00e9sent\u00e9es dans la r\u00e9gion : maronites, \u00ab grecs schismatiques \u00bb (c&#8217;est-\u00e0-dire orthodoxes qui ont reconnu l&#8217;autorit\u00e9 du patriarche grec de Constantinople), grecs catholiques, druzes, m\u00e9toualis (ancien terme d\u00e9signant les chiites libanais), musulmans (sunnites) et juifs. Les maronites \u00e9taient le groupe le plus important, repr\u00e9sentant 208 180 habitants sur une population totale de 487 600.<\/p>\n","protected":false},"excerpt":{"rendered":"<p>Carte du Liban d&#8217;apr\u00e8s les reconnaissances de la brigade topographique du corps exp\u00e9ditionnaire de Syrie en 1860-1861, dress\u00e9e au D\u00e9p\u00f4t de la guerre par le &#8230;<\/p>\n","protected":false},"author":1,"featured_media":42441,"template":"","categoria_ficha":[170],"class_list":["post-42440","ficha","type-ficha","status-publish","has-post-thumbnail","hentry","categoria_ficha-cartes-du-liban"],"acf":[],"_links":{"self":[{"href":"https:\/\/gifex.com\/fr\/wp-json\/wp\/v2\/ficha\/42440","targetHints":{"allow":["GET"]}}],"collection":[{"href":"https:\/\/gifex.com\/fr\/wp-json\/wp\/v2\/ficha"}],"about":[{"href":"https:\/\/gifex.com\/fr\/wp-json\/wp\/v2\/types\/ficha"}],"author":[{"embeddable":true,"href":"https:\/\/gifex.com\/fr\/wp-json\/wp\/v2\/users\/1"}],"version-history":[{"count":1,"href":"https:\/\/gifex.com\/fr\/wp-json\/wp\/v2\/ficha\/42440\/revisions"}],"predecessor-version":[{"id":42443,"href":"https:\/\/gifex.com\/fr\/wp-json\/wp\/v2\/ficha\/42440\/revisions\/42443"}],"wp:featuredmedia":[{"embeddable":true,"href":"https:\/\/gifex.com\/fr\/wp-json\/wp\/v2\/media\/42441"}],"wp:attachment":[{"href":"https:\/\/gifex.com\/fr\/wp-json\/wp\/v2\/media?parent=42440"}],"wp:term":[{"taxonomy":"categoria_ficha","embeddable":true,"href":"https:\/\/gifex.com\/fr\/wp-json\/wp\/v2\/categoria_ficha?post=42440"}],"curies":[{"name":"wp","href":"https:\/\/api.w.org\/{rel}","templated":true}]}}

<p style="text-align: center;"><label style="font-size: 15px;">Carte du Liban d&#8217;après les reconnaissances de la brigade topographique du corps expéditionnaire de Syrie en 1860-1861, dressée au Dépôt de la guerre par le capitaine d&#8217;état major Gelis sous le ministère de S. E. le maréchal Comte Randon 1862.</label></p>
<p>Cette carte du Liban montrant une partie de la Syrie avec Damas a été réalisée par des cartographes militaires français en 1862. Elle est basée sur les informations recueillies par l&#8217;unité topographique du corps expéditionnaire envoyé par la France au Liban en 1860-61. Le Liban faisait alors partie de l&#8217;Empire ottoman et la région centrale connue sous le nom de Mont-Liban était principalement peuplée de chrétiens et de druzes. Un soulèvement paysan maronite en 1858 a conduit à des combats entre les deux groupes, qui ont abouti au massacre en 1860 par les Druzes d&#8217;environ 10 000 catholiques maronites ainsi que des catholiques grecs et des orthodoxes grecs.</p>
<p>La France, exerçant son rôle traditionnel de protecteur européen des chrétiens du Moyen-Orient, envoie une force de 6 000 soldats au Liban, qui débarque à Beyrouth le 16 août 1860. Les troupes restent dans le pays jusqu&#8217;en juin 1861 et réussissent à rétablir l&#8217;ordre. La carte montre les frontières des districts, les villes et villages, les chemins de fer, les mosquées, les couvents ou monastères chrétiens, les rivières et autres caractéristiques géographiques. Le relief est représenté par des hachures. Les hauteurs sont indiquées en mètres.</p>
<p>La carte a deux échelles de distance : kilomètres et milles marins. Le tableau en bas à droite répertorie tous les districts du Liban, avec leurs populations réparties selon les sept religions représentées dans la région : maronites, « grecs schismatiques » (c&#8217;est-à-dire orthodoxes qui ont reconnu l&#8217;autorité du patriarche grec de Constantinople), grecs catholiques, druzes, métoualis (ancien terme désignant les chiites libanais), musulmans (sunnites) et juifs. Les maronites étaient le groupe le plus important, représentant 208 180 habitants sur une population totale de 487 600.</p>

<p>Carte du Liban d&#8217;après les reconnaissances de la brigade topographique du corps expéditionnaire de Syrie en 1860-1861, dressée au Dépôt de la guerre par le &#8230;</p>
