{"id":42197,"date":"2023-07-19T00:20:13","date_gmt":"2023-07-19T00:20:13","guid":{"rendered":"https:\/\/gifex.com\/fr\/?post_type=ficha&#038;p=42197"},"modified":"2023-07-19T21:28:16","modified_gmt":"2023-07-19T21:28:16","slug":"carte-de-la-prefecture-de-l-ombella-mpoko","status":"publish","type":"ficha","link":"https:\/\/gifex.com\/fr\/fichier\/carte-de-la-prefecture-de-l-ombella-mpoko\/","title":{"rendered":"Carte de la pr\u00e9fecture de l&#8217;Ombella-M&#8217;Poko"},"content":{"rendered":"<p style=\"text-align: center;\"><label style=\"font-size: 15px;\">Carte de la pr\u00e9fecture de l&#8217;Ombella-M&#8217;Poko.<\/label><\/p>\n<p>Ombella-Mpoko est une pr\u00e9fecture de la R\u00e9publique centrafricaine dont le chef-lieu est Boali. La superficie de la pr\u00e9fecture est de 28 710 km\u00b2. En 2022, 269 809 r\u00e9sidents y ont \u00e9t\u00e9 recens\u00e9s. Une attraction touristique sont les chutes de Boali, qui, cependant, n&#8217;ont de l&#8217;eau que le week-end en raison de l&#8217;exploitation du barrage de Boali.<\/p>\n<figure id=\"attachment_42202\" aria-describedby=\"caption-attachment-42202\" style=\"width: 360px\" class=\"wp-caption alignright\"><a href=\"https:\/\/gifex.com\/fr\/wp-content\/uploads\/42197\/Carte-de-localisation-de-la-prefecture-de-l-Ombella-MPoko.png\" target=\"_blank\" rel=\"noopener\"><img fetchpriority=\"high\" decoding=\"async\" class=\"wp-image-42202\" title=\"Carte de localisation de la pr\u00e9fecture de l'Ombella-M'Poko.\" src=\"https:\/\/gifex.com\/fr\/wp-content\/uploads\/42197\/Carte-de-localisation-de-la-prefecture-de-l-Ombella-MPoko-300x182.png\" alt=\"Carte de localisation de la pr\u00e9fecture de l'Ombella-M'Poko.\" width=\"360\" height=\"219\" srcset=\"https:\/\/gifex.com\/fr\/wp-content\/uploads\/42197\/Carte-de-localisation-de-la-prefecture-de-l-Ombella-MPoko-300x182.png 300w, https:\/\/gifex.com\/fr\/wp-content\/uploads\/42197\/Carte-de-localisation-de-la-prefecture-de-l-Ombella-MPoko-768x467.png 768w, https:\/\/gifex.com\/fr\/wp-content\/uploads\/42197\/Carte-de-localisation-de-la-prefecture-de-l-Ombella-MPoko.png 1025w\" sizes=\"(max-width: 360px) 100vw, 360px\" \/><\/a><figcaption id=\"caption-attachment-42202\" class=\"wp-caption-text\"><label style=\"font-size: 15px;\">Carte de localisation de la pr\u00e9fecture de l&#8217;Ombella-M&#8217;Poko.<\/label><\/figcaption><\/figure>\n<p>En 2020, des zones du sud de la pr\u00e9fecture ont \u00e9t\u00e9 d\u00e9tach\u00e9es et ont rejoint la pr\u00e9fecture de Bangui nouvellement cr\u00e9\u00e9e. Une partie du territoire c\u00e9d\u00e9 \u00e9tait la ville de Bimbo, l&#8217;ancien chef-lieu de la pr\u00e9fecture. Depuis 2020, Boali est le chef-lieu de la pr\u00e9fecture.<\/p>\n<p>Ombella-Mpoko est divis\u00e9e en 5 sous-pr\u00e9fectures (chacune avec sa capitale entre parenth\u00e8ses) :<\/p>\n<ul>\n<li>Boali ( Boali )<\/li>\n<li>Damara ( Damara )<\/li>\n<li>Bogangolo ( Bogangolo )<\/li>\n<li>Bossemb\u00e9l\u00e9 ( Bossemb\u00e9l\u00e9 )<\/li>\n<li>Yalok\u00e9 ( Yalok\u00e9 )<\/li>\n<\/ul>\n<p><strong>G\u00e9ographie<\/strong><\/p>\n<p>Situ\u00e9e au sud-ouest du pays, la pr\u00e9fecture borde les pr\u00e9fectures de l&#8217;Ouham et de l&#8217;Ouham-Fafa au nord, la pr\u00e9fecture de la K\u00e9mo \u00e0 l&#8217;est, la R\u00e9publique d\u00e9mocratique du Congo au sud-est, les pr\u00e9fectures de Bangui et de la Lobaye au sud, et les pr\u00e9fectures de Mamb\u00e9r\u00e9, Nana-Mamb\u00e9r\u00e9 et Ouham-Pend\u00e9 \u00e0 l&#8217;ouest.<\/p>\n<p>Dans la pr\u00e9fecture se trouve le lac Manuela.<\/p>\n<figure id=\"attachment_42205\" aria-describedby=\"caption-attachment-42205\" style=\"width: 400px\" class=\"wp-caption aligncenter\"><a href=\"https:\/\/gifex.com\/fr\/wp-content\/uploads\/42197\/Carte-de-la-prefecture-de-l-Ombella-MPoko-4-11-2020.jpg\" target=\"_blank\" rel=\"noopener\"><img decoding=\"async\" class=\"wp-image-42205\" title=\"Carte de la pr\u00e9fecture de l'Ombella-M'Poko d'avant le d\u00e9membrement de 2020.\" src=\"https:\/\/gifex.com\/fr\/wp-content\/uploads\/42197\/Carte-de-la-prefecture-de-l-Ombella-MPoko-4-11-2020-300x233.jpg\" alt=\"Carte de la pr\u00e9fecture de l'Ombella-M'Poko d'avant le d\u00e9membrement de 2020.\" width=\"400\" height=\"311\" srcset=\"https:\/\/gifex.com\/fr\/wp-content\/uploads\/42197\/Carte-de-la-prefecture-de-l-Ombella-MPoko-4-11-2020-300x233.jpg 300w, https:\/\/gifex.com\/fr\/wp-content\/uploads\/42197\/Carte-de-la-prefecture-de-l-Ombella-MPoko-4-11-2020-1024x796.jpg 1024w, https:\/\/gifex.com\/fr\/wp-content\/uploads\/42197\/Carte-de-la-prefecture-de-l-Ombella-MPoko-4-11-2020-768x597.jpg 768w, https:\/\/gifex.com\/fr\/wp-content\/uploads\/42197\/Carte-de-la-prefecture-de-l-Ombella-MPoko-4-11-2020-1536x1194.jpg 1536w, https:\/\/gifex.com\/fr\/wp-content\/uploads\/42197\/Carte-de-la-prefecture-de-l-Ombella-MPoko-4-11-2020-2048x1592.jpg 2048w, https:\/\/gifex.com\/fr\/wp-content\/uploads\/42197\/Carte-de-la-prefecture-de-l-Ombella-MPoko-4-11-2020-1600x1244.jpg 1600w\" sizes=\"(max-width: 400px) 100vw, 400px\" \/><\/a><figcaption id=\"caption-attachment-42205\" class=\"wp-caption-text\"><label style=\"font-size: 15px;\">Carte de la pr\u00e9fecture de l&#8217;Ombella-M&#8217;Poko d&#8217;avant le d\u00e9membrement des zones du sud de la pr\u00e9fecture en 2020.<\/label><\/figcaption><\/figure>\n","protected":false},"excerpt":{"rendered":"<p>Carte de la pr\u00e9fecture de l&#8217;Ombella-M&#8217;Poko. Ombella-Mpoko est une pr\u00e9fecture de la R\u00e9publique centrafricaine dont le chef-lieu est Boali. La superficie de la &#8230;<\/p>\n","protected":false},"author":1,"featured_media":42201,"template":"","categoria_ficha":[225],"class_list":["post-42197","ficha","type-ficha","status-publish","has-post-thumbnail","hentry","categoria_ficha-cartes-de-la-republique-centrafricaine"],"acf":[],"_links":{"self":[{"href":"https:\/\/gifex.com\/fr\/wp-json\/wp\/v2\/ficha\/42197","targetHints":{"allow":["GET"]}}],"collection":[{"href":"https:\/\/gifex.com\/fr\/wp-json\/wp\/v2\/ficha"}],"about":[{"href":"https:\/\/gifex.com\/fr\/wp-json\/wp\/v2\/types\/ficha"}],"author":[{"embeddable":true,"href":"https:\/\/gifex.com\/fr\/wp-json\/wp\/v2\/users\/1"}],"version-history":[{"count":3,"href":"https:\/\/gifex.com\/fr\/wp-json\/wp\/v2\/ficha\/42197\/revisions"}],"predecessor-version":[{"id":42258,"href":"https:\/\/gifex.com\/fr\/wp-json\/wp\/v2\/ficha\/42197\/revisions\/42258"}],"wp:featuredmedia":[{"embeddable":true,"href":"https:\/\/gifex.com\/fr\/wp-json\/wp\/v2\/media\/42201"}],"wp:attachment":[{"href":"https:\/\/gifex.com\/fr\/wp-json\/wp\/v2\/media?parent=42197"}],"wp:term":[{"taxonomy":"categoria_ficha","embeddable":true,"href":"https:\/\/gifex.com\/fr\/wp-json\/wp\/v2\/categoria_ficha?post=42197"}],"curies":[{"name":"wp","href":"https:\/\/api.w.org\/{rel}","templated":true}]}}

Carte de la préfecture de l&#8217;Ombella-M&#8217;Poko

<p style="text-align: center;"><label style="font-size: 15px;">Carte de la préfecture de l&#8217;Ombella-M&#8217;Poko.</label></p>
<p>Ombella-Mpoko est une préfecture de la République centrafricaine dont le chef-lieu est Boali. La superficie de la préfecture est de 28 710 km². En 2022, 269 809 résidents y ont été recensés. Une attraction touristique sont les chutes de Boali, qui, cependant, n&#8217;ont de l&#8217;eau que le week-end en raison de l&#8217;exploitation du barrage de Boali.</p>
<figure id="attachment_42202" aria-describedby="caption-attachment-42202" style="width: 360px" class="wp-caption alignright"><a href="https://gifex.com/fr/wp-content/uploads/42197/Carte-de-localisation-de-la-prefecture-de-l-Ombella-MPoko.png" target="_blank" rel="noopener"><img fetchpriority="high" decoding="async" class="wp-image-42202" title="Carte de localisation de la préfecture de l'Ombella-M'Poko." src="https://gifex.com/fr/wp-content/uploads/42197/Carte-de-localisation-de-la-prefecture-de-l-Ombella-MPoko-300x182.png" alt="Carte de localisation de la préfecture de l'Ombella-M'Poko." width="360" height="219" srcset="https://gifex.com/fr/wp-content/uploads/42197/Carte-de-localisation-de-la-prefecture-de-l-Ombella-MPoko-300x182.png 300w, https://gifex.com/fr/wp-content/uploads/42197/Carte-de-localisation-de-la-prefecture-de-l-Ombella-MPoko-768x467.png 768w, https://gifex.com/fr/wp-content/uploads/42197/Carte-de-localisation-de-la-prefecture-de-l-Ombella-MPoko.png 1025w" sizes="(max-width: 360px) 100vw, 360px" /></a><figcaption id="caption-attachment-42202" class="wp-caption-text"><label style="font-size: 15px;">Carte de localisation de la préfecture de l&#8217;Ombella-M&#8217;Poko.</label></figcaption></figure>
<p>En 2020, des zones du sud de la préfecture ont été détachées et ont rejoint la préfecture de Bangui nouvellement créée. Une partie du territoire cédé était la ville de Bimbo, l&#8217;ancien chef-lieu de la préfecture. Depuis 2020, Boali est le chef-lieu de la préfecture.</p>
<p>Ombella-Mpoko est divisée en 5 sous-préfectures (chacune avec sa capitale entre parenthèses) :</p>
<ul>
<li>Boali ( Boali )</li>
<li>Damara ( Damara )</li>
<li>Bogangolo ( Bogangolo )</li>
<li>Bossembélé ( Bossembélé )</li>
<li>Yaloké ( Yaloké )</li>
</ul>
<p><strong>Géographie</strong></p>
<p>Située au sud-ouest du pays, la préfecture borde les préfectures de l&#8217;Ouham et de l&#8217;Ouham-Fafa au nord, la préfecture de la Kémo à l&#8217;est, la République démocratique du Congo au sud-est, les préfectures de Bangui et de la Lobaye au sud, et les préfectures de Mambéré, Nana-Mambéré et Ouham-Pendé à l&#8217;ouest.</p>
<p>Dans la préfecture se trouve le lac Manuela.</p>
<figure id="attachment_42205" aria-describedby="caption-attachment-42205" style="width: 400px" class="wp-caption aligncenter"><a href="https://gifex.com/fr/wp-content/uploads/42197/Carte-de-la-prefecture-de-l-Ombella-MPoko-4-11-2020.jpg" target="_blank" rel="noopener"><img decoding="async" class="wp-image-42205" title="Carte de la préfecture de l'Ombella-M'Poko d'avant le démembrement de 2020." src="https://gifex.com/fr/wp-content/uploads/42197/Carte-de-la-prefecture-de-l-Ombella-MPoko-4-11-2020-300x233.jpg" alt="Carte de la préfecture de l'Ombella-M'Poko d'avant le démembrement de 2020." width="400" height="311" srcset="https://gifex.com/fr/wp-content/uploads/42197/Carte-de-la-prefecture-de-l-Ombella-MPoko-4-11-2020-300x233.jpg 300w, https://gifex.com/fr/wp-content/uploads/42197/Carte-de-la-prefecture-de-l-Ombella-MPoko-4-11-2020-1024x796.jpg 1024w, https://gifex.com/fr/wp-content/uploads/42197/Carte-de-la-prefecture-de-l-Ombella-MPoko-4-11-2020-768x597.jpg 768w, https://gifex.com/fr/wp-content/uploads/42197/Carte-de-la-prefecture-de-l-Ombella-MPoko-4-11-2020-1536x1194.jpg 1536w, https://gifex.com/fr/wp-content/uploads/42197/Carte-de-la-prefecture-de-l-Ombella-MPoko-4-11-2020-2048x1592.jpg 2048w, https://gifex.com/fr/wp-content/uploads/42197/Carte-de-la-prefecture-de-l-Ombella-MPoko-4-11-2020-1600x1244.jpg 1600w" sizes="(max-width: 400px) 100vw, 400px" /></a><figcaption id="caption-attachment-42205" class="wp-caption-text"><label style="font-size: 15px;">Carte de la préfecture de l&#8217;Ombella-M&#8217;Poko d&#8217;avant le démembrement des zones du sud de la préfecture en 2020.</label></figcaption></figure>

<p>Carte de la préfecture de l&#8217;Ombella-M&#8217;Poko. Ombella-Mpoko est une préfecture de la République centrafricaine dont le chef-lieu est Boali. La superficie de la &#8230;</p>
