{"id":42194,"date":"2023-07-19T00:05:20","date_gmt":"2023-07-19T00:05:20","guid":{"rendered":"https:\/\/gifex.com\/fr\/?post_type=ficha&#038;p=42194"},"modified":"2023-07-20T00:55:04","modified_gmt":"2023-07-20T00:55:04","slug":"carte-de-la-prefecture-de-l-ouham-fafa","status":"publish","type":"ficha","link":"https:\/\/gifex.com\/fr\/fichier\/carte-de-la-prefecture-de-l-ouham-fafa\/","title":{"rendered":"Carte de la pr\u00e9fecture de l&#8217;Ouham-Fafa"},"content":{"rendered":"<p style=\"text-align: center;\"><label style=\"font-size: 15px;\">Carte de la pr\u00e9fecture de l&#8217;Ouham-Fafa.<\/label><\/p>\n<p>Ouham-Fafa est une pr\u00e9fecture de la R\u00e9publique centrafricaine. Elle a une population en 2022 de 225 479. La plus grande ville et chef-lieu de la pr\u00e9fecture est Batangafo. La superficie de la pr\u00e9fecture est de 32 530 km\u00b2. La pr\u00e9fecture a \u00e9t\u00e9 cr\u00e9\u00e9e en 2020, son territoire appartenait auparavant enti\u00e8rement \u00e0 la pr\u00e9fecture de l&#8217;Ouham.<\/p>\n<figure id=\"attachment_42196\" aria-describedby=\"caption-attachment-42196\" style=\"width: 360px\" class=\"wp-caption alignright\"><a href=\"https:\/\/gifex.com\/fr\/wp-content\/uploads\/42194\/Carte-de-localisation-de-la-prefecture-de-l-Ouham-Fafa.png\" target=\"_blank\" rel=\"noopener\"><img fetchpriority=\"high\" decoding=\"async\" class=\"wp-image-42196\" title=\"Carte de localisation de la pr\u00e9fecture de l'Ouham-Fafa.\" src=\"https:\/\/gifex.com\/fr\/wp-content\/uploads\/42194\/Carte-de-localisation-de-la-prefecture-de-l-Ouham-Fafa-300x182.png\" alt=\"Carte de localisation de la pr\u00e9fecture de l'Ouham-Fafa.\" width=\"360\" height=\"219\" srcset=\"https:\/\/gifex.com\/fr\/wp-content\/uploads\/42194\/Carte-de-localisation-de-la-prefecture-de-l-Ouham-Fafa-300x182.png 300w, https:\/\/gifex.com\/fr\/wp-content\/uploads\/42194\/Carte-de-localisation-de-la-prefecture-de-l-Ouham-Fafa-768x467.png 768w, https:\/\/gifex.com\/fr\/wp-content\/uploads\/42194\/Carte-de-localisation-de-la-prefecture-de-l-Ouham-Fafa.png 1025w\" sizes=\"(max-width: 360px) 100vw, 360px\" \/><\/a><figcaption id=\"caption-attachment-42196\" class=\"wp-caption-text\"><label style=\"font-size: 15px;\">Carte de localisation de la pr\u00e9fecture de l&#8217;Ouham-Fafa.<\/label><\/figcaption><\/figure>\n<p>Ouham-Fafa est divis\u00e9 en 4 sous-pr\u00e9fectures (chacune avec sa capitale entre parenth\u00e8ses) :<\/p>\n<ul>\n<li>Batangafo ( Batangafo )<\/li>\n<li>Bouca ( Bouca )<\/li>\n<li>Kabo ( Kabo )<\/li>\n<li>Sido ( Moyenne Sido )<\/li>\n<\/ul>\n<p><strong>G\u00e9ographie<\/strong><\/p>\n<p>La pr\u00e9fecture est situ\u00e9e au centre nord-ouest du pays. Elle borde le Tchad au nord, Bamingui-Bangoran au nord-est sur quelques kilom\u00e8tres, Nana-Gribizi \u00e0 l&#8217;est, K\u00e9mo au sud-est, Ombella-Mpoko au sud et Ouham \u00e0 l&#8217;ouest. La pr\u00e9fecture porte le nom des deux fleuves l&#8217;Ouham et le Fafa.<\/p>\n","protected":false},"excerpt":{"rendered":"<p>Carte de la pr\u00e9fecture de l&#8217;Ouham-Fafa. Ouham-Fafa est une pr\u00e9fecture de la R\u00e9publique centrafricaine. Elle a une population en 2022 de 225 479. La plus grande <\/p>\n","protected":false},"author":1,"featured_media":42195,"template":"","categoria_ficha":[225],"class_list":["post-42194","ficha","type-ficha","status-publish","has-post-thumbnail","hentry","categoria_ficha-cartes-de-la-republique-centrafricaine"],"acf":[],"_links":{"self":[{"href":"https:\/\/gifex.com\/fr\/wp-json\/wp\/v2\/ficha\/42194","targetHints":{"allow":["GET"]}}],"collection":[{"href":"https:\/\/gifex.com\/fr\/wp-json\/wp\/v2\/ficha"}],"about":[{"href":"https:\/\/gifex.com\/fr\/wp-json\/wp\/v2\/types\/ficha"}],"author":[{"embeddable":true,"href":"https:\/\/gifex.com\/fr\/wp-json\/wp\/v2\/users\/1"}],"version-history":[{"count":4,"href":"https:\/\/gifex.com\/fr\/wp-json\/wp\/v2\/ficha\/42194\/revisions"}],"predecessor-version":[{"id":42310,"href":"https:\/\/gifex.com\/fr\/wp-json\/wp\/v2\/ficha\/42194\/revisions\/42310"}],"wp:featuredmedia":[{"embeddable":true,"href":"https:\/\/gifex.com\/fr\/wp-json\/wp\/v2\/media\/42195"}],"wp:attachment":[{"href":"https:\/\/gifex.com\/fr\/wp-json\/wp\/v2\/media?parent=42194"}],"wp:term":[{"taxonomy":"categoria_ficha","embeddable":true,"href":"https:\/\/gifex.com\/fr\/wp-json\/wp\/v2\/categoria_ficha?post=42194"}],"curies":[{"name":"wp","href":"https:\/\/api.w.org\/{rel}","templated":true}]}}

Carte de la préfecture de l&#8217;Ouham-Fafa

<p style="text-align: center;"><label style="font-size: 15px;">Carte de la préfecture de l&#8217;Ouham-Fafa.</label></p>
<p>Ouham-Fafa est une préfecture de la République centrafricaine. Elle a une population en 2022 de 225 479. La plus grande ville et chef-lieu de la préfecture est Batangafo. La superficie de la préfecture est de 32 530 km². La préfecture a été créée en 2020, son territoire appartenait auparavant entièrement à la préfecture de l&#8217;Ouham.</p>
<figure id="attachment_42196" aria-describedby="caption-attachment-42196" style="width: 360px" class="wp-caption alignright"><a href="https://gifex.com/fr/wp-content/uploads/42194/Carte-de-localisation-de-la-prefecture-de-l-Ouham-Fafa.png" target="_blank" rel="noopener"><img fetchpriority="high" decoding="async" class="wp-image-42196" title="Carte de localisation de la préfecture de l'Ouham-Fafa." src="https://gifex.com/fr/wp-content/uploads/42194/Carte-de-localisation-de-la-prefecture-de-l-Ouham-Fafa-300x182.png" alt="Carte de localisation de la préfecture de l'Ouham-Fafa." width="360" height="219" srcset="https://gifex.com/fr/wp-content/uploads/42194/Carte-de-localisation-de-la-prefecture-de-l-Ouham-Fafa-300x182.png 300w, https://gifex.com/fr/wp-content/uploads/42194/Carte-de-localisation-de-la-prefecture-de-l-Ouham-Fafa-768x467.png 768w, https://gifex.com/fr/wp-content/uploads/42194/Carte-de-localisation-de-la-prefecture-de-l-Ouham-Fafa.png 1025w" sizes="(max-width: 360px) 100vw, 360px" /></a><figcaption id="caption-attachment-42196" class="wp-caption-text"><label style="font-size: 15px;">Carte de localisation de la préfecture de l&#8217;Ouham-Fafa.</label></figcaption></figure>
<p>Ouham-Fafa est divisé en 4 sous-préfectures (chacune avec sa capitale entre parenthèses) :</p>
<ul>
<li>Batangafo ( Batangafo )</li>
<li>Bouca ( Bouca )</li>
<li>Kabo ( Kabo )</li>
<li>Sido ( Moyenne Sido )</li>
</ul>
<p><strong>Géographie</strong></p>
<p>La préfecture est située au centre nord-ouest du pays. Elle borde le Tchad au nord, Bamingui-Bangoran au nord-est sur quelques kilomètres, Nana-Gribizi à l&#8217;est, Kémo au sud-est, Ombella-Mpoko au sud et Ouham à l&#8217;ouest. La préfecture porte le nom des deux fleuves l&#8217;Ouham et le Fafa.</p>

<p>Carte de la préfecture de l&#8217;Ouham-Fafa. Ouham-Fafa est une préfecture de la République centrafricaine. Elle a une population en 2022 de 225 479. La plus grande </p>
