{"id":41315,"date":"2023-07-02T01:17:02","date_gmt":"2023-07-02T01:17:02","guid":{"rendered":"https:\/\/gifex.com\/fr\/?post_type=ficha&#038;p=41315"},"modified":"2023-07-02T01:17:02","modified_gmt":"2023-07-02T01:17:02","slug":"carte-du-territoire-francais-des-afars-et-des-issas","status":"publish","type":"ficha","link":"https:\/\/gifex.com\/fr\/fichier\/carte-du-territoire-francais-des-afars-et-des-issas\/","title":{"rendered":"Carte du Territoire fran\u00e7ais des Afars et des Issas"},"content":{"rendered":"<p>Carte du Territoire fran\u00e7ais des Afars et des Issas (TFAI), le territoire fran\u00e7ais d&#8217;outre-mer ayant pr\u00e9c\u00e9d\u00e9 l&#8217;actuelle R\u00e9publique de Djibouti entre 1967 et son acc\u00e8s \u00e0 l&#8217;ind\u00e9pendance en 1977. La r\u00e9gion \u00e9tait autrefois connue sous le nom de C\u00f4te fran\u00e7aise des Somalis. Son nom d\u00e9rive du peuple Afar de Djibouti et du clan somalien Issa.<\/p>\n","protected":false},"excerpt":{"rendered":"<p>Carte du Territoire fran\u00e7ais des Afars et des Issas (TFAI), le territoire fran\u00e7ais d&#8217;outre-mer ayant pr\u00e9c\u00e9d\u00e9 l&#8217;actuelle R\u00e9publique de Djibouti entre 1967 et &#8230;<\/p>\n","protected":false},"author":1,"featured_media":41316,"template":"","categoria_ficha":[241],"class_list":["post-41315","ficha","type-ficha","status-publish","has-post-thumbnail","hentry","categoria_ficha-cartes-de-djibouti"],"acf":[],"_links":{"self":[{"href":"https:\/\/gifex.com\/fr\/wp-json\/wp\/v2\/ficha\/41315","targetHints":{"allow":["GET"]}}],"collection":[{"href":"https:\/\/gifex.com\/fr\/wp-json\/wp\/v2\/ficha"}],"about":[{"href":"https:\/\/gifex.com\/fr\/wp-json\/wp\/v2\/types\/ficha"}],"author":[{"embeddable":true,"href":"https:\/\/gifex.com\/fr\/wp-json\/wp\/v2\/users\/1"}],"version-history":[{"count":1,"href":"https:\/\/gifex.com\/fr\/wp-json\/wp\/v2\/ficha\/41315\/revisions"}],"predecessor-version":[{"id":41317,"href":"https:\/\/gifex.com\/fr\/wp-json\/wp\/v2\/ficha\/41315\/revisions\/41317"}],"wp:featuredmedia":[{"embeddable":true,"href":"https:\/\/gifex.com\/fr\/wp-json\/wp\/v2\/media\/41316"}],"wp:attachment":[{"href":"https:\/\/gifex.com\/fr\/wp-json\/wp\/v2\/media?parent=41315"}],"wp:term":[{"taxonomy":"categoria_ficha","embeddable":true,"href":"https:\/\/gifex.com\/fr\/wp-json\/wp\/v2\/categoria_ficha?post=41315"}],"curies":[{"name":"wp","href":"https:\/\/api.w.org\/{rel}","templated":true}]}}

Carte du Territoire français des Afars et des Issas

<p>Carte du Territoire français des Afars et des Issas (TFAI), le territoire français d&#8217;outre-mer ayant précédé l&#8217;actuelle République de Djibouti entre 1967 et son accès à l&#8217;indépendance en 1977. La région était autrefois connue sous le nom de Côte française des Somalis. Son nom dérive du peuple Afar de Djibouti et du clan somalien Issa.</p>

<p>Carte du Territoire français des Afars et des Issas (TFAI), le territoire français d&#8217;outre-mer ayant précédé l&#8217;actuelle République de Djibouti entre 1967 et &#8230;</p>
