{"id":41241,"date":"2023-06-30T20:45:46","date_gmt":"2023-06-30T20:45:46","guid":{"rendered":"https:\/\/gifex.com\/fr\/?post_type=ficha&#038;p=41241"},"modified":"2023-06-30T20:48:23","modified_gmt":"2023-06-30T20:48:23","slug":"plan-du-reseau-de-bus-luxembourgeois","status":"publish","type":"ficha","link":"https:\/\/gifex.com\/fr\/fichier\/plan-du-reseau-de-bus-luxembourgeois\/","title":{"rendered":"Plan du r\u00e9seau de bus luxembourgeois"},"content":{"rendered":"<p style=\"text-align: center;\"><label style=\"font-size: 15px;\">Plan du r\u00e9seau de bus luxembourgeois.<\/label><\/p>\n<p>Le Luxembourg est desservi par un important r\u00e9seau de bus r\u00e9gional de 342 lignes couvrant la totalit\u00e9 du pays plac\u00e9 sous l&#8217;autorit\u00e9 du minist\u00e8re de la Mobilit\u00e9 et des Travaux publics, le R\u00e9gime g\u00e9n\u00e9ral des transports routiers (RGTR), qui sous-traite l&#8217;exploitation \u00e0 des transporteurs priv\u00e9s ainsi qu&#8217;aux CFL qui disposent aussi d&#8217;autobus.<\/p>\n<p>En outre, on retrouve deux r\u00e9seaux urbains principaux, tous les deux issus des anciens r\u00e9seaux de tramways ayant exist\u00e9 jusqu&#8217;au milieu du XX<sup>e<\/sup> si\u00e8cle :<\/p>\n<p>Les autobus de la ville de Luxembourg (AVL) qui desservent la capitale et les communes limitrophes \u00e0 l&#8217;aide d&#8217;un r\u00e9seau structur\u00e9 autour du tramway compos\u00e9 de 31 lignes de bus r\u00e9guli\u00e8res ;<br \/>\nLe Transport intercommunal de personnes dans le canton d&#8217;Esch-sur-Alzette (TICE) qui dessert essentiellement le canton d&#8217;Esch-sur-Alzette, au sud du pays, \u00e0 l&#8217;aide d&#8217;un r\u00e9seau de 15 lignes de bus r\u00e9guli\u00e8res.<\/p>\n<p>Ces trois r\u00e9seaux ainsi que le tramway de la capitale et le r\u00e9seau ferroviaire sont coordonn\u00e9es depuis 2021 par l&#8217;administration des transports publics. L&#8217;\u00c9tat, au travers du minist\u00e8re de la Mobilit\u00e9 et des Travaux publics, n&#8217;intervient pas dans l&#8217;organisation des services de transport public locaux appel\u00e9s \u00ab City-Bus \u00bb lorsqu&#8217;ils sont restreints au territoire d&#8217;une seule commune, dans le respect de l&#8217;autonomie communale et en vertu de l&#8217;article 2 de la loi du 12 juin 1965 sur les transports routiers.<\/p>\n<p>Parmi ces \u00ab City-Bus \u00bb, on retrouve plusieurs r\u00e9seaux tels le Diffbus de Differdange et le City-Bus de Wiltz, ou encore la \u00ab Navette de Remich \u00bb ; souvent gratuits, ces r\u00e9seaux sont payants dans certaines communes. Le week-end, des services de nuit sont assur\u00e9s sur de nombreuses communes du pays, ces lignes sont appel\u00e9es de fa\u00e7on g\u00e9n\u00e9rale des \u00ab Nightbus \u00bb. Enfin des offres de transport \u00e0 la demande existent, qu&#8217;elles soient d\u00e9di\u00e9es aux personnes \u00e0 mobilit\u00e9 r\u00e9duite (Adapto), aux r\u00e9gions rurales du nord du pays (Bummelbus) ou aux personnes handicap\u00e9es ayant des besoins sp\u00e9cifiques (Mobibus).<\/p>\n","protected":false},"excerpt":{"rendered":"<p>Plan du r\u00e9seau de bus luxembourgeois. Le Luxembourg est desservi par un important r&#8230;<\/p>\n","protected":false},"author":1,"featured_media":41242,"template":"","categoria_ficha":[125],"class_list":["post-41241","ficha","type-ficha","status-publish","has-post-thumbnail","hentry","categoria_ficha-cartes-du-luxembourg"],"acf":[],"_links":{"self":[{"href":"https:\/\/gifex.com\/fr\/wp-json\/wp\/v2\/ficha\/41241","targetHints":{"allow":["GET"]}}],"collection":[{"href":"https:\/\/gifex.com\/fr\/wp-json\/wp\/v2\/ficha"}],"about":[{"href":"https:\/\/gifex.com\/fr\/wp-json\/wp\/v2\/types\/ficha"}],"author":[{"embeddable":true,"href":"https:\/\/gifex.com\/fr\/wp-json\/wp\/v2\/users\/1"}],"version-history":[{"count":3,"href":"https:\/\/gifex.com\/fr\/wp-json\/wp\/v2\/ficha\/41241\/revisions"}],"predecessor-version":[{"id":41245,"href":"https:\/\/gifex.com\/fr\/wp-json\/wp\/v2\/ficha\/41241\/revisions\/41245"}],"wp:featuredmedia":[{"embeddable":true,"href":"https:\/\/gifex.com\/fr\/wp-json\/wp\/v2\/media\/41242"}],"wp:attachment":[{"href":"https:\/\/gifex.com\/fr\/wp-json\/wp\/v2\/media?parent=41241"}],"wp:term":[{"taxonomy":"categoria_ficha","embeddable":true,"href":"https:\/\/gifex.com\/fr\/wp-json\/wp\/v2\/categoria_ficha?post=41241"}],"curies":[{"name":"wp","href":"https:\/\/api.w.org\/{rel}","templated":true}]}}

Plan du réseau de bus luxembourgeois

<p style="text-align: center;"><label style="font-size: 15px;">Plan du réseau de bus luxembourgeois.</label></p>
<p>Le Luxembourg est desservi par un important réseau de bus régional de 342 lignes couvrant la totalité du pays placé sous l&#8217;autorité du ministère de la Mobilité et des Travaux publics, le Régime général des transports routiers (RGTR), qui sous-traite l&#8217;exploitation à des transporteurs privés ainsi qu&#8217;aux CFL qui disposent aussi d&#8217;autobus.</p>
<p>En outre, on retrouve deux réseaux urbains principaux, tous les deux issus des anciens réseaux de tramways ayant existé jusqu&#8217;au milieu du XX<sup>e</sup> siècle :</p>
<p>Les autobus de la ville de Luxembourg (AVL) qui desservent la capitale et les communes limitrophes à l&#8217;aide d&#8217;un réseau structuré autour du tramway composé de 31 lignes de bus régulières ;<br />
Le Transport intercommunal de personnes dans le canton d&#8217;Esch-sur-Alzette (TICE) qui dessert essentiellement le canton d&#8217;Esch-sur-Alzette, au sud du pays, à l&#8217;aide d&#8217;un réseau de 15 lignes de bus régulières.</p>
<p>Ces trois réseaux ainsi que le tramway de la capitale et le réseau ferroviaire sont coordonnées depuis 2021 par l&#8217;administration des transports publics. L&#8217;État, au travers du ministère de la Mobilité et des Travaux publics, n&#8217;intervient pas dans l&#8217;organisation des services de transport public locaux appelés « City-Bus » lorsqu&#8217;ils sont restreints au territoire d&#8217;une seule commune, dans le respect de l&#8217;autonomie communale et en vertu de l&#8217;article 2 de la loi du 12 juin 1965 sur les transports routiers.</p>
<p>Parmi ces « City-Bus », on retrouve plusieurs réseaux tels le Diffbus de Differdange et le City-Bus de Wiltz, ou encore la « Navette de Remich » ; souvent gratuits, ces réseaux sont payants dans certaines communes. Le week-end, des services de nuit sont assurés sur de nombreuses communes du pays, ces lignes sont appelées de façon générale des « Nightbus ». Enfin des offres de transport à la demande existent, qu&#8217;elles soient dédiées aux personnes à mobilité réduite (Adapto), aux régions rurales du nord du pays (Bummelbus) ou aux personnes handicapées ayant des besoins spécifiques (Mobibus).</p>

<p>Plan du réseau de bus luxembourgeois. Le Luxembourg est desservi par un important r&#8230;</p>
