{"id":41224,"date":"2023-06-30T17:26:21","date_gmt":"2023-06-30T17:26:21","guid":{"rendered":"https:\/\/gifex.com\/fr\/?post_type=ficha&#038;p=41224"},"modified":"2023-06-30T17:26:21","modified_gmt":"2023-06-30T17:26:21","slug":"carte-du-canton-de-redange","status":"publish","type":"ficha","link":"https:\/\/gifex.com\/fr\/fichier\/carte-du-canton-de-redange\/","title":{"rendered":"Carte du canton de Redange"},"content":{"rendered":"<p>Carte du canton de Redange, un canton luxembourgeois situ\u00e9 dans l&#8217;ouest du Luxembourg.<\/p>\n<figure id=\"attachment_41225\" aria-describedby=\"caption-attachment-41225\" style=\"width: 360px\" class=\"wp-caption alignright\"><a href=\"https:\/\/gifex.com\/fr\/wp-content\/uploads\/41224\/Carte-de-localisation-du-canton-de-Redange-au-Luxembourg.png\" target=\"_blank\" rel=\"noopener\"><img fetchpriority=\"high\" decoding=\"async\" class=\"wp-image-41225\" title=\"Carte de localisation du canton de Redange au Luxembourg.\" src=\"https:\/\/gifex.com\/fr\/wp-content\/uploads\/41224\/Carte-de-localisation-du-canton-de-Redange-au-Luxembourg-210x300.png\" alt=\"Carte de localisation du canton de Redange au Luxembourg.\" width=\"360\" height=\"513\" srcset=\"https:\/\/gifex.com\/fr\/wp-content\/uploads\/41224\/Carte-de-localisation-du-canton-de-Redange-au-Luxembourg-210x300.png 210w, https:\/\/gifex.com\/fr\/wp-content\/uploads\/41224\/Carte-de-localisation-du-canton-de-Redange-au-Luxembourg-718x1024.png 718w, https:\/\/gifex.com\/fr\/wp-content\/uploads\/41224\/Carte-de-localisation-du-canton-de-Redange-au-Luxembourg-768x1095.png 768w, https:\/\/gifex.com\/fr\/wp-content\/uploads\/41224\/Carte-de-localisation-du-canton-de-Redange-au-Luxembourg-1077x1536.png 1077w, https:\/\/gifex.com\/fr\/wp-content\/uploads\/41224\/Carte-de-localisation-du-canton-de-Redange-au-Luxembourg-300x428.png 300w, https:\/\/gifex.com\/fr\/wp-content\/uploads\/41224\/Carte-de-localisation-du-canton-de-Redange-au-Luxembourg-1122x1600.png 1122w, https:\/\/gifex.com\/fr\/wp-content\/uploads\/41224\/Carte-de-localisation-du-canton-de-Redange-au-Luxembourg.png 1436w\" sizes=\"(max-width: 360px) 100vw, 360px\" \/><\/a><figcaption id=\"caption-attachment-41225\" class=\"wp-caption-text\"><label style=\"font-size: 15px;\">Carte de localisation du canton de Redange (en orange) au Luxembourg.<\/label><\/figcaption><\/figure>\n<ul>\n<li>Superficie : 267,49 km\u00b2<\/li>\n<li>Population au 1<sup>er<\/sup> janvier 2023 : 20 874 hab.<\/li>\n<li>Chef-lieu : Redange-sur-Attert<\/li>\n<\/ul>\n<p>Le canton est d\u00e9limit\u00e9 \u00e0 l\u2019ouest par la fronti\u00e8re belge qui le s\u00e9pare des arrondissements d\u2019Arlon et Bastogne situ\u00e9s dans la province de Luxembourg.<\/p>\n<p>Le canton se situe juste \u00e0 la fronti\u00e8re des deux principaux paysages luxembourgeois.<\/p>\n<p>Au nord, le paysage est domin\u00e9 par la cha\u00eene de montagnes de l&#8217;Oesling, qui fait partie de la grande r\u00e9gion des Ardennes. Cette r\u00e9gion est caract\u00e9ris\u00e9e par des collines dens\u00e9ment bois\u00e9es avec une altitude moyenne de 400 \u00e0 500 m au-dessus du niveau de la mer, le point culminant \u00e9tant Napol\u00e9onsgaard \u00e0 554 m.<\/p>\n<p>De plus, cette r\u00e9gion pr\u00e9sente de profondes vall\u00e9es creus\u00e9es dans le sol par des rivi\u00e8res et des ruisseaux, la S\u00fbre et la Wark \u00e9tant les plus remarquables. Le r\u00e9servoir du lac de la Haute-S\u00fbre se situe \u00e9galement en partie dans le canton de Redange, \u00e0 la fronti\u00e8re avec le canton de Wiltz.<\/p>\n<p>Au sud, le paysage est domin\u00e9 par la plaine du Gutland. Cette zone se caract\u00e9rise par des altitudes plus basses, en moyenne \u00e0 environ 300 m au-dessus du niveau de la mer.<\/p>\n<p>De larges vall\u00e9es fluviales peu profondes dominent le paysage avec moins de couverture foresti\u00e8re que dans le nord. La rivi\u00e8re la plus importante de cette r\u00e9gion est l&#8217;Attert.<\/p>\n<p>Le canton de Redange comprend les dix communes suivantes :<\/p>\n<div class=\"boxscrl\">\n<table width=\"459\">\n<tbody>\n<tr>\n<td colspan=\"4\" width=\"459\">Donn\u00e9es au 1<sup>er<\/sup> janvier 2023<\/td>\n<\/tr>\n<tr>\n<td rowspan=\"2\" width=\"157\">Commune<\/td>\n<td rowspan=\"2\" width=\"98\">Superficie<\/td>\n<td rowspan=\"2\" width=\"101\">Population<\/td>\n<td width=\"103\">Densit\u00e9<\/td>\n<\/tr>\n<tr>\n<td width=\"103\">(en hab.\/km\u00b2)<\/td>\n<\/tr>\n<tr>\n<td>Beckerich<\/td>\n<td width=\"98\">28,41<\/td>\n<td width=\"101\">2\u00a0866<\/td>\n<td width=\"103\">100,9<\/td>\n<\/tr>\n<tr>\n<td>Ell<\/td>\n<td width=\"98\">21,55<\/td>\n<td width=\"101\">1\u00a0582<\/td>\n<td width=\"103\">73,4<\/td>\n<\/tr>\n<tr>\n<td>Grosbous<\/td>\n<td width=\"98\">20,11<\/td>\n<td width=\"101\">1\u00a0134<\/td>\n<td width=\"103\">56,4<\/td>\n<\/tr>\n<tr>\n<td>Pr\u00e9izerdaul<\/td>\n<td width=\"98\">15,6<\/td>\n<td width=\"101\">1\u00a0827<\/td>\n<td width=\"103\">117,1<\/td>\n<\/tr>\n<tr>\n<td>Rambrouch<\/td>\n<td width=\"98\">79,09<\/td>\n<td width=\"101\">4\u00a0836<\/td>\n<td width=\"103\">61,1<\/td>\n<\/tr>\n<tr>\n<td width=\"157\">Redange-sur-Attert<\/td>\n<td width=\"98\">31,95<\/td>\n<td width=\"101\">3\u00a0059<\/td>\n<td width=\"103\">95,7<\/td>\n<\/tr>\n<tr>\n<td>Saeul<\/td>\n<td width=\"98\">14,86<\/td>\n<td width=\"101\">983<\/td>\n<td width=\"103\">66,2<\/td>\n<\/tr>\n<tr>\n<td>Useldange<\/td>\n<td width=\"98\">23,92<\/td>\n<td width=\"101\">2\u00a0075<\/td>\n<td width=\"103\">86,7<\/td>\n<\/tr>\n<tr>\n<td>Vichten<\/td>\n<td width=\"98\">12,26<\/td>\n<td width=\"101\">4\u00a0255<\/td>\n<td width=\"103\">347,1<\/td>\n<\/tr>\n<tr>\n<td>Wahl<\/td>\n<td width=\"98\">19,74<\/td>\n<td width=\"101\">1\u00a0087<\/td>\n<td width=\"103\">55,1<\/td>\n<\/tr>\n<\/tbody>\n<\/table>\n<\/div>\n","protected":false},"excerpt":{"rendered":"<p>Carte du canton de Redange, un canton luxembourgeois situ\u00e9 dans l&#8217;ouest du Luxembourg. Superficie : 267,49 km\u00b2. Population au 1er janvier 2023 : 20 874 hab.<\/p>\n","protected":false},"author":1,"featured_media":41226,"template":"","categoria_ficha":[125],"class_list":["post-41224","ficha","type-ficha","status-publish","has-post-thumbnail","hentry","categoria_ficha-cartes-du-luxembourg"],"acf":[],"_links":{"self":[{"href":"https:\/\/gifex.com\/fr\/wp-json\/wp\/v2\/ficha\/41224","targetHints":{"allow":["GET"]}}],"collection":[{"href":"https:\/\/gifex.com\/fr\/wp-json\/wp\/v2\/ficha"}],"about":[{"href":"https:\/\/gifex.com\/fr\/wp-json\/wp\/v2\/types\/ficha"}],"author":[{"embeddable":true,"href":"https:\/\/gifex.com\/fr\/wp-json\/wp\/v2\/users\/1"}],"version-history":[{"count":1,"href":"https:\/\/gifex.com\/fr\/wp-json\/wp\/v2\/ficha\/41224\/revisions"}],"predecessor-version":[{"id":41227,"href":"https:\/\/gifex.com\/fr\/wp-json\/wp\/v2\/ficha\/41224\/revisions\/41227"}],"wp:featuredmedia":[{"embeddable":true,"href":"https:\/\/gifex.com\/fr\/wp-json\/wp\/v2\/media\/41226"}],"wp:attachment":[{"href":"https:\/\/gifex.com\/fr\/wp-json\/wp\/v2\/media?parent=41224"}],"wp:term":[{"taxonomy":"categoria_ficha","embeddable":true,"href":"https:\/\/gifex.com\/fr\/wp-json\/wp\/v2\/categoria_ficha?post=41224"}],"curies":[{"name":"wp","href":"https:\/\/api.w.org\/{rel}","templated":true}]}}

<p>Carte du canton de Redange, un canton luxembourgeois situé dans l&#8217;ouest du Luxembourg.</p>
<figure id="attachment_41225" aria-describedby="caption-attachment-41225" style="width: 360px" class="wp-caption alignright"><a href="https://gifex.com/fr/wp-content/uploads/41224/Carte-de-localisation-du-canton-de-Redange-au-Luxembourg.png" target="_blank" rel="noopener"><img fetchpriority="high" decoding="async" class="wp-image-41225" title="Carte de localisation du canton de Redange au Luxembourg." src="https://gifex.com/fr/wp-content/uploads/41224/Carte-de-localisation-du-canton-de-Redange-au-Luxembourg-210x300.png" alt="Carte de localisation du canton de Redange au Luxembourg." width="360" height="513" srcset="https://gifex.com/fr/wp-content/uploads/41224/Carte-de-localisation-du-canton-de-Redange-au-Luxembourg-210x300.png 210w, https://gifex.com/fr/wp-content/uploads/41224/Carte-de-localisation-du-canton-de-Redange-au-Luxembourg-718x1024.png 718w, https://gifex.com/fr/wp-content/uploads/41224/Carte-de-localisation-du-canton-de-Redange-au-Luxembourg-768x1095.png 768w, https://gifex.com/fr/wp-content/uploads/41224/Carte-de-localisation-du-canton-de-Redange-au-Luxembourg-1077x1536.png 1077w, https://gifex.com/fr/wp-content/uploads/41224/Carte-de-localisation-du-canton-de-Redange-au-Luxembourg-300x428.png 300w, https://gifex.com/fr/wp-content/uploads/41224/Carte-de-localisation-du-canton-de-Redange-au-Luxembourg-1122x1600.png 1122w, https://gifex.com/fr/wp-content/uploads/41224/Carte-de-localisation-du-canton-de-Redange-au-Luxembourg.png 1436w" sizes="(max-width: 360px) 100vw, 360px" /></a><figcaption id="caption-attachment-41225" class="wp-caption-text"><label style="font-size: 15px;">Carte de localisation du canton de Redange (en orange) au Luxembourg.</label></figcaption></figure>
<ul>
<li>Superficie : 267,49 km²</li>
<li>Population au 1<sup>er</sup> janvier 2023 : 20 874 hab.</li>
<li>Chef-lieu : Redange-sur-Attert</li>
</ul>
<p>Le canton est délimité à l’ouest par la frontière belge qui le sépare des arrondissements d’Arlon et Bastogne situés dans la province de Luxembourg.</p>
<p>Le canton se situe juste à la frontière des deux principaux paysages luxembourgeois.</p>
<p>Au nord, le paysage est dominé par la chaîne de montagnes de l&#8217;Oesling, qui fait partie de la grande région des Ardennes. Cette région est caractérisée par des collines densément boisées avec une altitude moyenne de 400 à 500 m au-dessus du niveau de la mer, le point culminant étant Napoléonsgaard à 554 m.</p>
<p>De plus, cette région présente de profondes vallées creusées dans le sol par des rivières et des ruisseaux, la Sûre et la Wark étant les plus remarquables. Le réservoir du lac de la Haute-Sûre se situe également en partie dans le canton de Redange, à la frontière avec le canton de Wiltz.</p>
<p>Au sud, le paysage est dominé par la plaine du Gutland. Cette zone se caractérise par des altitudes plus basses, en moyenne à environ 300 m au-dessus du niveau de la mer.</p>
<p>De larges vallées fluviales peu profondes dominent le paysage avec moins de couverture forestière que dans le nord. La rivière la plus importante de cette région est l&#8217;Attert.</p>
<p>Le canton de Redange comprend les dix communes suivantes :</p>
<div class="boxscrl">
<table width="459">
<tbody>
<tr>
<td colspan="4" width="459">Données au 1<sup>er</sup> janvier 2023</td>
</tr>
<tr>
<td rowspan="2" width="157">Commune</td>
<td rowspan="2" width="98">Superficie</td>
<td rowspan="2" width="101">Population</td>
<td width="103">Densité</td>
</tr>
<tr>
<td width="103">(en hab./km²)</td>
</tr>
<tr>
<td>Beckerich</td>
<td width="98">28,41</td>
<td width="101">2 866</td>
<td width="103">100,9</td>
</tr>
<tr>
<td>Ell</td>
<td width="98">21,55</td>
<td width="101">1 582</td>
<td width="103">73,4</td>
</tr>
<tr>
<td>Grosbous</td>
<td width="98">20,11</td>
<td width="101">1 134</td>
<td width="103">56,4</td>
</tr>
<tr>
<td>Préizerdaul</td>
<td width="98">15,6</td>
<td width="101">1 827</td>
<td width="103">117,1</td>
</tr>
<tr>
<td>Rambrouch</td>
<td width="98">79,09</td>
<td width="101">4 836</td>
<td width="103">61,1</td>
</tr>
<tr>
<td width="157">Redange-sur-Attert</td>
<td width="98">31,95</td>
<td width="101">3 059</td>
<td width="103">95,7</td>
</tr>
<tr>
<td>Saeul</td>
<td width="98">14,86</td>
<td width="101">983</td>
<td width="103">66,2</td>
</tr>
<tr>
<td>Useldange</td>
<td width="98">23,92</td>
<td width="101">2 075</td>
<td width="103">86,7</td>
</tr>
<tr>
<td>Vichten</td>
<td width="98">12,26</td>
<td width="101">4 255</td>
<td width="103">347,1</td>
</tr>
<tr>
<td>Wahl</td>
<td width="98">19,74</td>
<td width="101">1 087</td>
<td width="103">55,1</td>
</tr>
</tbody>
</table>
</div>

<p>Carte du canton de Redange, un canton luxembourgeois situé dans l&#8217;ouest du Luxembourg. Superficie : 267,49 km². Population au 1er janvier 2023 : 20 874 hab.</p>
