{"id":41194,"date":"2023-06-30T15:30:41","date_gmt":"2023-06-30T15:30:41","guid":{"rendered":"https:\/\/gifex.com\/fr\/?post_type=ficha&#038;p=41194"},"modified":"2023-06-30T15:30:41","modified_gmt":"2023-06-30T15:30:41","slug":"carte-du-canton-de-diekirch","status":"publish","type":"ficha","link":"https:\/\/gifex.com\/fr\/fichier\/carte-du-canton-de-diekirch\/","title":{"rendered":"Carte du canton de Diekirch"},"content":{"rendered":"<figure id=\"attachment_41199\" aria-describedby=\"caption-attachment-41199\" style=\"width: 360px\" class=\"wp-caption alignright\"><a href=\"https:\/\/gifex.com\/fr\/wp-content\/uploads\/41194\/Carte-de-localisation-du-canton-de-Diekirch-au-Luxembourg.png\" target=\"_blank\" rel=\"noopener\"><img fetchpriority=\"high\" decoding=\"async\" class=\"wp-image-41199\" title=\"Carte de localisation du canton de Diekirch au Luxembourg.\" src=\"https:\/\/gifex.com\/fr\/wp-content\/uploads\/41194\/Carte-de-localisation-du-canton-de-Diekirch-au-Luxembourg-210x300.png\" alt=\"Carte de localisation du canton de Diekirch au Luxembourg.\" width=\"360\" height=\"513\" srcset=\"https:\/\/gifex.com\/fr\/wp-content\/uploads\/41194\/Carte-de-localisation-du-canton-de-Diekirch-au-Luxembourg-210x300.png 210w, https:\/\/gifex.com\/fr\/wp-content\/uploads\/41194\/Carte-de-localisation-du-canton-de-Diekirch-au-Luxembourg-718x1024.png 718w, https:\/\/gifex.com\/fr\/wp-content\/uploads\/41194\/Carte-de-localisation-du-canton-de-Diekirch-au-Luxembourg-768x1095.png 768w, https:\/\/gifex.com\/fr\/wp-content\/uploads\/41194\/Carte-de-localisation-du-canton-de-Diekirch-au-Luxembourg-1077x1536.png 1077w, https:\/\/gifex.com\/fr\/wp-content\/uploads\/41194\/Carte-de-localisation-du-canton-de-Diekirch-au-Luxembourg-300x428.png 300w, https:\/\/gifex.com\/fr\/wp-content\/uploads\/41194\/Carte-de-localisation-du-canton-de-Diekirch-au-Luxembourg-1122x1600.png 1122w, https:\/\/gifex.com\/fr\/wp-content\/uploads\/41194\/Carte-de-localisation-du-canton-de-Diekirch-au-Luxembourg.png 1436w\" sizes=\"(max-width: 360px) 100vw, 360px\" \/><\/a><figcaption id=\"caption-attachment-41199\" class=\"wp-caption-text\"><label style=\"font-size: 15px;\">Carte de localisation du canton de Diekirch (en orange) au Luxembourg.<\/label><\/figcaption><\/figure>\n<p>Carte du canton de Diekirch, un canton luxembourgeois situ\u00e9 dans l&#8217;Est-Nord-Est du Luxembourg.<\/p>\n<ul>\n<li>Superficie : 204,51 km\u00b2<\/li>\n<li>Population au 1<sup>er<\/sup> janvier 2023 : 35 150 hab.<\/li>\n<li>Chef-lieu : Diekirch<\/li>\n<\/ul>\n<p>Le canton est bord\u00e9 \u00e0 l\u2019est par la fronti\u00e8re allemande qui le s\u00e9pare de l\u2019arrondissement d&#8217;Eifel-Bitburg-Pr\u00fcm situ\u00e9 en Rh\u00e9nanie-Palatinat. Cette fronti\u00e8re, qui borde la commune de Reisdorf, est mat\u00e9rialis\u00e9e vers le sud par la S\u00fbre, un affluent de la Moselle, et vers le nord par l\u2019Our qui se jette dans la S\u00fbre \u00e0 Wallendorf-Pont.<\/p>\n<p>Le canton de Diekirch comprend les dix communes suivantes :<\/p>\n<div class=\"boxscrl\">\n<table width=\"495\">\n<tbody>\n<tr>\n<td colspan=\"4\" width=\"495\">Donn\u00e9es au 1<sup>er<\/sup> janvier 2023<\/td>\n<\/tr>\n<tr>\n<td rowspan=\"2\" width=\"193\">Commune<\/td>\n<td rowspan=\"2\" width=\"98\">Superficie<\/td>\n<td rowspan=\"2\" width=\"101\">Population<\/td>\n<td width=\"103\">Densit\u00e9<\/td>\n<\/tr>\n<tr>\n<td width=\"103\">(en hab.\/km\u00b2)<\/td>\n<\/tr>\n<tr>\n<td>Bettendorf<\/td>\n<td width=\"98\">23,24<\/td>\n<td width=\"101\">3\u00a0052<\/td>\n<td width=\"103\">131,3<\/td>\n<\/tr>\n<tr>\n<td>Bourscheid<\/td>\n<td width=\"98\">36,86<\/td>\n<td width=\"101\">1\u00a0678<\/td>\n<td width=\"103\">45,5<\/td>\n<\/tr>\n<tr>\n<td width=\"193\">Diekirch<\/td>\n<td width=\"98\">12,42<\/td>\n<td width=\"101\">7\u00a0295<\/td>\n<td width=\"103\">587,4<\/td>\n<\/tr>\n<tr>\n<td>Erpeldange-sur-S\u00fbre<\/td>\n<td width=\"98\">17,97<\/td>\n<td width=\"101\">2\u00a0429<\/td>\n<td width=\"103\">135,2<\/td>\n<\/tr>\n<tr>\n<td>Ettelbruck<\/td>\n<td width=\"98\">15,18<\/td>\n<td width=\"101\">9\u00a0688<\/td>\n<td width=\"103\">638,2<\/td>\n<\/tr>\n<tr>\n<td>Feulen<\/td>\n<td width=\"98\">22,76<\/td>\n<td width=\"101\">2\u00a0366<\/td>\n<td width=\"103\">104<\/td>\n<\/tr>\n<tr>\n<td>Mertzig<\/td>\n<td width=\"98\">11,1<\/td>\n<td width=\"101\">2\u00a0370<\/td>\n<td width=\"103\">213,5<\/td>\n<\/tr>\n<tr>\n<td>Reisdorf<\/td>\n<td width=\"98\">14,84<\/td>\n<td width=\"101\">1\u00a0353<\/td>\n<td width=\"103\">91,2<\/td>\n<\/tr>\n<tr>\n<td>Schieren<\/td>\n<td width=\"98\">10,41<\/td>\n<td width=\"101\">2\u00a0149<\/td>\n<td width=\"103\">206,4<\/td>\n<\/tr>\n<tr>\n<td>Vall\u00e9e de l&#8217;Ernz<\/td>\n<td width=\"98\">39,73<\/td>\n<td width=\"101\">2\u00a0770<\/td>\n<td width=\"103\">69,7<\/td>\n<\/tr>\n<\/tbody>\n<\/table>\n<\/div>\n","protected":false},"excerpt":{"rendered":"<p>Carte du canton de Diekirch, un canton luxembourgeois situ\u00e9 dans l&#8217;Est-Nord-Est du Luxembourg. Superficie : 204,51 km\u00b2. Population au 1er janvier 2023 : 35 150 <\/p>\n","protected":false},"author":1,"featured_media":41195,"template":"","categoria_ficha":[125],"class_list":["post-41194","ficha","type-ficha","status-publish","has-post-thumbnail","hentry","categoria_ficha-cartes-du-luxembourg"],"acf":[],"_links":{"self":[{"href":"https:\/\/gifex.com\/fr\/wp-json\/wp\/v2\/ficha\/41194","targetHints":{"allow":["GET"]}}],"collection":[{"href":"https:\/\/gifex.com\/fr\/wp-json\/wp\/v2\/ficha"}],"about":[{"href":"https:\/\/gifex.com\/fr\/wp-json\/wp\/v2\/types\/ficha"}],"author":[{"embeddable":true,"href":"https:\/\/gifex.com\/fr\/wp-json\/wp\/v2\/users\/1"}],"version-history":[{"count":2,"href":"https:\/\/gifex.com\/fr\/wp-json\/wp\/v2\/ficha\/41194\/revisions"}],"predecessor-version":[{"id":41203,"href":"https:\/\/gifex.com\/fr\/wp-json\/wp\/v2\/ficha\/41194\/revisions\/41203"}],"wp:featuredmedia":[{"embeddable":true,"href":"https:\/\/gifex.com\/fr\/wp-json\/wp\/v2\/media\/41195"}],"wp:attachment":[{"href":"https:\/\/gifex.com\/fr\/wp-json\/wp\/v2\/media?parent=41194"}],"wp:term":[{"taxonomy":"categoria_ficha","embeddable":true,"href":"https:\/\/gifex.com\/fr\/wp-json\/wp\/v2\/categoria_ficha?post=41194"}],"curies":[{"name":"wp","href":"https:\/\/api.w.org\/{rel}","templated":true}]}}

<figure id="attachment_41199" aria-describedby="caption-attachment-41199" style="width: 360px" class="wp-caption alignright"><a href="https://gifex.com/fr/wp-content/uploads/41194/Carte-de-localisation-du-canton-de-Diekirch-au-Luxembourg.png" target="_blank" rel="noopener"><img fetchpriority="high" decoding="async" class="wp-image-41199" title="Carte de localisation du canton de Diekirch au Luxembourg." src="https://gifex.com/fr/wp-content/uploads/41194/Carte-de-localisation-du-canton-de-Diekirch-au-Luxembourg-210x300.png" alt="Carte de localisation du canton de Diekirch au Luxembourg." width="360" height="513" srcset="https://gifex.com/fr/wp-content/uploads/41194/Carte-de-localisation-du-canton-de-Diekirch-au-Luxembourg-210x300.png 210w, https://gifex.com/fr/wp-content/uploads/41194/Carte-de-localisation-du-canton-de-Diekirch-au-Luxembourg-718x1024.png 718w, https://gifex.com/fr/wp-content/uploads/41194/Carte-de-localisation-du-canton-de-Diekirch-au-Luxembourg-768x1095.png 768w, https://gifex.com/fr/wp-content/uploads/41194/Carte-de-localisation-du-canton-de-Diekirch-au-Luxembourg-1077x1536.png 1077w, https://gifex.com/fr/wp-content/uploads/41194/Carte-de-localisation-du-canton-de-Diekirch-au-Luxembourg-300x428.png 300w, https://gifex.com/fr/wp-content/uploads/41194/Carte-de-localisation-du-canton-de-Diekirch-au-Luxembourg-1122x1600.png 1122w, https://gifex.com/fr/wp-content/uploads/41194/Carte-de-localisation-du-canton-de-Diekirch-au-Luxembourg.png 1436w" sizes="(max-width: 360px) 100vw, 360px" /></a><figcaption id="caption-attachment-41199" class="wp-caption-text"><label style="font-size: 15px;">Carte de localisation du canton de Diekirch (en orange) au Luxembourg.</label></figcaption></figure>
<p>Carte du canton de Diekirch, un canton luxembourgeois situé dans l&#8217;Est-Nord-Est du Luxembourg.</p>
<ul>
<li>Superficie : 204,51 km²</li>
<li>Population au 1<sup>er</sup> janvier 2023 : 35 150 hab.</li>
<li>Chef-lieu : Diekirch</li>
</ul>
<p>Le canton est bordé à l’est par la frontière allemande qui le sépare de l’arrondissement d&#8217;Eifel-Bitburg-Prüm situé en Rhénanie-Palatinat. Cette frontière, qui borde la commune de Reisdorf, est matérialisée vers le sud par la Sûre, un affluent de la Moselle, et vers le nord par l’Our qui se jette dans la Sûre à Wallendorf-Pont.</p>
<p>Le canton de Diekirch comprend les dix communes suivantes :</p>
<div class="boxscrl">
<table width="495">
<tbody>
<tr>
<td colspan="4" width="495">Données au 1<sup>er</sup> janvier 2023</td>
</tr>
<tr>
<td rowspan="2" width="193">Commune</td>
<td rowspan="2" width="98">Superficie</td>
<td rowspan="2" width="101">Population</td>
<td width="103">Densité</td>
</tr>
<tr>
<td width="103">(en hab./km²)</td>
</tr>
<tr>
<td>Bettendorf</td>
<td width="98">23,24</td>
<td width="101">3 052</td>
<td width="103">131,3</td>
</tr>
<tr>
<td>Bourscheid</td>
<td width="98">36,86</td>
<td width="101">1 678</td>
<td width="103">45,5</td>
</tr>
<tr>
<td width="193">Diekirch</td>
<td width="98">12,42</td>
<td width="101">7 295</td>
<td width="103">587,4</td>
</tr>
<tr>
<td>Erpeldange-sur-Sûre</td>
<td width="98">17,97</td>
<td width="101">2 429</td>
<td width="103">135,2</td>
</tr>
<tr>
<td>Ettelbruck</td>
<td width="98">15,18</td>
<td width="101">9 688</td>
<td width="103">638,2</td>
</tr>
<tr>
<td>Feulen</td>
<td width="98">22,76</td>
<td width="101">2 366</td>
<td width="103">104</td>
</tr>
<tr>
<td>Mertzig</td>
<td width="98">11,1</td>
<td width="101">2 370</td>
<td width="103">213,5</td>
</tr>
<tr>
<td>Reisdorf</td>
<td width="98">14,84</td>
<td width="101">1 353</td>
<td width="103">91,2</td>
</tr>
<tr>
<td>Schieren</td>
<td width="98">10,41</td>
<td width="101">2 149</td>
<td width="103">206,4</td>
</tr>
<tr>
<td>Vallée de l&#8217;Ernz</td>
<td width="98">39,73</td>
<td width="101">2 770</td>
<td width="103">69,7</td>
</tr>
</tbody>
</table>
</div>

<p>Carte du canton de Diekirch, un canton luxembourgeois situé dans l&#8217;Est-Nord-Est du Luxembourg. Superficie : 204,51 km². Population au 1er janvier 2023 : 35 150 </p>
