{"id":41137,"date":"2023-06-29T02:15:48","date_gmt":"2023-06-29T02:15:48","guid":{"rendered":"https:\/\/gifex.com\/fr\/?post_type=ficha&#038;p=41137"},"modified":"2023-06-29T02:15:48","modified_gmt":"2023-06-29T02:15:48","slug":"carte-physique-du-luxembourg","status":"publish","type":"ficha","link":"https:\/\/gifex.com\/fr\/fichier\/carte-physique-du-luxembourg\/","title":{"rendered":"Carte physique du Luxembourg"},"content":{"rendered":"<p style=\"text-align: center;\"><label style=\"font-size: 15px;\">Carte physique du Luxembourg.<\/label><\/p>\n<figure id=\"attachment_41139\" aria-describedby=\"caption-attachment-41139\" style=\"width: 360px\" class=\"wp-caption alignright\"><a href=\"https:\/\/gifex.com\/fr\/wp-content\/uploads\/41137\/Carte-topographique-du-Luxembourg.jpg\" target=\"_blank\" rel=\"noopener\"><img fetchpriority=\"high\" decoding=\"async\" class=\"wp-image-41139\" title=\"Carte topographique du Luxembourg.\" src=\"https:\/\/gifex.com\/fr\/wp-content\/uploads\/41137\/Carte-topographique-du-Luxembourg-255x300.jpg\" alt=\"Carte topographique du Luxembourg.\" width=\"360\" height=\"424\" srcset=\"https:\/\/gifex.com\/fr\/wp-content\/uploads\/41137\/Carte-topographique-du-Luxembourg-255x300.jpg 255w, https:\/\/gifex.com\/fr\/wp-content\/uploads\/41137\/Carte-topographique-du-Luxembourg-870x1024.jpg 870w, https:\/\/gifex.com\/fr\/wp-content\/uploads\/41137\/Carte-topographique-du-Luxembourg-768x904.jpg 768w, https:\/\/gifex.com\/fr\/wp-content\/uploads\/41137\/Carte-topographique-du-Luxembourg-1305x1536.jpg 1305w, https:\/\/gifex.com\/fr\/wp-content\/uploads\/41137\/Carte-topographique-du-Luxembourg-300x353.jpg 300w, https:\/\/gifex.com\/fr\/wp-content\/uploads\/41137\/Carte-topographique-du-Luxembourg-1359x1600.jpg 1359w, https:\/\/gifex.com\/fr\/wp-content\/uploads\/41137\/Carte-topographique-du-Luxembourg.jpg 1400w\" sizes=\"(max-width: 360px) 100vw, 360px\" \/><\/a><figcaption id=\"caption-attachment-41139\" class=\"wp-caption-text\"><label style=\"font-size: 15px;\">Carte topographique du Luxembourg.<\/label><\/figcaption><\/figure>\n<p>Le Luxembourg est l&#8217;un des plus petits pays d&#8217;Europe, se classant au 168<sup>e<\/sup> rang parmi les 194 pays ind\u00e9pendants du monde; il a une superficie d&#8217;environ 2 586 kilom\u00e8tres carr\u00e9s, mesurant 82 km de long et 57 km de large. Il se situe entre les latitudes 49\u00b0 et 51\u00b0 Nord et les longitudes 5\u00b0 et 7\u00b0 Est.<\/p>\n<p>\u00c0 l&#8217;est, le Luxembourg borde les L\u00e4nder allemands de Rh\u00e9nanie-Palatinat et de Sarre, et au sud, il borde la r\u00e9gion fran\u00e7aise du Grand Est (Lorraine). Le Grand-Duch\u00e9 borde la Wallonie belge, en particulier les provinces belges de Luxembourg et de Li\u00e8ge, dont une partie comprend la Communaut\u00e9 germanophone de Belgique, respectivement \u00e0 l&#8217;ouest et au nord.<\/p>\n<p>Le tiers nord du pays est connu sous le nom d&#8217;Oesling et fait partie des Ardennes. Elle est domin\u00e9e par des collines et des montagnes basses, dont le Kneiff pr\u00e8s de Wilwerdange, qui en est le point culminant, \u00e0 560 m\u00e8tres. D&#8217;autres montagnes sont le Burrigplatz \u00e0 559 m\u00e8tres pr\u00e8s de Huldange et le Napol\u00e9onsgaard \u00e0 554 m\u00e8tres pr\u00e8s de Rambrouch. La r\u00e9gion est peu peupl\u00e9e, avec une seule ville (Wiltz) avec une population de plus de cinq mille personnes.<\/p>\n<figure id=\"attachment_41140\" aria-describedby=\"caption-attachment-41140\" style=\"width: 360px\" class=\"wp-caption alignright\"><a href=\"https:\/\/gifex.com\/fr\/wp-content\/uploads\/41137\/Carte-en-relief-ombre-du-Luxembourg.jpg\" target=\"_blank\" rel=\"noopener\"><img decoding=\"async\" class=\"wp-image-41140\" title=\"Carte en relief ombr\u00e9 du Luxembourg.\" src=\"https:\/\/gifex.com\/fr\/wp-content\/uploads\/41137\/Carte-en-relief-ombre-du-Luxembourg-236x300.jpg\" alt=\"Carte en relief ombr\u00e9 du Luxembourg.\" width=\"360\" height=\"458\" srcset=\"https:\/\/gifex.com\/fr\/wp-content\/uploads\/41137\/Carte-en-relief-ombre-du-Luxembourg-236x300.jpg 236w, https:\/\/gifex.com\/fr\/wp-content\/uploads\/41137\/Carte-en-relief-ombre-du-Luxembourg-805x1024.jpg 805w, https:\/\/gifex.com\/fr\/wp-content\/uploads\/41137\/Carte-en-relief-ombre-du-Luxembourg-768x976.jpg 768w, https:\/\/gifex.com\/fr\/wp-content\/uploads\/41137\/Carte-en-relief-ombre-du-Luxembourg-300x381.jpg 300w, https:\/\/gifex.com\/fr\/wp-content\/uploads\/41137\/Carte-en-relief-ombre-du-Luxembourg.jpg 984w\" sizes=\"(max-width: 360px) 100vw, 360px\" \/><\/a><figcaption id=\"caption-attachment-41140\" class=\"wp-caption-text\"><label style=\"font-size: 15px;\">Carte en relief ombr\u00e9 du Luxembourg.<\/label><\/figcaption><\/figure>\n<p>Les deux tiers sud du pays s&#8217;appellent le Gutland et sont plus dens\u00e9ment peupl\u00e9s que l&#8217;Oesling. Il est \u00e9galement plus diversifi\u00e9 et peut \u00eatre divis\u00e9 en cinq sous-r\u00e9gions g\u00e9ographiques. Le plateau luxembourgeois, dans le centre-sud du Luxembourg, est une grande formation plate de gr\u00e8s et le site de la ville de Luxembourg. La Petite Suisse, \u00e0 l&#8217;est du Luxembourg, a un terrain escarp\u00e9 et des for\u00eats \u00e9paisses. La vall\u00e9e de la Moselle est la r\u00e9gion la plus basse, longeant la fronti\u00e8re sud-est. Les Terres rouges, \u00e0 l&#8217;extr\u00eame sud et sud-ouest, sont le c\u0153ur industriel du Luxembourg et abritent plusieurs des plus grandes villes du Luxembourg.<\/p>\n<p>La fronti\u00e8re entre le Luxembourg et l&#8217;Allemagne est form\u00e9e par trois rivi\u00e8res : la Moselle, la S\u00fbre et l&#8217;Our. Les autres grands fleuves sont l&#8217;Alzette, l&#8217;Attert, la Clerve et la Wiltz. Les vall\u00e9es de la moyenne Sauer et de l&#8217;Attert forment la fronti\u00e8re entre le Gutland et l&#8217;Oesling.<\/p>\n<p>Le Luxembourg n&#8217;a pas un climat parfaitement d\u00e9fini : il oscille entre le climat oc\u00e9anique de la zone atlantique (\u00e9carts saisonniers faibles, hivers doux et pluvieux) et le climat continental des plaines de l&#8217;Europe orientale (\u00e9carts saisonniers marqu\u00e9s, hivers rudes et \u00e9t\u00e9s pluvieux). L&#8217;influence oc\u00e9anique am\u00e8ne des pr\u00e9cipitations en toute saison et l&#8217;influence continentale am\u00e8ne un froid piquant et sec l&#8217;hiver. De mai \u00e0 la mi-octobre, le climat est temp\u00e9r\u00e9. Juin, juillet et ao\u00fbt sont les mois les plus chauds ; juillet et ao\u00fbt souvent les plus ensoleill\u00e9s. En septembre et octobre, le Luxembourg conna\u00eet souvent son propre \u00ab \u00e9t\u00e9 indien \u00bb. La temp\u00e9rature moyenne annuelle est de 9,4 \u00b0C, elle oscille entre \u22122,6 \u00b0C et 21,6 \u00b0C (1981-2010). De l\u00e9g\u00e8res variations de temp\u00e9rature existent entre le nord et le sud du pays ; elles sont dues \u00e0 une diff\u00e9rence d&#8217;altitude et se situent autour de 2 \u00b0C.<\/p>\n","protected":false},"excerpt":{"rendered":"<p>Carte physique du Luxembourg. Le Luxembourg est l&#8217;un des plus petits pays d&#8217;Europe, se classant au 168e rang parmi les 194 pays ind\u00e9pendants du monde; il a une <\/p>\n","protected":false},"author":1,"featured_media":41138,"template":"","categoria_ficha":[125],"class_list":["post-41137","ficha","type-ficha","status-publish","has-post-thumbnail","hentry","categoria_ficha-cartes-du-luxembourg"],"acf":[],"_links":{"self":[{"href":"https:\/\/gifex.com\/fr\/wp-json\/wp\/v2\/ficha\/41137","targetHints":{"allow":["GET"]}}],"collection":[{"href":"https:\/\/gifex.com\/fr\/wp-json\/wp\/v2\/ficha"}],"about":[{"href":"https:\/\/gifex.com\/fr\/wp-json\/wp\/v2\/types\/ficha"}],"author":[{"embeddable":true,"href":"https:\/\/gifex.com\/fr\/wp-json\/wp\/v2\/users\/1"}],"version-history":[{"count":1,"href":"https:\/\/gifex.com\/fr\/wp-json\/wp\/v2\/ficha\/41137\/revisions"}],"predecessor-version":[{"id":41141,"href":"https:\/\/gifex.com\/fr\/wp-json\/wp\/v2\/ficha\/41137\/revisions\/41141"}],"wp:featuredmedia":[{"embeddable":true,"href":"https:\/\/gifex.com\/fr\/wp-json\/wp\/v2\/media\/41138"}],"wp:attachment":[{"href":"https:\/\/gifex.com\/fr\/wp-json\/wp\/v2\/media?parent=41137"}],"wp:term":[{"taxonomy":"categoria_ficha","embeddable":true,"href":"https:\/\/gifex.com\/fr\/wp-json\/wp\/v2\/categoria_ficha?post=41137"}],"curies":[{"name":"wp","href":"https:\/\/api.w.org\/{rel}","templated":true}]}}

<p style="text-align: center;"><label style="font-size: 15px;">Carte physique du Luxembourg.</label></p>
<figure id="attachment_41139" aria-describedby="caption-attachment-41139" style="width: 360px" class="wp-caption alignright"><a href="https://gifex.com/fr/wp-content/uploads/41137/Carte-topographique-du-Luxembourg.jpg" target="_blank" rel="noopener"><img fetchpriority="high" decoding="async" class="wp-image-41139" title="Carte topographique du Luxembourg." src="https://gifex.com/fr/wp-content/uploads/41137/Carte-topographique-du-Luxembourg-255x300.jpg" alt="Carte topographique du Luxembourg." width="360" height="424" srcset="https://gifex.com/fr/wp-content/uploads/41137/Carte-topographique-du-Luxembourg-255x300.jpg 255w, https://gifex.com/fr/wp-content/uploads/41137/Carte-topographique-du-Luxembourg-870x1024.jpg 870w, https://gifex.com/fr/wp-content/uploads/41137/Carte-topographique-du-Luxembourg-768x904.jpg 768w, https://gifex.com/fr/wp-content/uploads/41137/Carte-topographique-du-Luxembourg-1305x1536.jpg 1305w, https://gifex.com/fr/wp-content/uploads/41137/Carte-topographique-du-Luxembourg-300x353.jpg 300w, https://gifex.com/fr/wp-content/uploads/41137/Carte-topographique-du-Luxembourg-1359x1600.jpg 1359w, https://gifex.com/fr/wp-content/uploads/41137/Carte-topographique-du-Luxembourg.jpg 1400w" sizes="(max-width: 360px) 100vw, 360px" /></a><figcaption id="caption-attachment-41139" class="wp-caption-text"><label style="font-size: 15px;">Carte topographique du Luxembourg.</label></figcaption></figure>
<p>Le Luxembourg est l&#8217;un des plus petits pays d&#8217;Europe, se classant au 168<sup>e</sup> rang parmi les 194 pays indépendants du monde; il a une superficie d&#8217;environ 2 586 kilomètres carrés, mesurant 82 km de long et 57 km de large. Il se situe entre les latitudes 49° et 51° Nord et les longitudes 5° et 7° Est.</p>
<p>À l&#8217;est, le Luxembourg borde les Länder allemands de Rhénanie-Palatinat et de Sarre, et au sud, il borde la région française du Grand Est (Lorraine). Le Grand-Duché borde la Wallonie belge, en particulier les provinces belges de Luxembourg et de Liège, dont une partie comprend la Communauté germanophone de Belgique, respectivement à l&#8217;ouest et au nord.</p>
<p>Le tiers nord du pays est connu sous le nom d&#8217;Oesling et fait partie des Ardennes. Elle est dominée par des collines et des montagnes basses, dont le Kneiff près de Wilwerdange, qui en est le point culminant, à 560 mètres. D&#8217;autres montagnes sont le Burrigplatz à 559 mètres près de Huldange et le Napoléonsgaard à 554 mètres près de Rambrouch. La région est peu peuplée, avec une seule ville (Wiltz) avec une population de plus de cinq mille personnes.</p>
<figure id="attachment_41140" aria-describedby="caption-attachment-41140" style="width: 360px" class="wp-caption alignright"><a href="https://gifex.com/fr/wp-content/uploads/41137/Carte-en-relief-ombre-du-Luxembourg.jpg" target="_blank" rel="noopener"><img decoding="async" class="wp-image-41140" title="Carte en relief ombré du Luxembourg." src="https://gifex.com/fr/wp-content/uploads/41137/Carte-en-relief-ombre-du-Luxembourg-236x300.jpg" alt="Carte en relief ombré du Luxembourg." width="360" height="458" srcset="https://gifex.com/fr/wp-content/uploads/41137/Carte-en-relief-ombre-du-Luxembourg-236x300.jpg 236w, https://gifex.com/fr/wp-content/uploads/41137/Carte-en-relief-ombre-du-Luxembourg-805x1024.jpg 805w, https://gifex.com/fr/wp-content/uploads/41137/Carte-en-relief-ombre-du-Luxembourg-768x976.jpg 768w, https://gifex.com/fr/wp-content/uploads/41137/Carte-en-relief-ombre-du-Luxembourg-300x381.jpg 300w, https://gifex.com/fr/wp-content/uploads/41137/Carte-en-relief-ombre-du-Luxembourg.jpg 984w" sizes="(max-width: 360px) 100vw, 360px" /></a><figcaption id="caption-attachment-41140" class="wp-caption-text"><label style="font-size: 15px;">Carte en relief ombré du Luxembourg.</label></figcaption></figure>
<p>Les deux tiers sud du pays s&#8217;appellent le Gutland et sont plus densément peuplés que l&#8217;Oesling. Il est également plus diversifié et peut être divisé en cinq sous-régions géographiques. Le plateau luxembourgeois, dans le centre-sud du Luxembourg, est une grande formation plate de grès et le site de la ville de Luxembourg. La Petite Suisse, à l&#8217;est du Luxembourg, a un terrain escarpé et des forêts épaisses. La vallée de la Moselle est la région la plus basse, longeant la frontière sud-est. Les Terres rouges, à l&#8217;extrême sud et sud-ouest, sont le cœur industriel du Luxembourg et abritent plusieurs des plus grandes villes du Luxembourg.</p>
<p>La frontière entre le Luxembourg et l&#8217;Allemagne est formée par trois rivières : la Moselle, la Sûre et l&#8217;Our. Les autres grands fleuves sont l&#8217;Alzette, l&#8217;Attert, la Clerve et la Wiltz. Les vallées de la moyenne Sauer et de l&#8217;Attert forment la frontière entre le Gutland et l&#8217;Oesling.</p>
<p>Le Luxembourg n&#8217;a pas un climat parfaitement défini : il oscille entre le climat océanique de la zone atlantique (écarts saisonniers faibles, hivers doux et pluvieux) et le climat continental des plaines de l&#8217;Europe orientale (écarts saisonniers marqués, hivers rudes et étés pluvieux). L&#8217;influence océanique amène des précipitations en toute saison et l&#8217;influence continentale amène un froid piquant et sec l&#8217;hiver. De mai à la mi-octobre, le climat est tempéré. Juin, juillet et août sont les mois les plus chauds ; juillet et août souvent les plus ensoleillés. En septembre et octobre, le Luxembourg connaît souvent son propre « été indien ». La température moyenne annuelle est de 9,4 °C, elle oscille entre −2,6 °C et 21,6 °C (1981-2010). De légères variations de température existent entre le nord et le sud du pays ; elles sont dues à une différence d&#8217;altitude et se situent autour de 2 °C.</p>

<p>Carte physique du Luxembourg. Le Luxembourg est l&#8217;un des plus petits pays d&#8217;Europe, se classant au 168e rang parmi les 194 pays indépendants du monde; il a une </p>
