{"id":41117,"date":"2023-06-29T02:13:08","date_gmt":"2023-06-29T02:13:08","guid":{"rendered":"https:\/\/gifex.com\/fr\/?post_type=ficha&#038;p=41117"},"modified":"2023-06-29T02:13:08","modified_gmt":"2023-06-29T02:13:08","slug":"drapeau-du-luxembourg","status":"publish","type":"ficha","link":"https:\/\/gifex.com\/fr\/fichier\/drapeau-du-luxembourg\/","title":{"rendered":"Drapeau du Luxembourg"},"content":{"rendered":"<p>Le drapeau du Luxembourg est constitu\u00e9 de trois bandes horizontales \u00e9gales de couleur rouge (en haut), blanche et bleu clair ; similaire au drapeau des Pays-Bas, qui utilise un bleu plus fonc\u00e9 et est plus court; la coloration est d\u00e9riv\u00e9e des armoiries du Grand-Duc (un lion rouge sur un champ ray\u00e9 blanc et bleu)<\/p>\n","protected":false},"excerpt":{"rendered":"<p>Le drapeau du Luxembourg est constitu\u00e9 de trois bandes horizontales \u00e9gales de couleur rouge (en haut), blanche et bleu clair ; similaire au drapeau des Pays-Bas<\/p>\n","protected":false},"author":1,"featured_media":41118,"template":"","categoria_ficha":[125],"class_list":["post-41117","ficha","type-ficha","status-publish","has-post-thumbnail","hentry","categoria_ficha-cartes-du-luxembourg"],"acf":[],"_links":{"self":[{"href":"https:\/\/gifex.com\/fr\/wp-json\/wp\/v2\/ficha\/41117","targetHints":{"allow":["GET"]}}],"collection":[{"href":"https:\/\/gifex.com\/fr\/wp-json\/wp\/v2\/ficha"}],"about":[{"href":"https:\/\/gifex.com\/fr\/wp-json\/wp\/v2\/types\/ficha"}],"author":[{"embeddable":true,"href":"https:\/\/gifex.com\/fr\/wp-json\/wp\/v2\/users\/1"}],"version-history":[{"count":1,"href":"https:\/\/gifex.com\/fr\/wp-json\/wp\/v2\/ficha\/41117\/revisions"}],"predecessor-version":[{"id":41119,"href":"https:\/\/gifex.com\/fr\/wp-json\/wp\/v2\/ficha\/41117\/revisions\/41119"}],"wp:featuredmedia":[{"embeddable":true,"href":"https:\/\/gifex.com\/fr\/wp-json\/wp\/v2\/media\/41118"}],"wp:attachment":[{"href":"https:\/\/gifex.com\/fr\/wp-json\/wp\/v2\/media?parent=41117"}],"wp:term":[{"taxonomy":"categoria_ficha","embeddable":true,"href":"https:\/\/gifex.com\/fr\/wp-json\/wp\/v2\/categoria_ficha?post=41117"}],"curies":[{"name":"wp","href":"https:\/\/api.w.org\/{rel}","templated":true}]}}

<p>Le drapeau du Luxembourg est constitué de trois bandes horizontales égales de couleur rouge (en haut), blanche et bleu clair ; similaire au drapeau des Pays-Bas, qui utilise un bleu plus foncé et est plus court; la coloration est dérivée des armoiries du Grand-Duc (un lion rouge sur un champ rayé blanc et bleu)</p>

<p>Le drapeau du Luxembourg est constitué de trois bandes horizontales égales de couleur rouge (en haut), blanche et bleu clair ; similaire au drapeau des Pays-Bas</p>
