{"id":41060,"date":"2023-06-27T19:49:57","date_gmt":"2023-06-27T19:49:57","guid":{"rendered":"https:\/\/gifex.com\/fr\/?post_type=ficha&#038;p=41060"},"modified":"2023-06-27T19:49:57","modified_gmt":"2023-06-27T19:49:57","slug":"plan-du-jardin-exotique-monaco","status":"publish","type":"ficha","link":"https:\/\/gifex.com\/fr\/fichier\/plan-du-jardin-exotique-monaco\/","title":{"rendered":"Plan du Jardin exotique, Monaco"},"content":{"rendered":"<p>Plan du Jardin exotique, un quartier de Monaco, dans la partie ouest de la principaut\u00e9.<\/p>\n<figure id=\"attachment_41063\" aria-describedby=\"caption-attachment-41063\" style=\"width: 360px\" class=\"wp-caption alignright\"><a href=\"https:\/\/gifex.com\/fr\/wp-content\/uploads\/41060\/Plan-de-localisation-du-Jardin-exotique-a-Monaco.png\" target=\"_blank\" rel=\"noopener\"><img fetchpriority=\"high\" decoding=\"async\" class=\"wp-image-41063\" title=\"Plan de localisation du Jardin exotique \u00e0 Monaco.\" src=\"https:\/\/gifex.com\/fr\/wp-content\/uploads\/41060\/Plan-de-localisation-du-Jardin-exotique-a-Monaco-240x300.png\" alt=\"Plan de localisation du Jardin exotique \u00e0 Monaco.\" width=\"360\" height=\"449\" srcset=\"https:\/\/gifex.com\/fr\/wp-content\/uploads\/41060\/Plan-de-localisation-du-Jardin-exotique-a-Monaco-240x300.png 240w, https:\/\/gifex.com\/fr\/wp-content\/uploads\/41060\/Plan-de-localisation-du-Jardin-exotique-a-Monaco-821x1024.png 821w, https:\/\/gifex.com\/fr\/wp-content\/uploads\/41060\/Plan-de-localisation-du-Jardin-exotique-a-Monaco-768x958.png 768w, https:\/\/gifex.com\/fr\/wp-content\/uploads\/41060\/Plan-de-localisation-du-Jardin-exotique-a-Monaco-1231x1536.png 1231w, https:\/\/gifex.com\/fr\/wp-content\/uploads\/41060\/Plan-de-localisation-du-Jardin-exotique-a-Monaco-300x374.png 300w, https:\/\/gifex.com\/fr\/wp-content\/uploads\/41060\/Plan-de-localisation-du-Jardin-exotique-a-Monaco-1282x1600.png 1282w, https:\/\/gifex.com\/fr\/wp-content\/uploads\/41060\/Plan-de-localisation-du-Jardin-exotique-a-Monaco.png 1641w\" sizes=\"(max-width: 360px) 100vw, 360px\" \/><\/a><figcaption id=\"caption-attachment-41063\" class=\"wp-caption-text\"><label style=\"font-size: 15px;\">Plan de localisation du Jardin exotique \u00e0 Monaco.<\/label><\/figcaption><\/figure>\n<p>Le quartier regroupe depuis 2013 les anciens quartiers de la Colle et des R\u00e9voires, il fait partie de l&#8217;ancienne commune de la Condamine. Sa superficie est de 234 865 m\u00b2. Le Jardin exotique de Monaco est situ\u00e9 dans ce quartier.<\/p>\n<p>A la base de la falaise du Jardin Exotique (dite \u00ab de l&#8217;observatoire \u00bb en raison de la pr\u00e9sence ancienne d&#8217;un petit observatoire astronomique), \u00e0 100 m d&#8217;altitude, s&#8217;ouvre une cavit\u00e9 souterraine am\u00e9nag\u00e9e pour les visites.<\/p>\n<p>La cr\u00e9ation d&#8217;un axe souterrain et pi\u00e9ton permettra en 2023 de relier le haut du boulevard du Jardin exotique au quartier de Fontvieille.<\/p>\n<p>Le chemin des R\u00e9voires, une route frontali\u00e8re culminant \u00e0 161 m\u00e8tres d&#8217;altitude, est le point le plus \u00e9lev\u00e9 de la principaut\u00e9.<\/p>\n<p><strong>Lieus d&#8217;int\u00e9r\u00eats<\/strong><\/p>\n<p>Jardin Exotique contient le c\u00e9l\u00e8bre Jardin Exotique de Monaco pour lequel le quartier porte le nom. Fond\u00e9 par le Prince Albert Ier en 1933, le jardin contient une riche collection de plus d&#8217;un millier de plantes succulentes et de cactus. Il y a aussi un mus\u00e9e, appel\u00e9 l&#8217;anthropologie pr\u00e9historique, situ\u00e9 dans le jardin exotique, qui pr\u00e9sente une vari\u00e9t\u00e9 de vestiges pr\u00e9historiques.<\/p>\n<p>Au travers de La Colle, le Centre Hospitalier Princesse Grace, seul h\u00f4pital public de Monaco, est situ\u00e9 dans la partie la plus \u00e0 l&#8217;ouest du Jardin Exotique.<\/p>\n","protected":false},"excerpt":{"rendered":"<p>Plan du Jardin exotique, un quartier de Monaco, dans la partie ouest de la principaut\u00e9. Le quartier regroupe depuis 2013 les anciens quartiers de la Colle &#8230;<\/p>\n","protected":false},"author":1,"featured_media":41061,"template":"","categoria_ficha":[128],"class_list":["post-41060","ficha","type-ficha","status-publish","has-post-thumbnail","hentry","categoria_ficha-cartes-de-monaco"],"acf":[],"_links":{"self":[{"href":"https:\/\/gifex.com\/fr\/wp-json\/wp\/v2\/ficha\/41060","targetHints":{"allow":["GET"]}}],"collection":[{"href":"https:\/\/gifex.com\/fr\/wp-json\/wp\/v2\/ficha"}],"about":[{"href":"https:\/\/gifex.com\/fr\/wp-json\/wp\/v2\/types\/ficha"}],"author":[{"embeddable":true,"href":"https:\/\/gifex.com\/fr\/wp-json\/wp\/v2\/users\/1"}],"version-history":[{"count":2,"href":"https:\/\/gifex.com\/fr\/wp-json\/wp\/v2\/ficha\/41060\/revisions"}],"predecessor-version":[{"id":41072,"href":"https:\/\/gifex.com\/fr\/wp-json\/wp\/v2\/ficha\/41060\/revisions\/41072"}],"wp:featuredmedia":[{"embeddable":true,"href":"https:\/\/gifex.com\/fr\/wp-json\/wp\/v2\/media\/41061"}],"wp:attachment":[{"href":"https:\/\/gifex.com\/fr\/wp-json\/wp\/v2\/media?parent=41060"}],"wp:term":[{"taxonomy":"categoria_ficha","embeddable":true,"href":"https:\/\/gifex.com\/fr\/wp-json\/wp\/v2\/categoria_ficha?post=41060"}],"curies":[{"name":"wp","href":"https:\/\/api.w.org\/{rel}","templated":true}]}}

<p>Plan du Jardin exotique, un quartier de Monaco, dans la partie ouest de la principauté.</p>
<figure id="attachment_41063" aria-describedby="caption-attachment-41063" style="width: 360px" class="wp-caption alignright"><a href="https://gifex.com/fr/wp-content/uploads/41060/Plan-de-localisation-du-Jardin-exotique-a-Monaco.png" target="_blank" rel="noopener"><img fetchpriority="high" decoding="async" class="wp-image-41063" title="Plan de localisation du Jardin exotique à Monaco." src="https://gifex.com/fr/wp-content/uploads/41060/Plan-de-localisation-du-Jardin-exotique-a-Monaco-240x300.png" alt="Plan de localisation du Jardin exotique à Monaco." width="360" height="449" srcset="https://gifex.com/fr/wp-content/uploads/41060/Plan-de-localisation-du-Jardin-exotique-a-Monaco-240x300.png 240w, https://gifex.com/fr/wp-content/uploads/41060/Plan-de-localisation-du-Jardin-exotique-a-Monaco-821x1024.png 821w, https://gifex.com/fr/wp-content/uploads/41060/Plan-de-localisation-du-Jardin-exotique-a-Monaco-768x958.png 768w, https://gifex.com/fr/wp-content/uploads/41060/Plan-de-localisation-du-Jardin-exotique-a-Monaco-1231x1536.png 1231w, https://gifex.com/fr/wp-content/uploads/41060/Plan-de-localisation-du-Jardin-exotique-a-Monaco-300x374.png 300w, https://gifex.com/fr/wp-content/uploads/41060/Plan-de-localisation-du-Jardin-exotique-a-Monaco-1282x1600.png 1282w, https://gifex.com/fr/wp-content/uploads/41060/Plan-de-localisation-du-Jardin-exotique-a-Monaco.png 1641w" sizes="(max-width: 360px) 100vw, 360px" /></a><figcaption id="caption-attachment-41063" class="wp-caption-text"><label style="font-size: 15px;">Plan de localisation du Jardin exotique à Monaco.</label></figcaption></figure>
<p>Le quartier regroupe depuis 2013 les anciens quartiers de la Colle et des Révoires, il fait partie de l&#8217;ancienne commune de la Condamine. Sa superficie est de 234 865 m². Le Jardin exotique de Monaco est situé dans ce quartier.</p>
<p>A la base de la falaise du Jardin Exotique (dite « de l&#8217;observatoire » en raison de la présence ancienne d&#8217;un petit observatoire astronomique), à 100 m d&#8217;altitude, s&#8217;ouvre une cavité souterraine aménagée pour les visites.</p>
<p>La création d&#8217;un axe souterrain et piéton permettra en 2023 de relier le haut du boulevard du Jardin exotique au quartier de Fontvieille.</p>
<p>Le chemin des Révoires, une route frontalière culminant à 161 mètres d&#8217;altitude, est le point le plus élevé de la principauté.</p>
<p><strong>Lieus d&#8217;intérêts</strong></p>
<p>Jardin Exotique contient le célèbre Jardin Exotique de Monaco pour lequel le quartier porte le nom. Fondé par le Prince Albert Ier en 1933, le jardin contient une riche collection de plus d&#8217;un millier de plantes succulentes et de cactus. Il y a aussi un musée, appelé l&#8217;anthropologie préhistorique, situé dans le jardin exotique, qui présente une variété de vestiges préhistoriques.</p>
<p>Au travers de La Colle, le Centre Hospitalier Princesse Grace, seul hôpital public de Monaco, est situé dans la partie la plus à l&#8217;ouest du Jardin Exotique.</p>

<p>Plan du Jardin exotique, un quartier de Monaco, dans la partie ouest de la principauté. Le quartier regroupe depuis 2013 les anciens quartiers de la Colle &#8230;</p>
