{"id":41019,"date":"2023-06-26T22:19:07","date_gmt":"2023-06-26T22:19:07","guid":{"rendered":"https:\/\/gifex.com\/fr\/?post_type=ficha&#038;p=41019"},"modified":"2023-06-27T13:46:07","modified_gmt":"2023-06-27T13:46:07","slug":"carte-routiere-de-monaco","status":"publish","type":"ficha","link":"https:\/\/gifex.com\/fr\/fichier\/carte-routiere-de-monaco\/","title":{"rendered":"Carte routi\u00e8re de Monaco"},"content":{"rendered":"<p style=\"text-align: center;\"><label style=\"font-size: 15px;\">Carte routi\u00e8re de Monaco.<\/label><\/p>\n<figure id=\"attachment_41021\" aria-describedby=\"caption-attachment-41021\" style=\"width: 360px\" class=\"wp-caption alignright\"><a href=\"https:\/\/gifex.com\/fr\/wp-content\/uploads\/41019\/Plan-d-acces-routier-a-Monaco.png\" target=\"_blank\" rel=\"noopener\"><img fetchpriority=\"high\" decoding=\"async\" class=\"wp-image-41021\" title=\"Plan d'acc\u00e8s routier \u00e0 Monaco.\" src=\"https:\/\/gifex.com\/fr\/wp-content\/uploads\/41019\/Plan-d-acces-routier-a-Monaco-300x294.png\" alt=\"Plan d'acc\u00e8s routier \u00e0 Monaco.\" width=\"360\" height=\"353\" srcset=\"https:\/\/gifex.com\/fr\/wp-content\/uploads\/41019\/Plan-d-acces-routier-a-Monaco-300x294.png 300w, https:\/\/gifex.com\/fr\/wp-content\/uploads\/41019\/Plan-d-acces-routier-a-Monaco-1024x1005.png 1024w, https:\/\/gifex.com\/fr\/wp-content\/uploads\/41019\/Plan-d-acces-routier-a-Monaco-768x754.png 768w, https:\/\/gifex.com\/fr\/wp-content\/uploads\/41019\/Plan-d-acces-routier-a-Monaco-1536x1507.png 1536w, https:\/\/gifex.com\/fr\/wp-content\/uploads\/41019\/Plan-d-acces-routier-a-Monaco-1600x1570.png 1600w, https:\/\/gifex.com\/fr\/wp-content\/uploads\/41019\/Plan-d-acces-routier-a-Monaco.png 1750w\" sizes=\"(max-width: 360px) 100vw, 360px\" \/><\/a><figcaption id=\"caption-attachment-41021\" class=\"wp-caption-text\"><label style=\"font-size: 15px;\">Plan d&#8217;acc\u00e8s routier \u00e0 Monaco.<\/label><\/figcaption><\/figure>\n<p>Monaco compte 50 km de voirie urbaine, avec bretelles d&#8217;acc\u00e8s \u00e0 l&#8217;autoroute A8 qui contourne la Principaut\u00e9 par le nord. L&#8217;autoroute fran\u00e7aise A500 rejoint la Moyenne Corniche (RD6007) et entre dans la principaut\u00e9 \u00e0 la hauteur du jardin exotique.<\/p>\n<p>Pour gagner quelques hectares et fluidifier la circulation, la principaut\u00e9 enterre ses voies rapides, et principalement l&#8217;axe d\u00e9nomm\u00e9 \u00ab dorsale \u00bb qui traverse Monaco d&#8217;ouest en est, et dont la partie Est encore en travaux est principalement enterr\u00e9e. Les travaux auront co\u00fbt\u00e9 180 millions d&#8217;euros et leur fin est pr\u00e9vue en 2010.<\/p>\n<p>La principaut\u00e9 de Monaco \u00e9tant une zone exclusivement urbaine et o\u00f9 le code de la route fran\u00e7ais est appliqu\u00e9, la limitation de vitesse y est de 50 km\/h partout. L&#8217;alcool\u00e9mie maximale autoris\u00e9e au volant est de 0,5 g\/l d&#8217;alcool dans le sang.<\/p>\n","protected":false},"excerpt":{"rendered":"<p>Carte routi\u00e8re de Monaco. Monaco compte 50 km de voirie urbaine, avec bretelles d&#8217;acc\u00e8s \u00e0 l&#8217;autoroute A8 qui contourne la Principaut\u00e9 par le nord. L&#8217;autoroute <\/p>\n","protected":false},"author":1,"featured_media":41020,"template":"","categoria_ficha":[128],"class_list":["post-41019","ficha","type-ficha","status-publish","has-post-thumbnail","hentry","categoria_ficha-cartes-de-monaco"],"acf":[],"_links":{"self":[{"href":"https:\/\/gifex.com\/fr\/wp-json\/wp\/v2\/ficha\/41019","targetHints":{"allow":["GET"]}}],"collection":[{"href":"https:\/\/gifex.com\/fr\/wp-json\/wp\/v2\/ficha"}],"about":[{"href":"https:\/\/gifex.com\/fr\/wp-json\/wp\/v2\/types\/ficha"}],"author":[{"embeddable":true,"href":"https:\/\/gifex.com\/fr\/wp-json\/wp\/v2\/users\/1"}],"version-history":[{"count":5,"href":"https:\/\/gifex.com\/fr\/wp-json\/wp\/v2\/ficha\/41019\/revisions"}],"predecessor-version":[{"id":41031,"href":"https:\/\/gifex.com\/fr\/wp-json\/wp\/v2\/ficha\/41019\/revisions\/41031"}],"wp:featuredmedia":[{"embeddable":true,"href":"https:\/\/gifex.com\/fr\/wp-json\/wp\/v2\/media\/41020"}],"wp:attachment":[{"href":"https:\/\/gifex.com\/fr\/wp-json\/wp\/v2\/media?parent=41019"}],"wp:term":[{"taxonomy":"categoria_ficha","embeddable":true,"href":"https:\/\/gifex.com\/fr\/wp-json\/wp\/v2\/categoria_ficha?post=41019"}],"curies":[{"name":"wp","href":"https:\/\/api.w.org\/{rel}","templated":true}]}}

Carte routière de Monaco

<p style="text-align: center;"><label style="font-size: 15px;">Carte routière de Monaco.</label></p>
<figure id="attachment_41021" aria-describedby="caption-attachment-41021" style="width: 360px" class="wp-caption alignright"><a href="https://gifex.com/fr/wp-content/uploads/41019/Plan-d-acces-routier-a-Monaco.png" target="_blank" rel="noopener"><img fetchpriority="high" decoding="async" class="wp-image-41021" title="Plan d'accès routier à Monaco." src="https://gifex.com/fr/wp-content/uploads/41019/Plan-d-acces-routier-a-Monaco-300x294.png" alt="Plan d'accès routier à Monaco." width="360" height="353" srcset="https://gifex.com/fr/wp-content/uploads/41019/Plan-d-acces-routier-a-Monaco-300x294.png 300w, https://gifex.com/fr/wp-content/uploads/41019/Plan-d-acces-routier-a-Monaco-1024x1005.png 1024w, https://gifex.com/fr/wp-content/uploads/41019/Plan-d-acces-routier-a-Monaco-768x754.png 768w, https://gifex.com/fr/wp-content/uploads/41019/Plan-d-acces-routier-a-Monaco-1536x1507.png 1536w, https://gifex.com/fr/wp-content/uploads/41019/Plan-d-acces-routier-a-Monaco-1600x1570.png 1600w, https://gifex.com/fr/wp-content/uploads/41019/Plan-d-acces-routier-a-Monaco.png 1750w" sizes="(max-width: 360px) 100vw, 360px" /></a><figcaption id="caption-attachment-41021" class="wp-caption-text"><label style="font-size: 15px;">Plan d&#8217;accès routier à Monaco.</label></figcaption></figure>
<p>Monaco compte 50 km de voirie urbaine, avec bretelles d&#8217;accès à l&#8217;autoroute A8 qui contourne la Principauté par le nord. L&#8217;autoroute française A500 rejoint la Moyenne Corniche (RD6007) et entre dans la principauté à la hauteur du jardin exotique.</p>
<p>Pour gagner quelques hectares et fluidifier la circulation, la principauté enterre ses voies rapides, et principalement l&#8217;axe dénommé « dorsale » qui traverse Monaco d&#8217;ouest en est, et dont la partie Est encore en travaux est principalement enterrée. Les travaux auront coûté 180 millions d&#8217;euros et leur fin est prévue en 2010.</p>
<p>La principauté de Monaco étant une zone exclusivement urbaine et où le code de la route français est appliqué, la limitation de vitesse y est de 50 km/h partout. L&#8217;alcoolémie maximale autorisée au volant est de 0,5 g/l d&#8217;alcool dans le sang.</p>

<p>Carte routière de Monaco. Monaco compte 50 km de voirie urbaine, avec bretelles d&#8217;accès à l&#8217;autoroute A8 qui contourne la Principauté par le nord. L&#8217;autoroute </p>
