{"id":40749,"date":"2023-06-20T00:38:53","date_gmt":"2023-06-20T00:38:53","guid":{"rendered":"https:\/\/gifex.com\/fr\/?post_type=ficha&#038;p=40749"},"modified":"2023-06-20T00:40:30","modified_gmt":"2023-06-20T00:40:30","slug":"carte-de-la-region-de-kidal","status":"publish","type":"ficha","link":"https:\/\/gifex.com\/fr\/fichier\/carte-de-la-region-de-kidal\/","title":{"rendered":"Carte de la r\u00e9gion de Kidal"},"content":{"rendered":"<p>Carte de la r\u00e9gion de Kidal, l&#8217;une des dix subdivisions nationales de premier niveau au Mali appel\u00e9es R\u00e9gions. Elle recouvre principalement le massif de l&#8217;Adrar des Ifoghas.<\/p>\n<figure id=\"attachment_40752\" aria-describedby=\"caption-attachment-40752\" style=\"width: 360px\" class=\"wp-caption alignright\"><a href=\"https:\/\/gifex.com\/fr\/wp-content\/uploads\/40749\/Carte-de-localisation-de-la-region-de-Kidal-au-Mali.png\" target=\"_blank\" rel=\"noopener\"><img fetchpriority=\"high\" decoding=\"async\" class=\"wp-image-40752\" title=\"Carte de localisation de la r\u00e9gion de Kidal au Mali.\" src=\"https:\/\/gifex.com\/fr\/wp-content\/uploads\/40749\/Carte-de-localisation-de-la-region-de-Kidal-au-Mali-300x286.png\" alt=\"Carte de localisation de la r\u00e9gion de Kidal au Mali.\" width=\"360\" height=\"343\" srcset=\"https:\/\/gifex.com\/fr\/wp-content\/uploads\/40749\/Carte-de-localisation-de-la-region-de-Kidal-au-Mali-300x286.png 300w, https:\/\/gifex.com\/fr\/wp-content\/uploads\/40749\/Carte-de-localisation-de-la-region-de-Kidal-au-Mali-1024x977.png 1024w, https:\/\/gifex.com\/fr\/wp-content\/uploads\/40749\/Carte-de-localisation-de-la-region-de-Kidal-au-Mali-768x733.png 768w, https:\/\/gifex.com\/fr\/wp-content\/uploads\/40749\/Carte-de-localisation-de-la-region-de-Kidal-au-Mali-1536x1465.png 1536w, https:\/\/gifex.com\/fr\/wp-content\/uploads\/40749\/Carte-de-localisation-de-la-region-de-Kidal-au-Mali-2048x1954.png 2048w, https:\/\/gifex.com\/fr\/wp-content\/uploads\/40749\/Carte-de-localisation-de-la-region-de-Kidal-au-Mali-1600x1526.png 1600w\" sizes=\"(max-width: 360px) 100vw, 360px\" \/><\/a><figcaption id=\"caption-attachment-40752\" class=\"wp-caption-text\"><label style=\"font-size: 15px;\">Carte de localisation de la r\u00e9gion de Kidal (en orange) au Mali.<\/label><\/figcaption><\/figure>\n<ul>\n<li>Superficie : 151 430 km\u00b2<\/li>\n<li>Population en 2009 : 67 638 hab.<\/li>\n<li>Chef-lieu : Kidal<\/li>\n<\/ul>\n<p><strong>G\u00e9ographie de la r\u00e9gion de Kidal<\/strong><\/p>\n<p>La r\u00e9gion est limit\u00e9e au sud par les r\u00e9gions de Gao et de M\u00e9naka, \u00e0 l&#8217;est par le Niger, au nord par l&#8217;Alg\u00e9rie et \u00e0 l&#8217;ouest par la r\u00e9gion de Taoud\u00e9nit.<\/p>\n<p>La r\u00e9gion de Kidal poss\u00e8de un climat d\u00e9sertique chaud (Classification de K\u00f6ppen BWh) avec des \u00e9t\u00e9s tr\u00e8s longs et extr\u00eamement chauds avec des temp\u00e9ratures maximales d\u00e9passant couramment 45 \u00b0C en journ\u00e9e et des hivers courts mais plut\u00f4t chauds o\u00f9 les temp\u00e9ratures maximales d\u00e9passent souvent 30 \u00b0C en journ\u00e9e, le tout avec des pr\u00e9cipitations rares, irr\u00e9guli\u00e8res et excessivement faibles. La zone est connue pour l&#8217;aridit\u00e9 et la chaleur extr\u00eames.<\/p>\n<p><strong>Transport et \u00e9conomie de la r\u00e9gion de Kidal<\/strong><\/p>\n<figure id=\"attachment_40753\" aria-describedby=\"caption-attachment-40753\" style=\"width: 360px\" class=\"wp-caption alignright\"><a href=\"https:\/\/gifex.com\/fr\/wp-content\/uploads\/40749\/Carte-des-cercles-de-la-region-de-Kidal.png\" target=\"_blank\" rel=\"noopener\"><img decoding=\"async\" class=\"wp-image-40753\" title=\"Carte des cercles de la r\u00e9gion de Kidal.\" src=\"https:\/\/gifex.com\/fr\/wp-content\/uploads\/40749\/Carte-des-cercles-de-la-region-de-Kidal-300x247.png\" alt=\"Carte des cercles de la r\u00e9gion de Kidal.\" width=\"360\" height=\"296\" srcset=\"https:\/\/gifex.com\/fr\/wp-content\/uploads\/40749\/Carte-des-cercles-de-la-region-de-Kidal-300x247.png 300w, https:\/\/gifex.com\/fr\/wp-content\/uploads\/40749\/Carte-des-cercles-de-la-region-de-Kidal-768x633.png 768w, https:\/\/gifex.com\/fr\/wp-content\/uploads\/40749\/Carte-des-cercles-de-la-region-de-Kidal.png 1009w\" sizes=\"(max-width: 360px) 100vw, 360px\" \/><\/a><figcaption id=\"caption-attachment-40753\" class=\"wp-caption-text\"><label style=\"font-size: 15px;\">Carte des cercles de la r\u00e9gion de Kidal.<\/label><\/figcaption><\/figure>\n<p>La r\u00e9gion est tr\u00e8s enclav\u00e9e. Elle ne poss\u00e8de aucune route goudronn\u00e9e et aucun fleuve ne la traverse. Les ressources de la r\u00e9gion de Kidal proviennent de l&#8217;\u00e9levage, de l\u2019artisanat et du commerce. Des activit\u00e9s mara\u00eech\u00e8res existent dans certaines zones. Le nomadisme demeure le mode de vie le plus adapt\u00e9 \u00e0 l&#8217;environnement difficile de la r\u00e9gion. Cependant, Kidal, Aguel&#8217;hoc, Tessalit et Tin Zaouatine sont des sites de s\u00e9dentarisation.<\/p>\n<p>Les grandes villes de la r\u00e9gion sont Kidal, Tessalit et Aguel&#8217;hoc.<\/p>\n<p>La cr\u00e9ation de la r\u00e9serve partielle de faune de Tamesna est pr\u00e9vue dans les cercles de Tin-Essako et Kidal sur une superficie de 600 000 hectares.<\/p>\n<p><strong>Cercles de la r\u00e9gion de Kidal<\/strong><\/p>\n<p>La r\u00e9gion de Kidal est divis\u00e9e en quatre cercles regroupant onze communes.<\/p>\n<div class=\"boxscrl\">\n<table width=\"590\">\n<tbody>\n<tr>\n<td rowspan=\"2\" width=\"134\">Cercle<\/td>\n<td rowspan=\"2\" width=\"124\">Superficie (km<sup>2<\/sup>)<\/td>\n<td width=\"166\">Population<\/td>\n<td width=\"166\">Population<\/td>\n<\/tr>\n<tr>\n<td width=\"166\">Recensement 1998<\/td>\n<td width=\"166\">Recensement 2009<\/td>\n<\/tr>\n<tr>\n<td>Kidal<\/td>\n<td width=\"124\">21,353<\/td>\n<td width=\"166\">16,495<\/td>\n<td width=\"166\">33,087<\/td>\n<\/tr>\n<tr>\n<td>Tessalit<\/td>\n<td width=\"124\">39,000<\/td>\n<td width=\"166\">12,362<\/td>\n<td width=\"166\">16,289<\/td>\n<\/tr>\n<tr>\n<td>Abe\u00efbara<\/td>\n<td width=\"124\">23,750<\/td>\n<td width=\"166\">7,363<\/td>\n<td width=\"166\">10,286<\/td>\n<\/tr>\n<tr>\n<td>Tin-Essako<\/td>\n<td width=\"124\"><\/td>\n<td width=\"166\">2,554<\/td>\n<td width=\"166\">7,976<\/td>\n<\/tr>\n<\/tbody>\n<\/table>\n<\/div>\n","protected":false},"excerpt":{"rendered":"<p>Carte de la r\u00e9gion de Kidal, l&#8217;une des dix subdivisions nationales de premier niveau au Mali appel\u00e9es R\u00e9gions. Elle recouvre principalement le massif de l&#8217;Adrar<\/p>\n","protected":false},"author":1,"featured_media":40751,"template":"","categoria_ficha":[217],"class_list":["post-40749","ficha","type-ficha","status-publish","has-post-thumbnail","hentry","categoria_ficha-cartes-du-mali"],"acf":[],"_links":{"self":[{"href":"https:\/\/gifex.com\/fr\/wp-json\/wp\/v2\/ficha\/40749","targetHints":{"allow":["GET"]}}],"collection":[{"href":"https:\/\/gifex.com\/fr\/wp-json\/wp\/v2\/ficha"}],"about":[{"href":"https:\/\/gifex.com\/fr\/wp-json\/wp\/v2\/types\/ficha"}],"author":[{"embeddable":true,"href":"https:\/\/gifex.com\/fr\/wp-json\/wp\/v2\/users\/1"}],"version-history":[{"count":2,"href":"https:\/\/gifex.com\/fr\/wp-json\/wp\/v2\/ficha\/40749\/revisions"}],"predecessor-version":[{"id":40755,"href":"https:\/\/gifex.com\/fr\/wp-json\/wp\/v2\/ficha\/40749\/revisions\/40755"}],"wp:featuredmedia":[{"embeddable":true,"href":"https:\/\/gifex.com\/fr\/wp-json\/wp\/v2\/media\/40751"}],"wp:attachment":[{"href":"https:\/\/gifex.com\/fr\/wp-json\/wp\/v2\/media?parent=40749"}],"wp:term":[{"taxonomy":"categoria_ficha","embeddable":true,"href":"https:\/\/gifex.com\/fr\/wp-json\/wp\/v2\/categoria_ficha?post=40749"}],"curies":[{"name":"wp","href":"https:\/\/api.w.org\/{rel}","templated":true}]}}

Carte de la région de Kidal

<p>Carte de la région de Kidal, l&#8217;une des dix subdivisions nationales de premier niveau au Mali appelées Régions. Elle recouvre principalement le massif de l&#8217;Adrar des Ifoghas.</p>
<figure id="attachment_40752" aria-describedby="caption-attachment-40752" style="width: 360px" class="wp-caption alignright"><a href="https://gifex.com/fr/wp-content/uploads/40749/Carte-de-localisation-de-la-region-de-Kidal-au-Mali.png" target="_blank" rel="noopener"><img fetchpriority="high" decoding="async" class="wp-image-40752" title="Carte de localisation de la région de Kidal au Mali." src="https://gifex.com/fr/wp-content/uploads/40749/Carte-de-localisation-de-la-region-de-Kidal-au-Mali-300x286.png" alt="Carte de localisation de la région de Kidal au Mali." width="360" height="343" srcset="https://gifex.com/fr/wp-content/uploads/40749/Carte-de-localisation-de-la-region-de-Kidal-au-Mali-300x286.png 300w, https://gifex.com/fr/wp-content/uploads/40749/Carte-de-localisation-de-la-region-de-Kidal-au-Mali-1024x977.png 1024w, https://gifex.com/fr/wp-content/uploads/40749/Carte-de-localisation-de-la-region-de-Kidal-au-Mali-768x733.png 768w, https://gifex.com/fr/wp-content/uploads/40749/Carte-de-localisation-de-la-region-de-Kidal-au-Mali-1536x1465.png 1536w, https://gifex.com/fr/wp-content/uploads/40749/Carte-de-localisation-de-la-region-de-Kidal-au-Mali-2048x1954.png 2048w, https://gifex.com/fr/wp-content/uploads/40749/Carte-de-localisation-de-la-region-de-Kidal-au-Mali-1600x1526.png 1600w" sizes="(max-width: 360px) 100vw, 360px" /></a><figcaption id="caption-attachment-40752" class="wp-caption-text"><label style="font-size: 15px;">Carte de localisation de la région de Kidal (en orange) au Mali.</label></figcaption></figure>
<ul>
<li>Superficie : 151 430 km²</li>
<li>Population en 2009 : 67 638 hab.</li>
<li>Chef-lieu : Kidal</li>
</ul>
<p><strong>Géographie de la région de Kidal</strong></p>
<p>La région est limitée au sud par les régions de Gao et de Ménaka, à l&#8217;est par le Niger, au nord par l&#8217;Algérie et à l&#8217;ouest par la région de Taoudénit.</p>
<p>La région de Kidal possède un climat désertique chaud (Classification de Köppen BWh) avec des étés très longs et extrêmement chauds avec des températures maximales dépassant couramment 45 °C en journée et des hivers courts mais plutôt chauds où les températures maximales dépassent souvent 30 °C en journée, le tout avec des précipitations rares, irrégulières et excessivement faibles. La zone est connue pour l&#8217;aridité et la chaleur extrêmes.</p>
<p><strong>Transport et économie de la région de Kidal</strong></p>
<figure id="attachment_40753" aria-describedby="caption-attachment-40753" style="width: 360px" class="wp-caption alignright"><a href="https://gifex.com/fr/wp-content/uploads/40749/Carte-des-cercles-de-la-region-de-Kidal.png" target="_blank" rel="noopener"><img decoding="async" class="wp-image-40753" title="Carte des cercles de la région de Kidal." src="https://gifex.com/fr/wp-content/uploads/40749/Carte-des-cercles-de-la-region-de-Kidal-300x247.png" alt="Carte des cercles de la région de Kidal." width="360" height="296" srcset="https://gifex.com/fr/wp-content/uploads/40749/Carte-des-cercles-de-la-region-de-Kidal-300x247.png 300w, https://gifex.com/fr/wp-content/uploads/40749/Carte-des-cercles-de-la-region-de-Kidal-768x633.png 768w, https://gifex.com/fr/wp-content/uploads/40749/Carte-des-cercles-de-la-region-de-Kidal.png 1009w" sizes="(max-width: 360px) 100vw, 360px" /></a><figcaption id="caption-attachment-40753" class="wp-caption-text"><label style="font-size: 15px;">Carte des cercles de la région de Kidal.</label></figcaption></figure>
<p>La région est très enclavée. Elle ne possède aucune route goudronnée et aucun fleuve ne la traverse. Les ressources de la région de Kidal proviennent de l&#8217;élevage, de l’artisanat et du commerce. Des activités maraîchères existent dans certaines zones. Le nomadisme demeure le mode de vie le plus adapté à l&#8217;environnement difficile de la région. Cependant, Kidal, Aguel&#8217;hoc, Tessalit et Tin Zaouatine sont des sites de sédentarisation.</p>
<p>Les grandes villes de la région sont Kidal, Tessalit et Aguel&#8217;hoc.</p>
<p>La création de la réserve partielle de faune de Tamesna est prévue dans les cercles de Tin-Essako et Kidal sur une superficie de 600 000 hectares.</p>
<p><strong>Cercles de la région de Kidal</strong></p>
<p>La région de Kidal est divisée en quatre cercles regroupant onze communes.</p>
<div class="boxscrl">
<table width="590">
<tbody>
<tr>
<td rowspan="2" width="134">Cercle</td>
<td rowspan="2" width="124">Superficie (km<sup>2</sup>)</td>
<td width="166">Population</td>
<td width="166">Population</td>
</tr>
<tr>
<td width="166">Recensement 1998</td>
<td width="166">Recensement 2009</td>
</tr>
<tr>
<td>Kidal</td>
<td width="124">21,353</td>
<td width="166">16,495</td>
<td width="166">33,087</td>
</tr>
<tr>
<td>Tessalit</td>
<td width="124">39,000</td>
<td width="166">12,362</td>
<td width="166">16,289</td>
</tr>
<tr>
<td>Abeïbara</td>
<td width="124">23,750</td>
<td width="166">7,363</td>
<td width="166">10,286</td>
</tr>
<tr>
<td>Tin-Essako</td>
<td width="124"></td>
<td width="166">2,554</td>
<td width="166">7,976</td>
</tr>
</tbody>
</table>
</div>

<p>Carte de la région de Kidal, l&#8217;une des dix subdivisions nationales de premier niveau au Mali appelées Régions. Elle recouvre principalement le massif de l&#8217;Adrar</p>
