{"id":40569,"date":"2023-06-17T01:24:54","date_gmt":"2023-06-17T01:24:54","guid":{"rendered":"https:\/\/gifex.com\/fr\/?post_type=ficha&#038;p=40569"},"modified":"2023-06-17T01:24:54","modified_gmt":"2023-06-17T01:24:54","slug":"carte-physique-du-mali","status":"publish","type":"ficha","link":"https:\/\/gifex.com\/fr\/fichier\/carte-physique-du-mali\/","title":{"rendered":"Carte physique du Mali"},"content":{"rendered":"<p style=\"text-align: center;\"><label style=\"font-size: 15px;\">Carte physique du Mali.<\/label><\/p>\n<p><strong>G\u00e9ographie du Mali<\/strong><\/p>\n<p>Le Mali est un pays enclav\u00e9 d&#8217;Afrique de l&#8217;Ouest, situ\u00e9 au sud-ouest de l&#8217;Alg\u00e9rie, s&#8217;\u00e9tendant au sud-ouest du sud du d\u00e9sert du Sahara \u00e0 travers le Sahel jusqu&#8217;\u00e0 la zone de savane soudanienne. La taille du Mali est de 1 240 192 kilom\u00e8tres carr\u00e9s.<\/p>\n<figure id=\"attachment_40571\" aria-describedby=\"caption-attachment-40571\" style=\"width: 360px\" class=\"wp-caption alignright\"><a href=\"https:\/\/gifex.com\/fr\/wp-content\/uploads\/40569\/Carte-en-relief-ombre-du-Mali-1994.jpg\" target=\"_blank\" rel=\"noopener\"><img fetchpriority=\"high\" decoding=\"async\" class=\"wp-image-40571\" title=\"Carte en relief ombr\u00e9 du Mali.\" src=\"https:\/\/gifex.com\/fr\/wp-content\/uploads\/40569\/Carte-en-relief-ombre-du-Mali-1994-249x300.jpg\" alt=\"Carte en relief ombr\u00e9 du Mali.\" width=\"360\" height=\"433\" srcset=\"https:\/\/gifex.com\/fr\/wp-content\/uploads\/40569\/Carte-en-relief-ombre-du-Mali-1994-249x300.jpg 249w, https:\/\/gifex.com\/fr\/wp-content\/uploads\/40569\/Carte-en-relief-ombre-du-Mali-1994-850x1024.jpg 850w, https:\/\/gifex.com\/fr\/wp-content\/uploads\/40569\/Carte-en-relief-ombre-du-Mali-1994-768x925.jpg 768w, https:\/\/gifex.com\/fr\/wp-content\/uploads\/40569\/Carte-en-relief-ombre-du-Mali-1994-1276x1536.jpg 1276w, https:\/\/gifex.com\/fr\/wp-content\/uploads\/40569\/Carte-en-relief-ombre-du-Mali-1994-1701x2048.jpg 1701w, https:\/\/gifex.com\/fr\/wp-content\/uploads\/40569\/Carte-en-relief-ombre-du-Mali-1994-300x361.jpg 300w, https:\/\/gifex.com\/fr\/wp-content\/uploads\/40569\/Carte-en-relief-ombre-du-Mali-1994-1329x1600.jpg 1329w, https:\/\/gifex.com\/fr\/wp-content\/uploads\/40569\/Carte-en-relief-ombre-du-Mali-1994.jpg 1985w\" sizes=\"(max-width: 360px) 100vw, 360px\" \/><\/a><figcaption id=\"caption-attachment-40571\" class=\"wp-caption-text\"><label style=\"font-size: 15px;\">Carte en relief ombr\u00e9 du Mali.<\/label><\/figcaption><\/figure>\n<p>Le d\u00e9sert ou semi-d\u00e9sert couvre environ 65 pour cent de la superficie totale du Mali (1 240 192 kilom\u00e8tres carr\u00e9s). Le fleuve Niger cr\u00e9e un delta int\u00e9rieur vaste et fertile en passant par le nord-est du Mali \u00e0 partir de la Guin\u00e9e avant de tourner vers le sud et de se jeter finalement dans le golfe de Guin\u00e9e.<\/p>\n<p>Le territoire comprend trois zones naturelles : la zone soudanienne cultiv\u00e9e du sud, la zone sah\u00e9lienne semi-d\u00e9sertique centrale et la zone saharienne d\u00e9sertique du nord. Le terrain est principalement constitu\u00e9 de savane au sud et de plaines plates \u00e0 vallonn\u00e9es ou de hauts plateaux (200 \u00e0 500 m\u00e8tres d&#8217;altitude) au nord. Il y a des collines accident\u00e9es dans le nord-est, avec des altitudes allant jusqu&#8217;\u00e0 1 000 m\u00e8tres.<\/p>\n<p>Le Niger (avec 1 693 kilom\u00e8tres au Mali) et le S\u00e9n\u00e9gal sont les deux plus grands fleuves du Mali. Le Niger est g\u00e9n\u00e9ralement d\u00e9crit comme la pierre angulaire du Mali, une source de nourriture, d&#8217;eau potable, d&#8217;irrigation et de transport.<\/p>\n<p>Le point le plus bas du pays se situe sur le fleuve S\u00e9n\u00e9gal (23 m) et son point culminant est le Hombori Tondo (1155 m) dans les monts Hombori.<\/p>\n<figure id=\"attachment_40572\" aria-describedby=\"caption-attachment-40572\" style=\"width: 400px\" class=\"wp-caption aligncenter\"><a href=\"https:\/\/gifex.com\/fr\/wp-content\/uploads\/40569\/Carte-topographique-du-Mali.png\" target=\"_blank\" rel=\"noopener\"><img decoding=\"async\" class=\"wp-image-40572\" title=\"Carte topographique du Mali.\" src=\"https:\/\/gifex.com\/fr\/wp-content\/uploads\/40569\/Carte-topographique-du-Mali-300x279.png\" alt=\"Carte topographique du Mali.\" width=\"400\" height=\"372\" srcset=\"https:\/\/gifex.com\/fr\/wp-content\/uploads\/40569\/Carte-topographique-du-Mali-300x279.png 300w, https:\/\/gifex.com\/fr\/wp-content\/uploads\/40569\/Carte-topographique-du-Mali-1024x953.png 1024w, https:\/\/gifex.com\/fr\/wp-content\/uploads\/40569\/Carte-topographique-du-Mali-768x715.png 768w, https:\/\/gifex.com\/fr\/wp-content\/uploads\/40569\/Carte-topographique-du-Mali.png 1234w\" sizes=\"(max-width: 400px) 100vw, 400px\" \/><\/a><figcaption id=\"caption-attachment-40572\" class=\"wp-caption-text\"><label style=\"font-size: 15px;\">Carte topographique du Mali.<\/label><\/figcaption><\/figure>\n","protected":false},"excerpt":{"rendered":"<p>Carte physique du Mali. G\u00e9ographie du Mali. Le Mali est un pays enclav\u00e9 d&#8217;Afrique de l&#8217;Ouest, situ\u00e9 au sud-ouest de l&#8217;Alg\u00e9rie, s&#8217;\u00e9tendant au sud-ouest du &#8230;<\/p>\n","protected":false},"author":1,"featured_media":40570,"template":"","categoria_ficha":[217],"class_list":["post-40569","ficha","type-ficha","status-publish","has-post-thumbnail","hentry","categoria_ficha-cartes-du-mali"],"acf":[],"_links":{"self":[{"href":"https:\/\/gifex.com\/fr\/wp-json\/wp\/v2\/ficha\/40569","targetHints":{"allow":["GET"]}}],"collection":[{"href":"https:\/\/gifex.com\/fr\/wp-json\/wp\/v2\/ficha"}],"about":[{"href":"https:\/\/gifex.com\/fr\/wp-json\/wp\/v2\/types\/ficha"}],"author":[{"embeddable":true,"href":"https:\/\/gifex.com\/fr\/wp-json\/wp\/v2\/users\/1"}],"version-history":[{"count":1,"href":"https:\/\/gifex.com\/fr\/wp-json\/wp\/v2\/ficha\/40569\/revisions"}],"predecessor-version":[{"id":40574,"href":"https:\/\/gifex.com\/fr\/wp-json\/wp\/v2\/ficha\/40569\/revisions\/40574"}],"wp:featuredmedia":[{"embeddable":true,"href":"https:\/\/gifex.com\/fr\/wp-json\/wp\/v2\/media\/40570"}],"wp:attachment":[{"href":"https:\/\/gifex.com\/fr\/wp-json\/wp\/v2\/media?parent=40569"}],"wp:term":[{"taxonomy":"categoria_ficha","embeddable":true,"href":"https:\/\/gifex.com\/fr\/wp-json\/wp\/v2\/categoria_ficha?post=40569"}],"curies":[{"name":"wp","href":"https:\/\/api.w.org\/{rel}","templated":true}]}}

<p style="text-align: center;"><label style="font-size: 15px;">Carte physique du Mali.</label></p>
<p><strong>Géographie du Mali</strong></p>
<p>Le Mali est un pays enclavé d&#8217;Afrique de l&#8217;Ouest, situé au sud-ouest de l&#8217;Algérie, s&#8217;étendant au sud-ouest du sud du désert du Sahara à travers le Sahel jusqu&#8217;à la zone de savane soudanienne. La taille du Mali est de 1 240 192 kilomètres carrés.</p>
<figure id="attachment_40571" aria-describedby="caption-attachment-40571" style="width: 360px" class="wp-caption alignright"><a href="https://gifex.com/fr/wp-content/uploads/40569/Carte-en-relief-ombre-du-Mali-1994.jpg" target="_blank" rel="noopener"><img fetchpriority="high" decoding="async" class="wp-image-40571" title="Carte en relief ombré du Mali." src="https://gifex.com/fr/wp-content/uploads/40569/Carte-en-relief-ombre-du-Mali-1994-249x300.jpg" alt="Carte en relief ombré du Mali." width="360" height="433" srcset="https://gifex.com/fr/wp-content/uploads/40569/Carte-en-relief-ombre-du-Mali-1994-249x300.jpg 249w, https://gifex.com/fr/wp-content/uploads/40569/Carte-en-relief-ombre-du-Mali-1994-850x1024.jpg 850w, https://gifex.com/fr/wp-content/uploads/40569/Carte-en-relief-ombre-du-Mali-1994-768x925.jpg 768w, https://gifex.com/fr/wp-content/uploads/40569/Carte-en-relief-ombre-du-Mali-1994-1276x1536.jpg 1276w, https://gifex.com/fr/wp-content/uploads/40569/Carte-en-relief-ombre-du-Mali-1994-1701x2048.jpg 1701w, https://gifex.com/fr/wp-content/uploads/40569/Carte-en-relief-ombre-du-Mali-1994-300x361.jpg 300w, https://gifex.com/fr/wp-content/uploads/40569/Carte-en-relief-ombre-du-Mali-1994-1329x1600.jpg 1329w, https://gifex.com/fr/wp-content/uploads/40569/Carte-en-relief-ombre-du-Mali-1994.jpg 1985w" sizes="(max-width: 360px) 100vw, 360px" /></a><figcaption id="caption-attachment-40571" class="wp-caption-text"><label style="font-size: 15px;">Carte en relief ombré du Mali.</label></figcaption></figure>
<p>Le désert ou semi-désert couvre environ 65 pour cent de la superficie totale du Mali (1 240 192 kilomètres carrés). Le fleuve Niger crée un delta intérieur vaste et fertile en passant par le nord-est du Mali à partir de la Guinée avant de tourner vers le sud et de se jeter finalement dans le golfe de Guinée.</p>
<p>Le territoire comprend trois zones naturelles : la zone soudanienne cultivée du sud, la zone sahélienne semi-désertique centrale et la zone saharienne désertique du nord. Le terrain est principalement constitué de savane au sud et de plaines plates à vallonnées ou de hauts plateaux (200 à 500 mètres d&#8217;altitude) au nord. Il y a des collines accidentées dans le nord-est, avec des altitudes allant jusqu&#8217;à 1 000 mètres.</p>
<p>Le Niger (avec 1 693 kilomètres au Mali) et le Sénégal sont les deux plus grands fleuves du Mali. Le Niger est généralement décrit comme la pierre angulaire du Mali, une source de nourriture, d&#8217;eau potable, d&#8217;irrigation et de transport.</p>
<p>Le point le plus bas du pays se situe sur le fleuve Sénégal (23 m) et son point culminant est le Hombori Tondo (1155 m) dans les monts Hombori.</p>
<figure id="attachment_40572" aria-describedby="caption-attachment-40572" style="width: 400px" class="wp-caption aligncenter"><a href="https://gifex.com/fr/wp-content/uploads/40569/Carte-topographique-du-Mali.png" target="_blank" rel="noopener"><img decoding="async" class="wp-image-40572" title="Carte topographique du Mali." src="https://gifex.com/fr/wp-content/uploads/40569/Carte-topographique-du-Mali-300x279.png" alt="Carte topographique du Mali." width="400" height="372" srcset="https://gifex.com/fr/wp-content/uploads/40569/Carte-topographique-du-Mali-300x279.png 300w, https://gifex.com/fr/wp-content/uploads/40569/Carte-topographique-du-Mali-1024x953.png 1024w, https://gifex.com/fr/wp-content/uploads/40569/Carte-topographique-du-Mali-768x715.png 768w, https://gifex.com/fr/wp-content/uploads/40569/Carte-topographique-du-Mali.png 1234w" sizes="(max-width: 400px) 100vw, 400px" /></a><figcaption id="caption-attachment-40572" class="wp-caption-text"><label style="font-size: 15px;">Carte topographique du Mali.</label></figcaption></figure>

<p>Carte physique du Mali. Géographie du Mali. Le Mali est un pays enclavé d&#8217;Afrique de l&#8217;Ouest, situé au sud-ouest de l&#8217;Algérie, s&#8217;étendant au sud-ouest du &#8230;</p>
