{"id":40563,"date":"2023-06-17T01:10:04","date_gmt":"2023-06-17T01:10:04","guid":{"rendered":"https:\/\/gifex.com\/fr\/?post_type=ficha&#038;p=40563"},"modified":"2023-06-17T01:10:04","modified_gmt":"2023-06-17T01:10:04","slug":"drapeau-du-mali","status":"publish","type":"ficha","link":"https:\/\/gifex.com\/fr\/fichier\/drapeau-du-mali\/","title":{"rendered":"Drapeau du Mali"},"content":{"rendered":"<p>Le drapeau malien est constitu\u00e9 de trois bandes verticales \u00e9gales de couleur verte (c\u00f4t\u00e9 m\u00e2t), jaune et rouge.<\/p>\n<p>Note : utilise les couleurs panafricaines populaires d&#8217;Ethiopie ; les couleurs de gauche \u00e0 droite sont les m\u00eames que celles du S\u00e9n\u00e9gal voisin (qui a une \u00e9toile centrale verte suppl\u00e9mentaire) et l&#8217;inverse de celles du drapeau de la Guin\u00e9e voisine.<\/p>\n","protected":false},"excerpt":{"rendered":"<p>Le drapeau malien est constitu\u00e9 de trois bandes verticales \u00e9gales de couleur verte (c\u00f4t\u00e9 m\u00e2t), jaune et rouge. Note : utilise les couleurs panafricaines &#8230;<\/p>\n","protected":false},"author":1,"featured_media":40564,"template":"","categoria_ficha":[217],"class_list":["post-40563","ficha","type-ficha","status-publish","has-post-thumbnail","hentry","categoria_ficha-cartes-du-mali"],"acf":[],"_links":{"self":[{"href":"https:\/\/gifex.com\/fr\/wp-json\/wp\/v2\/ficha\/40563","targetHints":{"allow":["GET"]}}],"collection":[{"href":"https:\/\/gifex.com\/fr\/wp-json\/wp\/v2\/ficha"}],"about":[{"href":"https:\/\/gifex.com\/fr\/wp-json\/wp\/v2\/types\/ficha"}],"author":[{"embeddable":true,"href":"https:\/\/gifex.com\/fr\/wp-json\/wp\/v2\/users\/1"}],"version-history":[{"count":1,"href":"https:\/\/gifex.com\/fr\/wp-json\/wp\/v2\/ficha\/40563\/revisions"}],"predecessor-version":[{"id":40567,"href":"https:\/\/gifex.com\/fr\/wp-json\/wp\/v2\/ficha\/40563\/revisions\/40567"}],"wp:featuredmedia":[{"embeddable":true,"href":"https:\/\/gifex.com\/fr\/wp-json\/wp\/v2\/media\/40564"}],"wp:attachment":[{"href":"https:\/\/gifex.com\/fr\/wp-json\/wp\/v2\/media?parent=40563"}],"wp:term":[{"taxonomy":"categoria_ficha","embeddable":true,"href":"https:\/\/gifex.com\/fr\/wp-json\/wp\/v2\/categoria_ficha?post=40563"}],"curies":[{"name":"wp","href":"https:\/\/api.w.org\/{rel}","templated":true}]}}

<p>Le drapeau malien est constitué de trois bandes verticales égales de couleur verte (côté mât), jaune et rouge.</p>
<p>Note : utilise les couleurs panafricaines populaires d&#8217;Ethiopie ; les couleurs de gauche à droite sont les mêmes que celles du Sénégal voisin (qui a une étoile centrale verte supplémentaire) et l&#8217;inverse de celles du drapeau de la Guinée voisine.</p>

<p>Le drapeau malien est constitué de trois bandes verticales égales de couleur verte (côté mât), jaune et rouge. Note : utilise les couleurs panafricaines &#8230;</p>
