{"id":38593,"date":"2023-04-25T12:37:21","date_gmt":"2023-04-25T12:37:21","guid":{"rendered":"https:\/\/gifex.com\/fr\/?post_type=ficha&#038;p=38593"},"modified":"2025-09-16T23:48:53","modified_gmt":"2025-09-16T23:48:53","slug":"carte-des-caraibes-de-l-evening-post-1898","status":"publish","type":"ficha","link":"https:\/\/gifex.com\/fr\/fichier\/carte-des-caraibes-de-l-evening-post-1898\/","title":{"rendered":"Carte des Cara\u00efbes de l&#8217;Evening Post, 1898"},"content":{"rendered":"<p style=\"text-align: center;\"><label style=\"font-size: 15px;\">Carte des Cara\u00efbes de l&#8217;Evening Post, 1898 <a href=\"https:\/\/gifex.com\/fr\/wp-content\/uploads\/38593\/Carte-des-Caraibes-de-l-Evening-Post-1898.pdf\" target=\"_blank\" rel=\"noopener\">(formato PDF)<\/a>.<\/label><\/p>\n<p>Carte (titre original : <em>The Evening Post Map of the West Indies<\/em>) dress\u00e9e pendant la guerre hispano-am\u00e9ricaine (1898). Son but \u00e9tait d&#8217;informer le public am\u00e9ricain sur la g\u00e9ographie des th\u00e9\u00e2tres de conflit ou d&#8217;int\u00e9r\u00eat colonial : Cuba, les Philippines, etc. Dat\u00e9e de 1898, publi\u00e9e en suppl\u00e9ment de l&#8217;Evening Post, le 25 mai.<\/p>\n<p><strong>Contenu et caract\u00e9ristiques<\/strong><\/p>\n<ul>\n<li>Montre la zone g\u00e9ographique des Antilles\/Cara\u00efbes : \u00eeles des Cara\u00efbes, c\u00f4tes continentales proches.<\/li>\n<li>Sont inclus des encarts (petites cartes auxiliaires) de :<\/li>\n<\/ul>\n<ol>\n<li>La Havane (Puerto Habana)<\/li>\n<li>Les \u00eeles Philippines (propri\u00e9t\u00e9 espagnole \u00e0 cette \u00e9poque)<\/li>\n<li>Un encart qui situe les Antilles par rapport \u00e0 l&#8217;Espagne dans l&#8217;oc\u00e9an Atlantique.<\/li>\n<\/ol>\n<ul>\n<li>Le relief est repr\u00e9sent\u00e9 par des hachures (des nuances pour indiquer l&#8217;\u00e9l\u00e9vation)<\/li>\n<\/ul>\n","protected":false},"excerpt":{"rendered":"<p>Carte (titre original : The Evening Post Map of the West Indies) dress\u00e9e pendant la guerre hispano-am\u00e9ricaine (1898). Son but \u00e9tait d&#8217;informer le public &#8230; <\/p>\n","protected":false},"author":1,"featured_media":56616,"template":"","categoria_ficha":[2012],"class_list":["post-38593","ficha","type-ficha","status-publish","has-post-thumbnail","hentry","categoria_ficha-cartes-de-caraibes"],"acf":[],"_links":{"self":[{"href":"https:\/\/gifex.com\/fr\/wp-json\/wp\/v2\/ficha\/38593","targetHints":{"allow":["GET"]}}],"collection":[{"href":"https:\/\/gifex.com\/fr\/wp-json\/wp\/v2\/ficha"}],"about":[{"href":"https:\/\/gifex.com\/fr\/wp-json\/wp\/v2\/types\/ficha"}],"author":[{"embeddable":true,"href":"https:\/\/gifex.com\/fr\/wp-json\/wp\/v2\/users\/1"}],"version-history":[{"count":3,"href":"https:\/\/gifex.com\/fr\/wp-json\/wp\/v2\/ficha\/38593\/revisions"}],"predecessor-version":[{"id":56618,"href":"https:\/\/gifex.com\/fr\/wp-json\/wp\/v2\/ficha\/38593\/revisions\/56618"}],"wp:featuredmedia":[{"embeddable":true,"href":"https:\/\/gifex.com\/fr\/wp-json\/wp\/v2\/media\/56616"}],"wp:attachment":[{"href":"https:\/\/gifex.com\/fr\/wp-json\/wp\/v2\/media?parent=38593"}],"wp:term":[{"taxonomy":"categoria_ficha","embeddable":true,"href":"https:\/\/gifex.com\/fr\/wp-json\/wp\/v2\/categoria_ficha?post=38593"}],"curies":[{"name":"wp","href":"https:\/\/api.w.org\/{rel}","templated":true}]}}

Carte des Caraïbes de l&#8217;Evening Post, 1898

<p style="text-align: center;"><label style="font-size: 15px;">Carte des Caraïbes de l&#8217;Evening Post, 1898 <a href="https://gifex.com/fr/wp-content/uploads/38593/Carte-des-Caraibes-de-l-Evening-Post-1898.pdf" target="_blank" rel="noopener">(formato PDF)</a>.</label></p>
<p>Carte (titre original : <em>The Evening Post Map of the West Indies</em>) dressée pendant la guerre hispano-américaine (1898). Son but était d&#8217;informer le public américain sur la géographie des théâtres de conflit ou d&#8217;intérêt colonial : Cuba, les Philippines, etc. Datée de 1898, publiée en supplément de l&#8217;Evening Post, le 25 mai.</p>
<p><strong>Contenu et caractéristiques</strong></p>
<ul>
<li>Montre la zone géographique des Antilles/Caraïbes : îles des Caraïbes, côtes continentales proches.</li>
<li>Sont inclus des encarts (petites cartes auxiliaires) de :</li>
</ul>
<ol>
<li>La Havane (Puerto Habana)</li>
<li>Les îles Philippines (propriété espagnole à cette époque)</li>
<li>Un encart qui situe les Antilles par rapport à l&#8217;Espagne dans l&#8217;océan Atlantique.</li>
</ol>
<ul>
<li>Le relief est représenté par des hachures (des nuances pour indiquer l&#8217;élévation)</li>
</ul>

<p>Carte (titre original : The Evening Post Map of the West Indies) dressée pendant la guerre hispano-américaine (1898). Son but était d&#8217;informer le public &#8230; </p>
