{"id":38569,"date":"2023-04-24T21:04:43","date_gmt":"2023-04-24T21:04:43","guid":{"rendered":"https:\/\/gifex.com\/fr\/?post_type=ficha&#038;p=38569"},"modified":"2023-04-24T21:05:58","modified_gmt":"2023-04-24T21:05:58","slug":"amerique-centrale-prehispanique-au-xvie-siecle","status":"publish","type":"ficha","link":"https:\/\/gifex.com\/fr\/fichier\/amerique-centrale-prehispanique-au-xvie-siecle\/","title":{"rendered":"Am\u00e9rique centrale pr\u00e9hispanique au XVIe si\u00e8cle"},"content":{"rendered":"<p style=\"text-align: center;\"><label style=\"font-size: 15px;\">Carte de l&#8217;Am\u00e9rique centrale pr\u00e9hispanique du XVI<sup>e<\/sup> si\u00e8cle.<\/label><\/p>\n<p>Carte des diff\u00e9rentes entit\u00e9s territoriales qui existaient en Am\u00e9rique centrale au XVI<sup>e<\/sup> si\u00e8cle avant l&#8217;arriv\u00e9e des Espagnols. En ce qui concerne la symbologie, les consid\u00e9rations suivantes ont \u00e9t\u00e9 prises en compte : Royaumes, toutes ces entit\u00e9s territoriales (commun\u00e9ment appel\u00e9es se\u00f1or\u00edos ou cacicazgos) qui avaient une capitale et un seigneur principal ; conf\u00e9d\u00e9ration, toutes ces entit\u00e9s compos\u00e9es de seigneuries ou de villes qui, bien qu&#8217;ind\u00e9pendantes, avaient une sorte d&#8217;int\u00e9gration ou d&#8217;alliance; Territoire, toutes ces r\u00e9gions compos\u00e9es de plusieurs seigneuries ou populations (qu&#8217;elles soient s\u00e9dentaires, nomades ou semi-nomades) qui n&#8217;ont pas eu une sorte d&#8217;int\u00e9gration ou d&#8217;alliance, et pour lesquelles il y a peu ou pas d&#8217;informations sur la fa\u00e7on dont elles se sont constitu\u00e9es ou dont elles ont \u00e9t\u00e9 d\u00e9limit\u00e9s les territoires de tout ou partie des entit\u00e9s qui se trouvaient dans cette r\u00e9gion ; Les populations importantes comprennent les populations qui faisaient partie de l&#8217;organisation administrative d&#8217;une entit\u00e9, les populations qui ont jou\u00e9 un r\u00f4le de premier plan dans la conqu\u00eate espagnole d&#8217;une entit\u00e9 (comme celles dans lesquelles des batailles importantes ont \u00e9t\u00e9 men\u00e9es) et les populations o\u00f9 certaines langues ou dialectes ont \u00e9t\u00e9 parl\u00e9s ou o\u00f9 ils sont encore parl\u00e9s ; Enfin, il convient de mentionner que les autres ethnies ou cultures repr\u00e9sent\u00e9es pourraient avoir \u00e9t\u00e9 assujetties \u00e0 l&#8217;entit\u00e9 o\u00f9 elles sont mentionn\u00e9es ou pourraient \u00eatre ind\u00e9pendantes de ladite entit\u00e9.<\/p>\n","protected":false},"excerpt":{"rendered":"<p>Carte de l&#8217;Am\u00e9rique centrale pr\u00e9hispanique du XVIe si\u00e8cle. Carte des diff\u00e9rentes entit\u00e9s territoriales qui existaient en Am\u00e9rique centrale au XVIe si\u00e8cle avant <\/p>\n","protected":false},"author":1,"featured_media":38570,"template":"","categoria_ficha":[377],"class_list":["post-38569","ficha","type-ficha","status-publish","has-post-thumbnail","hentry","categoria_ficha-cartes-de-l-amerique-centrale"],"acf":[],"_links":{"self":[{"href":"https:\/\/gifex.com\/fr\/wp-json\/wp\/v2\/ficha\/38569","targetHints":{"allow":["GET"]}}],"collection":[{"href":"https:\/\/gifex.com\/fr\/wp-json\/wp\/v2\/ficha"}],"about":[{"href":"https:\/\/gifex.com\/fr\/wp-json\/wp\/v2\/types\/ficha"}],"author":[{"embeddable":true,"href":"https:\/\/gifex.com\/fr\/wp-json\/wp\/v2\/users\/1"}],"version-history":[{"count":2,"href":"https:\/\/gifex.com\/fr\/wp-json\/wp\/v2\/ficha\/38569\/revisions"}],"predecessor-version":[{"id":38572,"href":"https:\/\/gifex.com\/fr\/wp-json\/wp\/v2\/ficha\/38569\/revisions\/38572"}],"wp:featuredmedia":[{"embeddable":true,"href":"https:\/\/gifex.com\/fr\/wp-json\/wp\/v2\/media\/38570"}],"wp:attachment":[{"href":"https:\/\/gifex.com\/fr\/wp-json\/wp\/v2\/media?parent=38569"}],"wp:term":[{"taxonomy":"categoria_ficha","embeddable":true,"href":"https:\/\/gifex.com\/fr\/wp-json\/wp\/v2\/categoria_ficha?post=38569"}],"curies":[{"name":"wp","href":"https:\/\/api.w.org\/{rel}","templated":true}]}}

Amérique centrale préhispanique au XVIe siècle

<p style="text-align: center;"><label style="font-size: 15px;">Carte de l&#8217;Amérique centrale préhispanique du XVI<sup>e</sup> siècle.</label></p>
<p>Carte des différentes entités territoriales qui existaient en Amérique centrale au XVI<sup>e</sup> siècle avant l&#8217;arrivée des Espagnols. En ce qui concerne la symbologie, les considérations suivantes ont été prises en compte : Royaumes, toutes ces entités territoriales (communément appelées señoríos ou cacicazgos) qui avaient une capitale et un seigneur principal ; confédération, toutes ces entités composées de seigneuries ou de villes qui, bien qu&#8217;indépendantes, avaient une sorte d&#8217;intégration ou d&#8217;alliance; Territoire, toutes ces régions composées de plusieurs seigneuries ou populations (qu&#8217;elles soient sédentaires, nomades ou semi-nomades) qui n&#8217;ont pas eu une sorte d&#8217;intégration ou d&#8217;alliance, et pour lesquelles il y a peu ou pas d&#8217;informations sur la façon dont elles se sont constituées ou dont elles ont été délimités les territoires de tout ou partie des entités qui se trouvaient dans cette région ; Les populations importantes comprennent les populations qui faisaient partie de l&#8217;organisation administrative d&#8217;une entité, les populations qui ont joué un rôle de premier plan dans la conquête espagnole d&#8217;une entité (comme celles dans lesquelles des batailles importantes ont été menées) et les populations où certaines langues ou dialectes ont été parlés ou où ils sont encore parlés ; Enfin, il convient de mentionner que les autres ethnies ou cultures représentées pourraient avoir été assujetties à l&#8217;entité où elles sont mentionnées ou pourraient être indépendantes de ladite entité.</p>

<p>Carte de l&#8217;Amérique centrale préhispanique du XVIe siècle. Carte des différentes entités territoriales qui existaient en Amérique centrale au XVIe siècle avant </p>
