{"id":38315,"date":"2023-04-17T16:53:31","date_gmt":"2023-04-17T16:53:31","guid":{"rendered":"https:\/\/gifex.com\/fr\/?post_type=ficha&#038;p=38315"},"modified":"2023-04-17T16:53:31","modified_gmt":"2023-04-17T16:53:31","slug":"carte-des-regions-politiques-du-soudan","status":"publish","type":"ficha","link":"https:\/\/gifex.com\/fr\/fichier\/carte-des-regions-politiques-du-soudan\/","title":{"rendered":"Carte des r\u00e9gions politiques du Soudan"},"content":{"rendered":"<p style=\"text-align: center;\"><label style=\"font-size: 15px;\">Carte montrant les r\u00e9gions politiques du Soudan en juillet 2006.<\/label><\/p>\n<p><strong>Organismes r\u00e9gionaux du Soudan<\/strong><\/p>\n<p>Outre les \u00c9tats, il existe \u00e9galement des organes administratifs r\u00e9gionaux cr\u00e9\u00e9s par des accords de paix entre le gouvernement central et les groupes rebelles.<\/p>\n<ul>\n<li>L&#8217;autorit\u00e9 r\u00e9gionale du Darfour a \u00e9t\u00e9 cr\u00e9\u00e9 par l&#8217;Accord de paix au Darfour pour servir d&#8217;organe de coordination pour les \u00c9tats qui composent la r\u00e9gion du Darfour.<\/li>\n<li>Le Conseil de coordination des \u00c9tats du Soudan oriental a \u00e9t\u00e9 cr\u00e9\u00e9 par l&#8217;Accord de paix du Soudan oriental entre le gouvernement soudanais et les rebelles du Front de l&#8217;Est pour servir d&#8217;organe de coordination pour les trois \u00c9tats de l&#8217;Est.<\/li>\n<li>La zone d&#8217;Abiy\u00e9, situ\u00e9e \u00e0 la fronti\u00e8re entre le Soudan du Sud et la R\u00e9publique du Soudan, a actuellement un statut administratif sp\u00e9cial et est r\u00e9gie par une administration d&#8217;Abiy\u00e9. Elle devait organiser un r\u00e9f\u00e9rendum en 2011 sur son appartenance au Soudan du Sud ou \u00e0 la R\u00e9publique du Soudan.<\/li>\n<\/ul>\n","protected":false},"excerpt":{"rendered":"<p>Carte montrant les r\u00e9gions politiques du Soudan en juillet 2006. Organismes r\u00e9gionaux du Soudan. Outre les \u00c9tats, il existe \u00e9galement des organes administratif<\/p>\n","protected":false},"author":1,"featured_media":38316,"template":"","categoria_ficha":[236],"class_list":["post-38315","ficha","type-ficha","status-publish","has-post-thumbnail","hentry","categoria_ficha-cartes-du-soudan"],"acf":[],"_links":{"self":[{"href":"https:\/\/gifex.com\/fr\/wp-json\/wp\/v2\/ficha\/38315","targetHints":{"allow":["GET"]}}],"collection":[{"href":"https:\/\/gifex.com\/fr\/wp-json\/wp\/v2\/ficha"}],"about":[{"href":"https:\/\/gifex.com\/fr\/wp-json\/wp\/v2\/types\/ficha"}],"author":[{"embeddable":true,"href":"https:\/\/gifex.com\/fr\/wp-json\/wp\/v2\/users\/1"}],"version-history":[{"count":1,"href":"https:\/\/gifex.com\/fr\/wp-json\/wp\/v2\/ficha\/38315\/revisions"}],"predecessor-version":[{"id":38317,"href":"https:\/\/gifex.com\/fr\/wp-json\/wp\/v2\/ficha\/38315\/revisions\/38317"}],"wp:featuredmedia":[{"embeddable":true,"href":"https:\/\/gifex.com\/fr\/wp-json\/wp\/v2\/media\/38316"}],"wp:attachment":[{"href":"https:\/\/gifex.com\/fr\/wp-json\/wp\/v2\/media?parent=38315"}],"wp:term":[{"taxonomy":"categoria_ficha","embeddable":true,"href":"https:\/\/gifex.com\/fr\/wp-json\/wp\/v2\/categoria_ficha?post=38315"}],"curies":[{"name":"wp","href":"https:\/\/api.w.org\/{rel}","templated":true}]}}

Carte des régions politiques du Soudan

<p style="text-align: center;"><label style="font-size: 15px;">Carte montrant les régions politiques du Soudan en juillet 2006.</label></p>
<p><strong>Organismes régionaux du Soudan</strong></p>
<p>Outre les États, il existe également des organes administratifs régionaux créés par des accords de paix entre le gouvernement central et les groupes rebelles.</p>
<ul>
<li>L&#8217;autorité régionale du Darfour a été créé par l&#8217;Accord de paix au Darfour pour servir d&#8217;organe de coordination pour les États qui composent la région du Darfour.</li>
<li>Le Conseil de coordination des États du Soudan oriental a été créé par l&#8217;Accord de paix du Soudan oriental entre le gouvernement soudanais et les rebelles du Front de l&#8217;Est pour servir d&#8217;organe de coordination pour les trois États de l&#8217;Est.</li>
<li>La zone d&#8217;Abiyé, située à la frontière entre le Soudan du Sud et la République du Soudan, a actuellement un statut administratif spécial et est régie par une administration d&#8217;Abiyé. Elle devait organiser un référendum en 2011 sur son appartenance au Soudan du Sud ou à la République du Soudan.</li>
</ul>

<p>Carte montrant les régions politiques du Soudan en juillet 2006. Organismes régionaux du Soudan. Outre les États, il existe également des organes administratif</p>
