{"id":38269,"date":"2023-04-16T22:08:41","date_gmt":"2023-04-16T22:08:41","guid":{"rendered":"https:\/\/gifex.com\/fr\/?post_type=ficha&#038;p=38269"},"modified":"2023-04-18T22:29:15","modified_gmt":"2023-04-18T22:29:15","slug":"carte-physique-de-l-amerique-du-sud","status":"publish","type":"ficha","link":"https:\/\/gifex.com\/fr\/fichier\/carte-physique-de-l-amerique-du-sud\/","title":{"rendered":"Carte physique de l&#8217;Am\u00e9rique du Sud"},"content":{"rendered":"<p style=\"text-align: center;\"><label style=\"font-size: 15px;\">Carte physique de l&#8217;Am\u00e9rique du Sud montrant les caract\u00e9ristiques physiques, politiques et d\u00e9mographiques, en projection Mercator, avec l\u00e9gende, conform\u00e9ment \u00e0 2018. Compil\u00e9e \u00e0 l&#8217;aide des donn\u00e9es QGIS et CC-0 Natural Earth.<\/label><\/p>\n<figure id=\"attachment_38272\" aria-describedby=\"caption-attachment-38272\" style=\"width: 360px\" class=\"wp-caption alignright\"><a href=\"https:\/\/gifex.com\/fr\/wp-content\/uploads\/38269\/Carte-topographique-de-l-Amerique-du-Sud.png\" target=\"_blank\" rel=\"noopener\"><img fetchpriority=\"high\" decoding=\"async\" class=\"wp-image-38272\" title=\"Carte topographique de l'Am\u00e9rique du Sud.\" src=\"https:\/\/gifex.com\/fr\/wp-content\/uploads\/38269\/Carte-topographique-de-l-Amerique-du-Sud-196x300.png\" alt=\"Carte topographique de l'Am\u00e9rique du Sud.\" width=\"360\" height=\"551\" srcset=\"https:\/\/gifex.com\/fr\/wp-content\/uploads\/38269\/Carte-topographique-de-l-Amerique-du-Sud-196x300.png 196w, https:\/\/gifex.com\/fr\/wp-content\/uploads\/38269\/Carte-topographique-de-l-Amerique-du-Sud-669x1024.png 669w, https:\/\/gifex.com\/fr\/wp-content\/uploads\/38269\/Carte-topographique-de-l-Amerique-du-Sud-768x1175.png 768w, https:\/\/gifex.com\/fr\/wp-content\/uploads\/38269\/Carte-topographique-de-l-Amerique-du-Sud-300x459.png 300w, https:\/\/gifex.com\/fr\/wp-content\/uploads\/38269\/Carte-topographique-de-l-Amerique-du-Sud.png 1000w\" sizes=\"(max-width: 360px) 100vw, 360px\" \/><\/a><figcaption id=\"caption-attachment-38272\" class=\"wp-caption-text\"><label style=\"font-size: 15px;\">Carte topographique de l&#8217;Am\u00e9rique du Sud.<\/label><\/figcaption><\/figure>\n<p>L&#8217;Am\u00e9rique du Sud occupe la partie sud de l&#8217;Am\u00e9rique. Le sous-continent est g\u00e9n\u00e9ralement d\u00e9limit\u00e9 au nord-ouest par le bassin versant du Dari\u00e9n le long de la fronti\u00e8re Colombie-Panama, bien que certains puissent consid\u00e9rer que la fronti\u00e8re est plut\u00f4t le canal de Panama. G\u00e9opolitiquement et g\u00e9ographiquement, tout le Panama &#8211; y compris le segment \u00e0 l&#8217;est du canal de Panama dans l&#8217;isthme &#8211; est g\u00e9n\u00e9ralement inclus dans la seule Am\u00e9rique du Nord et parmi les pays d&#8217;Am\u00e9rique centrale. Presque toute l&#8217;Am\u00e9rique du Sud continentale se trouve sur la plaque sud-am\u00e9ricaine.<\/p>\n<p>L&#8217;Am\u00e9rique du Sud abrite la plus haute cascade ininterrompue du monde, Salto \u00c1ngel au Venezuela; la plus haute chute d&#8217;eau \u00e0 chute unique les chutes de Kaieteur en Guyane; le plus grand fleuve en volume, le fleuve Amazone ; la plus longue cha\u00eene de montagnes, les Andes (dont la plus haute montagne est l&#8217;Aconcagua \u00e0 6 962 m) ; l&#8217;endroit non polaire le plus sec de la plan\u00e8te, le d\u00e9sert d&#8217;Atacama ; l&#8217;endroit le plus humide du monde, L\u00f3pez de Micay en Colombie ; la plus grande for\u00eat tropicale, la for\u00eat amazonienne ; la plus haute capitale, La Paz, Bolivie ; le plus haut lac navigable commercialement au monde, le lac Titicaca ; et, \u00e0 l&#8217;exclusion des stations de recherche en Antarctique, la communaut\u00e9 habit\u00e9e en permanence la plus m\u00e9ridionale du monde, Puerto Toro, au Chili.<\/p>\n<figure id=\"attachment_3409\" aria-describedby=\"caption-attachment-3409\" style=\"width: 360px\" class=\"wp-caption alignright\"><a href=\"https:\/\/gifex.com\/fr\/wp-content\/uploads\/152\/carte-de-l-amerique-du-sud.png\" target=\"_blank\" rel=\"noopener\"><img decoding=\"async\" class=\"wp-image-3409\" title=\"Carte en relief de l'Am\u00e9rique du Sud.\" src=\"https:\/\/gifex.com\/fr\/wp-content\/uploads\/152\/carte-de-l-amerique-du-sud-226x300.png\" alt=\"Carte en relief de l'Am\u00e9rique du Sud.\" width=\"360\" height=\"479\" srcset=\"https:\/\/gifex.com\/fr\/wp-content\/uploads\/152\/carte-de-l-amerique-du-sud-226x300.png 226w, https:\/\/gifex.com\/fr\/wp-content\/uploads\/152\/carte-de-l-amerique-du-sud-770x1024.png 770w, https:\/\/gifex.com\/fr\/wp-content\/uploads\/152\/carte-de-l-amerique-du-sud-768x1021.png 768w, https:\/\/gifex.com\/fr\/wp-content\/uploads\/152\/carte-de-l-amerique-du-sud-1155x1536.png 1155w, https:\/\/gifex.com\/fr\/wp-content\/uploads\/152\/carte-de-l-amerique-du-sud-300x399.png 300w, https:\/\/gifex.com\/fr\/wp-content\/uploads\/152\/carte-de-l-amerique-du-sud-1203x1600.png 1203w, https:\/\/gifex.com\/fr\/wp-content\/uploads\/152\/carte-de-l-amerique-du-sud.png 1418w\" sizes=\"(max-width: 360px) 100vw, 360px\" \/><\/a><figcaption id=\"caption-attachment-3409\" class=\"wp-caption-text\"><label style=\"font-size: 15px;\">Carte en relief de l&#8217;Am\u00e9rique du Sud.<\/label><\/figcaption><\/figure>\n<p>Les principales ressources min\u00e9rales de l&#8217;Am\u00e9rique du Sud sont l&#8217;or, l&#8217;argent, le cuivre, le minerai de fer, l&#8217;\u00e9tain et le p\u00e9trole. Ces ressources trouv\u00e9es en Am\u00e9rique du Sud ont apport\u00e9 des revenus \u00e9lev\u00e9s \u00e0 ses pays, en particulier en temps de guerre ou de croissance \u00e9conomique rapide des pays industrialis\u00e9s ailleurs. Cependant, la concentration dans la production d&#8217;un produit d&#8217;exportation majeur a souvent entrav\u00e9 le d\u00e9veloppement d&#8217;\u00e9conomies diversifi\u00e9es. La fluctuation du prix des mati\u00e8res premi\u00e8res sur les march\u00e9s internationaux a conduit historiquement \u00e0 des hauts et des bas importants dans les \u00e9conomies des \u00c9tats sud-am\u00e9ricains, provoquant souvent une instabilit\u00e9 politique extr\u00eame. Cela conduit \u00e0 des efforts de diversification de la production pour \u00e9viter de rester des \u00e9conomies d\u00e9di\u00e9es \u00e0 une seule grande exportation.<\/p>\n<p>Le Br\u00e9sil est le plus grand pays d&#8217;Am\u00e9rique du Sud, couvrant un peu moins de la moiti\u00e9 de la superficie terrestre du sous-continent et englobant environ la moiti\u00e9 de la population du sous-continent. Les pays et territoires restants sont r\u00e9partis en quatre sous-r\u00e9gions : les Pays Andins, les Cara\u00efbes sud-am\u00e9ricaines, les Guyanes et le C\u00f4ne Sud.<\/p>\n<div style=\"clear: both; display: inline-block; width: 100%;\">\n<div class=\"row\">\n<div class=\"col-sm\">\n<figure id=\"attachment_38378\" aria-describedby=\"caption-attachment-38378\" style=\"width: 400px\" class=\"wp-caption alignleft\"><a href=\"https:\/\/gifex.com\/fr\/wp-content\/uploads\/38269\/Carte-des-regions-naturelles-d-Amerique-du-Sud.jpg\" target=\"_blank\" rel=\"noopener\"><img decoding=\"async\" class=\"wp-image-38378\" title=\"Carte des r\u00e9gions naturelles d'Am\u00e9rique du Sud.\" src=\"https:\/\/gifex.com\/fr\/wp-content\/uploads\/38269\/Carte-des-regions-naturelles-d-Amerique-du-Sud-223x300.jpg\" alt=\"Carte des r\u00e9gions naturelles d'Am\u00e9rique du Sud.\" width=\"400\" height=\"539\" srcset=\"https:\/\/gifex.com\/fr\/wp-content\/uploads\/38269\/Carte-des-regions-naturelles-d-Amerique-du-Sud-223x300.jpg 223w, https:\/\/gifex.com\/fr\/wp-content\/uploads\/38269\/Carte-des-regions-naturelles-d-Amerique-du-Sud-761x1024.jpg 761w, https:\/\/gifex.com\/fr\/wp-content\/uploads\/38269\/Carte-des-regions-naturelles-d-Amerique-du-Sud-768x1034.jpg 768w, https:\/\/gifex.com\/fr\/wp-content\/uploads\/38269\/Carte-des-regions-naturelles-d-Amerique-du-Sud-300x404.jpg 300w, https:\/\/gifex.com\/fr\/wp-content\/uploads\/38269\/Carte-des-regions-naturelles-d-Amerique-du-Sud.jpg 1097w\" sizes=\"(max-width: 400px) 100vw, 400px\" \/><\/a><figcaption id=\"caption-attachment-38378\" class=\"wp-caption-text\"><label style=\"font-size: 15px;\">Carte des r\u00e9gions naturelles d&#8217;Am\u00e9rique du Sud.<\/label><\/figcaption><\/figure>\n<\/div>\n<div class=\"col-sm\">\n<figure id=\"attachment_38379\" aria-describedby=\"caption-attachment-38379\" style=\"width: 360px\" class=\"wp-caption alignright\"><a href=\"https:\/\/gifex.com\/fr\/wp-content\/uploads\/38269\/Carte-des-zones-arides-d-Amerique-du-Sud.jpg\" target=\"_blank\" rel=\"noopener\"><img loading=\"lazy\" decoding=\"async\" class=\"wp-image-38379\" title=\"Carte des zones arides d'Am\u00e9rique du Sud.\" src=\"https:\/\/gifex.com\/fr\/wp-content\/uploads\/38269\/Carte-des-zones-arides-d-Amerique-du-Sud-209x300.jpg\" alt=\"Carte des zones arides d'Am\u00e9rique du Sud.\" width=\"360\" height=\"518\" srcset=\"https:\/\/gifex.com\/fr\/wp-content\/uploads\/38269\/Carte-des-zones-arides-d-Amerique-du-Sud-209x300.jpg 209w, https:\/\/gifex.com\/fr\/wp-content\/uploads\/38269\/Carte-des-zones-arides-d-Amerique-du-Sud-712x1024.jpg 712w, https:\/\/gifex.com\/fr\/wp-content\/uploads\/38269\/Carte-des-zones-arides-d-Amerique-du-Sud-768x1104.jpg 768w, https:\/\/gifex.com\/fr\/wp-content\/uploads\/38269\/Carte-des-zones-arides-d-Amerique-du-Sud-1068x1536.jpg 1068w, https:\/\/gifex.com\/fr\/wp-content\/uploads\/38269\/Carte-des-zones-arides-d-Amerique-du-Sud-1424x2048.jpg 1424w, https:\/\/gifex.com\/fr\/wp-content\/uploads\/38269\/Carte-des-zones-arides-d-Amerique-du-Sud-300x431.jpg 300w, https:\/\/gifex.com\/fr\/wp-content\/uploads\/38269\/Carte-des-zones-arides-d-Amerique-du-Sud-1113x1600.jpg 1113w, https:\/\/gifex.com\/fr\/wp-content\/uploads\/38269\/Carte-des-zones-arides-d-Amerique-du-Sud.jpg 1814w\" sizes=\"(max-width: 360px) 100vw, 360px\" \/><\/a><figcaption id=\"caption-attachment-38379\" class=\"wp-caption-text\"><label style=\"font-size: 15px;\">Carte des zones arides d&#8217;Am\u00e9rique du Sud.<\/label><\/figcaption><\/figure>\n<\/div>\n<\/div>\n<\/div>\n","protected":false},"excerpt":{"rendered":"<p>Carte physique de l&#8217;Am\u00e9rique du Sud montrant les caract\u00e9ristiques physiques, politiques et d\u00e9mographiques, en projection Mercator, avec l\u00e9gende, conform\u00e9ment <\/p>\n","protected":false},"author":1,"featured_media":38270,"template":"","categoria_ficha":[38],"class_list":["post-38269","ficha","type-ficha","status-publish","has-post-thumbnail","hentry","categoria_ficha-cartes-de-l-amerique-du-sud"],"acf":[],"_links":{"self":[{"href":"https:\/\/gifex.com\/fr\/wp-json\/wp\/v2\/ficha\/38269","targetHints":{"allow":["GET"]}}],"collection":[{"href":"https:\/\/gifex.com\/fr\/wp-json\/wp\/v2\/ficha"}],"about":[{"href":"https:\/\/gifex.com\/fr\/wp-json\/wp\/v2\/types\/ficha"}],"author":[{"embeddable":true,"href":"https:\/\/gifex.com\/fr\/wp-json\/wp\/v2\/users\/1"}],"version-history":[{"count":8,"href":"https:\/\/gifex.com\/fr\/wp-json\/wp\/v2\/ficha\/38269\/revisions"}],"predecessor-version":[{"id":38281,"href":"https:\/\/gifex.com\/fr\/wp-json\/wp\/v2\/ficha\/38269\/revisions\/38281"}],"wp:featuredmedia":[{"embeddable":true,"href":"https:\/\/gifex.com\/fr\/wp-json\/wp\/v2\/media\/38270"}],"wp:attachment":[{"href":"https:\/\/gifex.com\/fr\/wp-json\/wp\/v2\/media?parent=38269"}],"wp:term":[{"taxonomy":"categoria_ficha","embeddable":true,"href":"https:\/\/gifex.com\/fr\/wp-json\/wp\/v2\/categoria_ficha?post=38269"}],"curies":[{"name":"wp","href":"https:\/\/api.w.org\/{rel}","templated":true}]}}

Carte physique de l&#8217;Amérique du Sud

<p style="text-align: center;"><label style="font-size: 15px;">Carte physique de l&#8217;Amérique du Sud montrant les caractéristiques physiques, politiques et démographiques, en projection Mercator, avec légende, conformément à 2018. Compilée à l&#8217;aide des données QGIS et CC-0 Natural Earth.</label></p>
<figure id="attachment_38272" aria-describedby="caption-attachment-38272" style="width: 360px" class="wp-caption alignright"><a href="https://gifex.com/fr/wp-content/uploads/38269/Carte-topographique-de-l-Amerique-du-Sud.png" target="_blank" rel="noopener"><img fetchpriority="high" decoding="async" class="wp-image-38272" title="Carte topographique de l'Amérique du Sud." src="https://gifex.com/fr/wp-content/uploads/38269/Carte-topographique-de-l-Amerique-du-Sud-196x300.png" alt="Carte topographique de l'Amérique du Sud." width="360" height="551" srcset="https://gifex.com/fr/wp-content/uploads/38269/Carte-topographique-de-l-Amerique-du-Sud-196x300.png 196w, https://gifex.com/fr/wp-content/uploads/38269/Carte-topographique-de-l-Amerique-du-Sud-669x1024.png 669w, https://gifex.com/fr/wp-content/uploads/38269/Carte-topographique-de-l-Amerique-du-Sud-768x1175.png 768w, https://gifex.com/fr/wp-content/uploads/38269/Carte-topographique-de-l-Amerique-du-Sud-300x459.png 300w, https://gifex.com/fr/wp-content/uploads/38269/Carte-topographique-de-l-Amerique-du-Sud.png 1000w" sizes="(max-width: 360px) 100vw, 360px" /></a><figcaption id="caption-attachment-38272" class="wp-caption-text"><label style="font-size: 15px;">Carte topographique de l&#8217;Amérique du Sud.</label></figcaption></figure>
<p>L&#8217;Amérique du Sud occupe la partie sud de l&#8217;Amérique. Le sous-continent est généralement délimité au nord-ouest par le bassin versant du Darién le long de la frontière Colombie-Panama, bien que certains puissent considérer que la frontière est plutôt le canal de Panama. Géopolitiquement et géographiquement, tout le Panama &#8211; y compris le segment à l&#8217;est du canal de Panama dans l&#8217;isthme &#8211; est généralement inclus dans la seule Amérique du Nord et parmi les pays d&#8217;Amérique centrale. Presque toute l&#8217;Amérique du Sud continentale se trouve sur la plaque sud-américaine.</p>
<p>L&#8217;Amérique du Sud abrite la plus haute cascade ininterrompue du monde, Salto Ángel au Venezuela; la plus haute chute d&#8217;eau à chute unique les chutes de Kaieteur en Guyane; le plus grand fleuve en volume, le fleuve Amazone ; la plus longue chaîne de montagnes, les Andes (dont la plus haute montagne est l&#8217;Aconcagua à 6 962 m) ; l&#8217;endroit non polaire le plus sec de la planète, le désert d&#8217;Atacama ; l&#8217;endroit le plus humide du monde, López de Micay en Colombie ; la plus grande forêt tropicale, la forêt amazonienne ; la plus haute capitale, La Paz, Bolivie ; le plus haut lac navigable commercialement au monde, le lac Titicaca ; et, à l&#8217;exclusion des stations de recherche en Antarctique, la communauté habitée en permanence la plus méridionale du monde, Puerto Toro, au Chili.</p>
<figure id="attachment_3409" aria-describedby="caption-attachment-3409" style="width: 360px" class="wp-caption alignright"><a href="https://gifex.com/fr/wp-content/uploads/152/carte-de-l-amerique-du-sud.png" target="_blank" rel="noopener"><img decoding="async" class="wp-image-3409" title="Carte en relief de l'Amérique du Sud." src="https://gifex.com/fr/wp-content/uploads/152/carte-de-l-amerique-du-sud-226x300.png" alt="Carte en relief de l'Amérique du Sud." width="360" height="479" srcset="https://gifex.com/fr/wp-content/uploads/152/carte-de-l-amerique-du-sud-226x300.png 226w, https://gifex.com/fr/wp-content/uploads/152/carte-de-l-amerique-du-sud-770x1024.png 770w, https://gifex.com/fr/wp-content/uploads/152/carte-de-l-amerique-du-sud-768x1021.png 768w, https://gifex.com/fr/wp-content/uploads/152/carte-de-l-amerique-du-sud-1155x1536.png 1155w, https://gifex.com/fr/wp-content/uploads/152/carte-de-l-amerique-du-sud-300x399.png 300w, https://gifex.com/fr/wp-content/uploads/152/carte-de-l-amerique-du-sud-1203x1600.png 1203w, https://gifex.com/fr/wp-content/uploads/152/carte-de-l-amerique-du-sud.png 1418w" sizes="(max-width: 360px) 100vw, 360px" /></a><figcaption id="caption-attachment-3409" class="wp-caption-text"><label style="font-size: 15px;">Carte en relief de l&#8217;Amérique du Sud.</label></figcaption></figure>
<p>Les principales ressources minérales de l&#8217;Amérique du Sud sont l&#8217;or, l&#8217;argent, le cuivre, le minerai de fer, l&#8217;étain et le pétrole. Ces ressources trouvées en Amérique du Sud ont apporté des revenus élevés à ses pays, en particulier en temps de guerre ou de croissance économique rapide des pays industrialisés ailleurs. Cependant, la concentration dans la production d&#8217;un produit d&#8217;exportation majeur a souvent entravé le développement d&#8217;économies diversifiées. La fluctuation du prix des matières premières sur les marchés internationaux a conduit historiquement à des hauts et des bas importants dans les économies des États sud-américains, provoquant souvent une instabilité politique extrême. Cela conduit à des efforts de diversification de la production pour éviter de rester des économies dédiées à une seule grande exportation.</p>
<p>Le Brésil est le plus grand pays d&#8217;Amérique du Sud, couvrant un peu moins de la moitié de la superficie terrestre du sous-continent et englobant environ la moitié de la population du sous-continent. Les pays et territoires restants sont répartis en quatre sous-régions : les Pays Andins, les Caraïbes sud-américaines, les Guyanes et le Cône Sud.</p>
<div style="clear: both; display: inline-block; width: 100%;">
<div class="row">
<div class="col-sm">
<figure id="attachment_38378" aria-describedby="caption-attachment-38378" style="width: 400px" class="wp-caption alignleft"><a href="https://gifex.com/fr/wp-content/uploads/38269/Carte-des-regions-naturelles-d-Amerique-du-Sud.jpg" target="_blank" rel="noopener"><img decoding="async" class="wp-image-38378" title="Carte des régions naturelles d'Amérique du Sud." src="https://gifex.com/fr/wp-content/uploads/38269/Carte-des-regions-naturelles-d-Amerique-du-Sud-223x300.jpg" alt="Carte des régions naturelles d'Amérique du Sud." width="400" height="539" srcset="https://gifex.com/fr/wp-content/uploads/38269/Carte-des-regions-naturelles-d-Amerique-du-Sud-223x300.jpg 223w, https://gifex.com/fr/wp-content/uploads/38269/Carte-des-regions-naturelles-d-Amerique-du-Sud-761x1024.jpg 761w, https://gifex.com/fr/wp-content/uploads/38269/Carte-des-regions-naturelles-d-Amerique-du-Sud-768x1034.jpg 768w, https://gifex.com/fr/wp-content/uploads/38269/Carte-des-regions-naturelles-d-Amerique-du-Sud-300x404.jpg 300w, https://gifex.com/fr/wp-content/uploads/38269/Carte-des-regions-naturelles-d-Amerique-du-Sud.jpg 1097w" sizes="(max-width: 400px) 100vw, 400px" /></a><figcaption id="caption-attachment-38378" class="wp-caption-text"><label style="font-size: 15px;">Carte des régions naturelles d&#8217;Amérique du Sud.</label></figcaption></figure>
</div>
<div class="col-sm">
<figure id="attachment_38379" aria-describedby="caption-attachment-38379" style="width: 360px" class="wp-caption alignright"><a href="https://gifex.com/fr/wp-content/uploads/38269/Carte-des-zones-arides-d-Amerique-du-Sud.jpg" target="_blank" rel="noopener"><img loading="lazy" decoding="async" class="wp-image-38379" title="Carte des zones arides d'Amérique du Sud." src="https://gifex.com/fr/wp-content/uploads/38269/Carte-des-zones-arides-d-Amerique-du-Sud-209x300.jpg" alt="Carte des zones arides d'Amérique du Sud." width="360" height="518" srcset="https://gifex.com/fr/wp-content/uploads/38269/Carte-des-zones-arides-d-Amerique-du-Sud-209x300.jpg 209w, https://gifex.com/fr/wp-content/uploads/38269/Carte-des-zones-arides-d-Amerique-du-Sud-712x1024.jpg 712w, https://gifex.com/fr/wp-content/uploads/38269/Carte-des-zones-arides-d-Amerique-du-Sud-768x1104.jpg 768w, https://gifex.com/fr/wp-content/uploads/38269/Carte-des-zones-arides-d-Amerique-du-Sud-1068x1536.jpg 1068w, https://gifex.com/fr/wp-content/uploads/38269/Carte-des-zones-arides-d-Amerique-du-Sud-1424x2048.jpg 1424w, https://gifex.com/fr/wp-content/uploads/38269/Carte-des-zones-arides-d-Amerique-du-Sud-300x431.jpg 300w, https://gifex.com/fr/wp-content/uploads/38269/Carte-des-zones-arides-d-Amerique-du-Sud-1113x1600.jpg 1113w, https://gifex.com/fr/wp-content/uploads/38269/Carte-des-zones-arides-d-Amerique-du-Sud.jpg 1814w" sizes="(max-width: 360px) 100vw, 360px" /></a><figcaption id="caption-attachment-38379" class="wp-caption-text"><label style="font-size: 15px;">Carte des zones arides d&#8217;Amérique du Sud.</label></figcaption></figure>
</div>
</div>
</div>

<p>Carte physique de l&#8217;Amérique du Sud montrant les caractéristiques physiques, politiques et démographiques, en projection Mercator, avec légende, conformément </p>
