{"id":37747,"date":"2023-04-04T17:09:57","date_gmt":"2023-04-04T17:09:57","guid":{"rendered":"https:\/\/gifex.com\/fr\/?post_type=ficha&#038;p=37747"},"modified":"2024-04-20T12:06:22","modified_gmt":"2024-04-20T12:06:22","slug":"l-europe-de-l-entre-deux-guerres-1919-1939","status":"publish","type":"ficha","link":"https:\/\/gifex.com\/fr\/fichier\/l-europe-de-l-entre-deux-guerres-1919-1939\/","title":{"rendered":"L\u2019Europe de l&#8217;entre-deux-guerres 1919-1939"},"content":{"rendered":"<p style=\"text-align: center;\"><label style=\"font-size: 15px;\">Carte \u00abstandard\u00bb de l\u2019Europe de l&#8217;entre-deux-guerres au 1\/5 500 000, par Bacon, 1923. Les reliefs sont donn\u00e9s par des hachures avec des indications de certaines altitudes. Les principales routes maritimes sont indiqu\u00e9es, ainsi que les fusea\u016dx horaires. Publi\u00e9 par la compagnie Weber Costello, 84 x 111 cm.<\/label><\/p>\n<figure id=\"attachment_37760\" aria-describedby=\"caption-attachment-37760\" style=\"width: 360px\" class=\"wp-caption alignright\"><a href=\"https:\/\/gifex.com\/fr\/wp-content\/uploads\/37747\/Carte-de-l-autoritarisme-en-Europe-1918-1940.png\" target=\"_blank\" rel=\"noopener\"><img fetchpriority=\"high\" decoding=\"async\" class=\"wp-image-37760\" title=\"Carte de l'autoritarisme en Europe 1918-1940.\" src=\"https:\/\/gifex.com\/fr\/wp-content\/uploads\/37747\/Carte-de-l-autoritarisme-en-Europe-1918-1940-300x261.png\" alt=\"Carte de l'autoritarisme en Europe 1918-1940.\" width=\"360\" height=\"313\" srcset=\"https:\/\/gifex.com\/fr\/wp-content\/uploads\/37747\/Carte-de-l-autoritarisme-en-Europe-1918-1940-300x261.png 300w, https:\/\/gifex.com\/fr\/wp-content\/uploads\/37747\/Carte-de-l-autoritarisme-en-Europe-1918-1940.png 689w\" sizes=\"(max-width: 360px) 100vw, 360px\" \/><\/a><figcaption id=\"caption-attachment-37760\" class=\"wp-caption-text\"><label style=\"font-size: 15px;\">Carte de l&#8217;autoritarisme en Europe 1918-1940.<\/label><\/figcaption><\/figure>\n<p>Dans l&#8217;histoire du XXe si\u00e8cle, l&#8217;entre-deux-guerres (ou interbellum) a dur\u00e9 du 11 novembre 1918 au 1er septembre 1939 (20 ans, 9 mois, 21 jours), de la fin de la Premi\u00e8re Guerre mondiale au d\u00e9but de la Seconde Guerre mondiale. La p\u00e9riode de l&#8217;entre-deux-guerres a \u00e9t\u00e9 relativement courte, mais s&#8217;est caract\u00e9ris\u00e9e par de nombreux changements sociaux, politiques et \u00e9conomiques importants \u00e0 travers le monde. La production d&#8217;\u00e9nergie \u00e0 base de p\u00e9trole et la m\u00e9canisation associ\u00e9e ont conduit aux ann\u00e9es folles prosp\u00e8res, une p\u00e9riode \u00e0 la fois de mobilit\u00e9 sociale et de mobilit\u00e9 \u00e9conomique pour la classe moyenne. Les automobiles, l&#8217;\u00e9clairage \u00e9lectrique, la radio et bien plus sont devenus courants parmi les populations du monde d\u00e9velopp\u00e9. Les indulgences de l&#8217;\u00e9poque ont ensuite \u00e9t\u00e9 suivies par la Grande D\u00e9pression, un ralentissement \u00e9conomique mondial sans pr\u00e9c\u00e9dent qui a gravement endommag\u00e9 bon nombre des plus grandes \u00e9conomies du monde.<\/p>\n<figure id=\"attachment_37757\" aria-describedby=\"caption-attachment-37757\" style=\"width: 360px\" class=\"wp-caption alignright\"><a href=\"https:\/\/gifex.com\/fr\/wp-content\/uploads\/37747\/Carte-de-l-Europe-1918-1939.jpg\" target=\"_blank\" rel=\"noopener\"><img decoding=\"async\" class=\"wp-image-37757\" title=\"Carte de l'Europe 1918-1939.\" src=\"https:\/\/gifex.com\/fr\/wp-content\/uploads\/37747\/Carte-de-l-Europe-1918-1939-300x223.jpg\" alt=\"Carte de l'Europe 1918-1939.\" width=\"360\" height=\"267\" srcset=\"https:\/\/gifex.com\/fr\/wp-content\/uploads\/37747\/Carte-de-l-Europe-1918-1939-300x223.jpg 300w, https:\/\/gifex.com\/fr\/wp-content\/uploads\/37747\/Carte-de-l-Europe-1918-1939-1024x760.jpg 1024w, https:\/\/gifex.com\/fr\/wp-content\/uploads\/37747\/Carte-de-l-Europe-1918-1939-768x570.jpg 768w, https:\/\/gifex.com\/fr\/wp-content\/uploads\/37747\/Carte-de-l-Europe-1918-1939-1536x1140.jpg 1536w, https:\/\/gifex.com\/fr\/wp-content\/uploads\/37747\/Carte-de-l-Europe-1918-1939-2048x1520.jpg 2048w, https:\/\/gifex.com\/fr\/wp-content\/uploads\/37747\/Carte-de-l-Europe-1918-1939-1600x1188.jpg 1600w\" sizes=\"(max-width: 360px) 100vw, 360px\" \/><\/a><figcaption id=\"caption-attachment-37757\" class=\"wp-caption-text\"><label style=\"font-size: 15px;\">Carte de l&#8217;Europe 1918-1939, de E. Lendl und W. Wagner.<\/label><\/figcaption><\/figure>\n<p>Politiquement, l&#8217;\u00e8re a co\u00efncid\u00e9 avec la mont\u00e9e du communisme, commen\u00e7ant en Russie avec la r\u00e9volution d&#8217;octobre et la guerre civile russe, \u00e0 la fin de la Premi\u00e8re Guerre mondiale, et s&#8217;est termin\u00e9e avec la mont\u00e9e du fascisme, en particulier en Allemagne et en Italie. La Chine \u00e9tait au milieu d&#8217;un demi-si\u00e8cle d&#8217;instabilit\u00e9 et de la guerre civile chinoise entre le Kuomintang et le Parti communiste chinois. Les empires de Grande-Bretagne, de France et d&#8217;autres ont \u00e9t\u00e9 confront\u00e9s \u00e0 des d\u00e9fis car l&#8217;imp\u00e9rialisme \u00e9tait de plus en plus per\u00e7u n\u00e9gativement en Europe et des mouvements d&#8217;ind\u00e9pendance ont \u00e9merg\u00e9 dans de nombreuses colonies ; par exemple, la majeure partie de l&#8217;Irlande est devenue ind\u00e9pendante apr\u00e8s de nombreux combats.<\/p>\n<p>Les empires ottoman, austro-hongrois et allemand ont \u00e9t\u00e9 d\u00e9mantel\u00e9s, les territoires ottomans et les colonies allemandes \u00e9tant redistribu\u00e9s entre les Alli\u00e9s, principalement la Grande-Bretagne et la France. Les parties occidentales de l&#8217;Empire russe, l&#8217;Estonie, la Finlande, la Lettonie, la Lituanie et la Pologne sont devenues des nations ind\u00e9pendantes \u00e0 part enti\u00e8re, et la Bessarabie (aujourd&#8217;hui la Moldavie et certaines parties de l&#8217;Ukraine) a choisi de se r\u00e9unifier avec la Roumanie.<br \/>\n<a href=\"https:\/\/gifex.com\/fr\/wp-content\/uploads\/37731\/Carte-des-conflits-armes-en-Europe-centrale-et-orientale-en-1919.jpg\" target=\"_blank\" rel=\"noopener\"><img decoding=\"async\" class=\"wp-image-37734 size-large aligncenter\" title=\"Carte des conflits arm\u00e9s en Europe centrale et orientale en 1919.\" src=\"https:\/\/gifex.com\/fr\/wp-content\/uploads\/37731\/Carte-des-conflits-armes-en-Europe-centrale-et-orientale-en-1919-1024x904.jpg\" alt=\"Carte des conflits arm\u00e9s en Europe centrale et orientale en 1919.\" width=\"640\" height=\"565\" srcset=\"https:\/\/gifex.com\/fr\/wp-content\/uploads\/37731\/Carte-des-conflits-armes-en-Europe-centrale-et-orientale-en-1919-1024x904.jpg 1024w, https:\/\/gifex.com\/fr\/wp-content\/uploads\/37731\/Carte-des-conflits-armes-en-Europe-centrale-et-orientale-en-1919-300x265.jpg 300w, https:\/\/gifex.com\/fr\/wp-content\/uploads\/37731\/Carte-des-conflits-armes-en-Europe-centrale-et-orientale-en-1919-768x678.jpg 768w, https:\/\/gifex.com\/fr\/wp-content\/uploads\/37731\/Carte-des-conflits-armes-en-Europe-centrale-et-orientale-en-1919-1536x1356.jpg 1536w, https:\/\/gifex.com\/fr\/wp-content\/uploads\/37731\/Carte-des-conflits-armes-en-Europe-centrale-et-orientale-en-1919-2048x1808.jpg 2048w, https:\/\/gifex.com\/fr\/wp-content\/uploads\/37731\/Carte-des-conflits-armes-en-Europe-centrale-et-orientale-en-1919-1600x1413.jpg 1600w\" sizes=\"(max-width: 640px) 100vw, 640px\" \/><\/a>Le New-York Tribune a imprim\u00e9 cette carte le 9 novembre 1919, des conflits arm\u00e9s en Europe centrale et orientale en 1919, un an apr\u00e8s la fin de la Premi\u00e8re Guerre mondiale :<\/p>\n<ol>\n<li>Guerre d&#8217;ind\u00e9pendance des \u00c9tats baltes et guerre civile russe<\/li>\n<li>Arm\u00e9e blanche de Yudenich<\/li>\n<li>Intervention de la Russie du Nord<\/li>\n<li>Arm\u00e9e blanche de Koltchak : Sib\u00e9rie<\/li>\n<li>D\u00e9nikine : Arm\u00e9e blanche<\/li>\n<li>Petliura : direction ukrainienne<\/li>\n<li>Guerre polono-sovi\u00e9tique<\/li>\n<li>Tension en Sil\u00e9sie entre les Polonais et les Allemands.<\/li>\n<li>Occupation roumaine de la Hongrie<\/li>\n<li>Gabriele D&#8217;Annunzio s&#8217;empare de Fiume, cr\u00e9e la R\u00e9gence italienne de Carnaro<\/li>\n<li>Combats promiscueux en Albanie<\/li>\n<li>Guerre d&#8217;ind\u00e9pendance turque<\/li>\n<\/ol>\n<p>Les communistes russes ont r\u00e9ussi \u00e0 reprendre le contr\u00f4le des autres \u00c9tats slaves de l&#8217;Est, de l&#8217;Asie centrale et du <a href=\"https:\/\/gifex.com\/fr\/fichier\/carte-du-caucase\/\" rel=\"noopener\" target=\"_blank\">Caucase<\/a>, formant l&#8217;Union sovi\u00e9tique. L&#8217;Irlande a \u00e9t\u00e9 divis\u00e9e entre l&#8217;\u00c9tat libre d&#8217;Irlande ind\u00e9pendant et l&#8217;Irlande du Nord contr\u00f4l\u00e9e par les Britanniques apr\u00e8s la guerre civile irlandaise au cours de laquelle l&#8217;\u00c9tat libre s&#8217;est battu contre les r\u00e9publicains irlandais \u00abanti-trait\u00e9s\u00bb, qui s&#8217;opposaient \u00e0 la partition. Au Moyen-Orient, l&#8217;\u00c9gypte et l&#8217;Irak ont obtenu leur ind\u00e9pendance. Pendant la Grande D\u00e9pression, les pays d&#8217;Am\u00e9rique latine ont nationalis\u00e9 de nombreuses entreprises \u00e9trang\u00e8res (dont la plupart appartenaient aux \u00c9tats-Unis) dans le but de renforcer leur propre \u00e9conomie. Les ambitions territoriales des Sovi\u00e9tiques, des Japonais, des Italiens et des Allemands ont conduit \u00e0 l&#8217;expansion de leurs domaines.<\/p>\n","protected":false},"excerpt":{"rendered":"<p>Dans l&#8217;histoire du XXe si\u00e8cle, l&#8217;entre-deux-guerres (ou interbellum) a dur\u00e9 du 11 novembre 1918 au 1er septembre 1939 (20 ans, 9 mois, 21 jours), de la fin &#8230;<\/p>\n","protected":false},"author":1,"featured_media":37732,"template":"","categoria_ficha":[41],"class_list":["post-37747","ficha","type-ficha","status-publish","has-post-thumbnail","hentry","categoria_ficha-cartes-de-l-europe"],"acf":[],"_links":{"self":[{"href":"https:\/\/gifex.com\/fr\/wp-json\/wp\/v2\/ficha\/37747","targetHints":{"allow":["GET"]}}],"collection":[{"href":"https:\/\/gifex.com\/fr\/wp-json\/wp\/v2\/ficha"}],"about":[{"href":"https:\/\/gifex.com\/fr\/wp-json\/wp\/v2\/types\/ficha"}],"author":[{"embeddable":true,"href":"https:\/\/gifex.com\/fr\/wp-json\/wp\/v2\/users\/1"}],"version-history":[{"count":8,"href":"https:\/\/gifex.com\/fr\/wp-json\/wp\/v2\/ficha\/37747\/revisions"}],"predecessor-version":[{"id":46351,"href":"https:\/\/gifex.com\/fr\/wp-json\/wp\/v2\/ficha\/37747\/revisions\/46351"}],"wp:featuredmedia":[{"embeddable":true,"href":"https:\/\/gifex.com\/fr\/wp-json\/wp\/v2\/media\/37732"}],"wp:attachment":[{"href":"https:\/\/gifex.com\/fr\/wp-json\/wp\/v2\/media?parent=37747"}],"wp:term":[{"taxonomy":"categoria_ficha","embeddable":true,"href":"https:\/\/gifex.com\/fr\/wp-json\/wp\/v2\/categoria_ficha?post=37747"}],"curies":[{"name":"wp","href":"https:\/\/api.w.org\/{rel}","templated":true}]}}

<p style="text-align: center;"><label style="font-size: 15px;">Carte «standard» de l’Europe de l&#8217;entre-deux-guerres au 1/5 500 000, par Bacon, 1923. Les reliefs sont donnés par des hachures avec des indications de certaines altitudes. Les principales routes maritimes sont indiquées, ainsi que les fuseaŭx horaires. Publié par la compagnie Weber Costello, 84 x 111 cm.</label></p>
<figure id="attachment_37760" aria-describedby="caption-attachment-37760" style="width: 360px" class="wp-caption alignright"><a href="https://gifex.com/fr/wp-content/uploads/37747/Carte-de-l-autoritarisme-en-Europe-1918-1940.png" target="_blank" rel="noopener"><img fetchpriority="high" decoding="async" class="wp-image-37760" title="Carte de l'autoritarisme en Europe 1918-1940." src="https://gifex.com/fr/wp-content/uploads/37747/Carte-de-l-autoritarisme-en-Europe-1918-1940-300x261.png" alt="Carte de l'autoritarisme en Europe 1918-1940." width="360" height="313" srcset="https://gifex.com/fr/wp-content/uploads/37747/Carte-de-l-autoritarisme-en-Europe-1918-1940-300x261.png 300w, https://gifex.com/fr/wp-content/uploads/37747/Carte-de-l-autoritarisme-en-Europe-1918-1940.png 689w" sizes="(max-width: 360px) 100vw, 360px" /></a><figcaption id="caption-attachment-37760" class="wp-caption-text"><label style="font-size: 15px;">Carte de l&#8217;autoritarisme en Europe 1918-1940.</label></figcaption></figure>
<p>Dans l&#8217;histoire du XXe siècle, l&#8217;entre-deux-guerres (ou interbellum) a duré du 11 novembre 1918 au 1er septembre 1939 (20 ans, 9 mois, 21 jours), de la fin de la Première Guerre mondiale au début de la Seconde Guerre mondiale. La période de l&#8217;entre-deux-guerres a été relativement courte, mais s&#8217;est caractérisée par de nombreux changements sociaux, politiques et économiques importants à travers le monde. La production d&#8217;énergie à base de pétrole et la mécanisation associée ont conduit aux années folles prospères, une période à la fois de mobilité sociale et de mobilité économique pour la classe moyenne. Les automobiles, l&#8217;éclairage électrique, la radio et bien plus sont devenus courants parmi les populations du monde développé. Les indulgences de l&#8217;époque ont ensuite été suivies par la Grande Dépression, un ralentissement économique mondial sans précédent qui a gravement endommagé bon nombre des plus grandes économies du monde.</p>
<figure id="attachment_37757" aria-describedby="caption-attachment-37757" style="width: 360px" class="wp-caption alignright"><a href="https://gifex.com/fr/wp-content/uploads/37747/Carte-de-l-Europe-1918-1939.jpg" target="_blank" rel="noopener"><img decoding="async" class="wp-image-37757" title="Carte de l'Europe 1918-1939." src="https://gifex.com/fr/wp-content/uploads/37747/Carte-de-l-Europe-1918-1939-300x223.jpg" alt="Carte de l'Europe 1918-1939." width="360" height="267" srcset="https://gifex.com/fr/wp-content/uploads/37747/Carte-de-l-Europe-1918-1939-300x223.jpg 300w, https://gifex.com/fr/wp-content/uploads/37747/Carte-de-l-Europe-1918-1939-1024x760.jpg 1024w, https://gifex.com/fr/wp-content/uploads/37747/Carte-de-l-Europe-1918-1939-768x570.jpg 768w, https://gifex.com/fr/wp-content/uploads/37747/Carte-de-l-Europe-1918-1939-1536x1140.jpg 1536w, https://gifex.com/fr/wp-content/uploads/37747/Carte-de-l-Europe-1918-1939-2048x1520.jpg 2048w, https://gifex.com/fr/wp-content/uploads/37747/Carte-de-l-Europe-1918-1939-1600x1188.jpg 1600w" sizes="(max-width: 360px) 100vw, 360px" /></a><figcaption id="caption-attachment-37757" class="wp-caption-text"><label style="font-size: 15px;">Carte de l&#8217;Europe 1918-1939, de E. Lendl und W. Wagner.</label></figcaption></figure>
<p>Politiquement, l&#8217;ère a coïncidé avec la montée du communisme, commençant en Russie avec la révolution d&#8217;octobre et la guerre civile russe, à la fin de la Première Guerre mondiale, et s&#8217;est terminée avec la montée du fascisme, en particulier en Allemagne et en Italie. La Chine était au milieu d&#8217;un demi-siècle d&#8217;instabilité et de la guerre civile chinoise entre le Kuomintang et le Parti communiste chinois. Les empires de Grande-Bretagne, de France et d&#8217;autres ont été confrontés à des défis car l&#8217;impérialisme était de plus en plus perçu négativement en Europe et des mouvements d&#8217;indépendance ont émergé dans de nombreuses colonies ; par exemple, la majeure partie de l&#8217;Irlande est devenue indépendante après de nombreux combats.</p>
<p>Les empires ottoman, austro-hongrois et allemand ont été démantelés, les territoires ottomans et les colonies allemandes étant redistribués entre les Alliés, principalement la Grande-Bretagne et la France. Les parties occidentales de l&#8217;Empire russe, l&#8217;Estonie, la Finlande, la Lettonie, la Lituanie et la Pologne sont devenues des nations indépendantes à part entière, et la Bessarabie (aujourd&#8217;hui la Moldavie et certaines parties de l&#8217;Ukraine) a choisi de se réunifier avec la Roumanie.<br />
<a href="https://gifex.com/fr/wp-content/uploads/37731/Carte-des-conflits-armes-en-Europe-centrale-et-orientale-en-1919.jpg" target="_blank" rel="noopener"><img decoding="async" class="wp-image-37734 size-large aligncenter" title="Carte des conflits armés en Europe centrale et orientale en 1919." src="https://gifex.com/fr/wp-content/uploads/37731/Carte-des-conflits-armes-en-Europe-centrale-et-orientale-en-1919-1024x904.jpg" alt="Carte des conflits armés en Europe centrale et orientale en 1919." width="640" height="565" srcset="https://gifex.com/fr/wp-content/uploads/37731/Carte-des-conflits-armes-en-Europe-centrale-et-orientale-en-1919-1024x904.jpg 1024w, https://gifex.com/fr/wp-content/uploads/37731/Carte-des-conflits-armes-en-Europe-centrale-et-orientale-en-1919-300x265.jpg 300w, https://gifex.com/fr/wp-content/uploads/37731/Carte-des-conflits-armes-en-Europe-centrale-et-orientale-en-1919-768x678.jpg 768w, https://gifex.com/fr/wp-content/uploads/37731/Carte-des-conflits-armes-en-Europe-centrale-et-orientale-en-1919-1536x1356.jpg 1536w, https://gifex.com/fr/wp-content/uploads/37731/Carte-des-conflits-armes-en-Europe-centrale-et-orientale-en-1919-2048x1808.jpg 2048w, https://gifex.com/fr/wp-content/uploads/37731/Carte-des-conflits-armes-en-Europe-centrale-et-orientale-en-1919-1600x1413.jpg 1600w" sizes="(max-width: 640px) 100vw, 640px" /></a>Le New-York Tribune a imprimé cette carte le 9 novembre 1919, des conflits armés en Europe centrale et orientale en 1919, un an après la fin de la Première Guerre mondiale :</p>
<ol>
<li>Guerre d&#8217;indépendance des États baltes et guerre civile russe</li>
<li>Armée blanche de Yudenich</li>
<li>Intervention de la Russie du Nord</li>
<li>Armée blanche de Koltchak : Sibérie</li>
<li>Dénikine : Armée blanche</li>
<li>Petliura : direction ukrainienne</li>
<li>Guerre polono-soviétique</li>
<li>Tension en Silésie entre les Polonais et les Allemands.</li>
<li>Occupation roumaine de la Hongrie</li>
<li>Gabriele D&#8217;Annunzio s&#8217;empare de Fiume, crée la Régence italienne de Carnaro</li>
<li>Combats promiscueux en Albanie</li>
<li>Guerre d&#8217;indépendance turque</li>
</ol>
<p>Les communistes russes ont réussi à reprendre le contrôle des autres États slaves de l&#8217;Est, de l&#8217;Asie centrale et du <a href="https://gifex.com/fr/fichier/carte-du-caucase/" rel="noopener" target="_blank">Caucase</a>, formant l&#8217;Union soviétique. L&#8217;Irlande a été divisée entre l&#8217;État libre d&#8217;Irlande indépendant et l&#8217;Irlande du Nord contrôlée par les Britanniques après la guerre civile irlandaise au cours de laquelle l&#8217;État libre s&#8217;est battu contre les républicains irlandais «anti-traités», qui s&#8217;opposaient à la partition. Au Moyen-Orient, l&#8217;Égypte et l&#8217;Irak ont obtenu leur indépendance. Pendant la Grande Dépression, les pays d&#8217;Amérique latine ont nationalisé de nombreuses entreprises étrangères (dont la plupart appartenaient aux États-Unis) dans le but de renforcer leur propre économie. Les ambitions territoriales des Soviétiques, des Japonais, des Italiens et des Allemands ont conduit à l&#8217;expansion de leurs domaines.</p>

<p>Dans l&#8217;histoire du XXe siècle, l&#8217;entre-deux-guerres (ou interbellum) a duré du 11 novembre 1918 au 1er septembre 1939 (20 ans, 9 mois, 21 jours), de la fin &#8230;</p>
