{"id":37595,"date":"2023-03-31T18:21:59","date_gmt":"2023-03-31T18:21:59","guid":{"rendered":"https:\/\/gifex.com\/fr\/?post_type=ficha&#038;p=37595"},"modified":"2023-04-07T19:46:53","modified_gmt":"2023-04-07T19:46:53","slug":"carte-de-l-empire-carolingien-en-814","status":"publish","type":"ficha","link":"https:\/\/gifex.com\/fr\/fichier\/carte-de-l-empire-carolingien-en-814\/","title":{"rendered":"Carte de l&#8217;Empire carolingien en 814"},"content":{"rendered":"<p style=\"text-align: center;\"><label style=\"font-size: 15px;\">Carte de l&#8217;expansion territoriale du royaume franc entre 768 et 814.<\/label><\/p>\n<figure id=\"attachment_37600\" aria-describedby=\"caption-attachment-37600\" style=\"width: 360px\" class=\"wp-caption alignright\"><a href=\"https:\/\/gifex.com\/fr\/wp-content\/uploads\/37595\/Carte-de-l-Europe-a-la-mort-de-Charlemagne-en-814.jpg\" target=\"_blank\" rel=\"noopener\"><img fetchpriority=\"high\" decoding=\"async\" class=\"wp-image-37600\" title=\"Carte de l'Europe \u00e0 la mort de Charlemagne en 814.\" src=\"https:\/\/gifex.com\/fr\/wp-content\/uploads\/37595\/Carte-de-l-Europe-a-la-mort-de-Charlemagne-en-814-300x236.jpg\" alt=\"Carte de l'Europe \u00e0 la mort de Charlemagne en 814.\" width=\"360\" height=\"284\" srcset=\"https:\/\/gifex.com\/fr\/wp-content\/uploads\/37595\/Carte-de-l-Europe-a-la-mort-de-Charlemagne-en-814-300x236.jpg 300w, https:\/\/gifex.com\/fr\/wp-content\/uploads\/37595\/Carte-de-l-Europe-a-la-mort-de-Charlemagne-en-814-1024x807.jpg 1024w, https:\/\/gifex.com\/fr\/wp-content\/uploads\/37595\/Carte-de-l-Europe-a-la-mort-de-Charlemagne-en-814-768x605.jpg 768w, https:\/\/gifex.com\/fr\/wp-content\/uploads\/37595\/Carte-de-l-Europe-a-la-mort-de-Charlemagne-en-814.jpg 1477w\" sizes=\"(max-width: 360px) 100vw, 360px\" \/><\/a><figcaption id=\"caption-attachment-37600\" class=\"wp-caption-text\"><label style=\"font-size: 15px;\">Carte de l&#8217;Europe \u00e0 la mort de Charlemagne en 814, de la page 6 de \u00abThe Public Schools Historical Atlas\u00bb par Charles Colbeck. Longmans, Green ; New York ; Londres ; Bombay 1905.<\/label><\/figcaption><\/figure>\n<p>L&#8217;Empire carolingien est le r\u00e9sultat de l&#8217;expansion territoriale du royaume franc sous l&#8217;influence de la dynastie carolingienne pendant le haut Moyen \u00c2ge. Il s&#8217;\u00e9tend de l&#8217;Europe occidentale \u00e0 l&#8217;Europe centrale.<\/p>\n<p>Amorc\u00e9 par P\u00e9pin le Bref, premier souverain de cette deuxi\u00e8me dynastie des rois de France (la premi\u00e8re \u00e9tant celle des M\u00e9rovingiens), elle doit cependant son nom \u00e0 son fils, Carolus Magnus ou Charlemagne, couronn\u00e9 empereur par le pape L\u00e9on III en 800.<\/p>\n<p>Cet Empire franc sera partag\u00e9 entre les petits-fils de Charlemagne, \u00e0 la suite de la mort de son fils, le roi Louis I<sup>er<\/sup>, dit le D\u00e9bonnaire, ou Louis le Pieux, et donnera naissance \u00e0 l&#8217;ouest \u00e0 la Francie occidentale, \u00e0 l&#8217;est \u00e0 la Francie orientale, et \u00e0 la Francie m\u00e9diane au centre et au sud.<\/p>\n<figure id=\"attachment_37602\" aria-describedby=\"caption-attachment-37602\" style=\"width: 360px\" class=\"wp-caption alignright\"><a href=\"https:\/\/gifex.com\/fr\/wp-content\/uploads\/37595\/Carte-des-royaumes-francs-apres-le-partage-de-Verdun-en-843.jpg\" target=\"_blank\" rel=\"noopener\"><img decoding=\"async\" class=\"wp-image-37602\" title=\"Carte des royaumes francs apr\u00e8s le partage de Verdun en 843. \" src=\"https:\/\/gifex.com\/fr\/wp-content\/uploads\/37595\/Carte-des-royaumes-francs-apres-le-partage-de-Verdun-en-843-300x228.jpg\" alt=\"Carte des royaumes francs apr\u00e8s le partage de Verdun en 843. \" width=\"360\" height=\"274\" srcset=\"https:\/\/gifex.com\/fr\/wp-content\/uploads\/37595\/Carte-des-royaumes-francs-apres-le-partage-de-Verdun-en-843-300x228.jpg 300w, https:\/\/gifex.com\/fr\/wp-content\/uploads\/37595\/Carte-des-royaumes-francs-apres-le-partage-de-Verdun-en-843-1024x779.jpg 1024w, https:\/\/gifex.com\/fr\/wp-content\/uploads\/37595\/Carte-des-royaumes-francs-apres-le-partage-de-Verdun-en-843-768x584.jpg 768w, https:\/\/gifex.com\/fr\/wp-content\/uploads\/37595\/Carte-des-royaumes-francs-apres-le-partage-de-Verdun-en-843.jpg 1140w\" sizes=\"(max-width: 360px) 100vw, 360px\" \/><\/a><figcaption id=\"caption-attachment-37602\" class=\"wp-caption-text\"><label style=\"font-size: 15px;\">Carte des royaumes francs apr\u00e8s le partage de Verdun en 843, de \u00abAtlas to Freeman&#8217;s Historical Geography\u00bb, \u00e9dit\u00e9 par J.B. Bury, Longmans Green and Co. troisi\u00e8me \u00e9dition 1903.<\/label><\/figcaption><\/figure>\n<p>Objet d&#8217;un si\u00e8cle de luttes entre les Francies occidentale et orientale, la Francie m\u00e9diane finira d\u00e9membr\u00e9e, sa moiti\u00e9 nord, la Lotharingie, se rattachant \u00e0 la Francie orientale, qui deviendra au prochain changement dynastique le Saint-Empire romain germanique, et sa moiti\u00e9 sud ressuscitant le royaume d&#8217;Italie.<\/p>\n<p>L&#8217;Empire carolingien prend fin en 924 avec la mort par assassinat, le 7 avril, de l&#8217;empereur B\u00e9renger I<sup>er<\/sup> de Frioul, petit-fils de Louis le Pieux. Le titre imp\u00e9rial restera vacant jusqu&#8217;en 962, o\u00f9 le couronnement, le 2 f\u00e9vrier, d&#8217;Otton Ier par le pape Jean XII donnera naissance au Saint-Empire romain germanique.<\/p>\n","protected":false},"excerpt":{"rendered":"<p>Carte de l&#8217;expansion territoriale du royaume franc entre 768 et 814. L&#8217;Empire carolingien est le r\u00e9sultat de l&#8217;expansion territoriale du royaume franc sous &#8230;<\/p>\n","protected":false},"author":1,"featured_media":37599,"template":"","categoria_ficha":[41],"class_list":["post-37595","ficha","type-ficha","status-publish","has-post-thumbnail","hentry","categoria_ficha-cartes-de-l-europe"],"acf":[],"_links":{"self":[{"href":"https:\/\/gifex.com\/fr\/wp-json\/wp\/v2\/ficha\/37595","targetHints":{"allow":["GET"]}}],"collection":[{"href":"https:\/\/gifex.com\/fr\/wp-json\/wp\/v2\/ficha"}],"about":[{"href":"https:\/\/gifex.com\/fr\/wp-json\/wp\/v2\/types\/ficha"}],"author":[{"embeddable":true,"href":"https:\/\/gifex.com\/fr\/wp-json\/wp\/v2\/users\/1"}],"version-history":[{"count":8,"href":"https:\/\/gifex.com\/fr\/wp-json\/wp\/v2\/ficha\/37595\/revisions"}],"predecessor-version":[{"id":37884,"href":"https:\/\/gifex.com\/fr\/wp-json\/wp\/v2\/ficha\/37595\/revisions\/37884"}],"wp:featuredmedia":[{"embeddable":true,"href":"https:\/\/gifex.com\/fr\/wp-json\/wp\/v2\/media\/37599"}],"wp:attachment":[{"href":"https:\/\/gifex.com\/fr\/wp-json\/wp\/v2\/media?parent=37595"}],"wp:term":[{"taxonomy":"categoria_ficha","embeddable":true,"href":"https:\/\/gifex.com\/fr\/wp-json\/wp\/v2\/categoria_ficha?post=37595"}],"curies":[{"name":"wp","href":"https:\/\/api.w.org\/{rel}","templated":true}]}}

<p style="text-align: center;"><label style="font-size: 15px;">Carte de l&#8217;expansion territoriale du royaume franc entre 768 et 814.</label></p>
<figure id="attachment_37600" aria-describedby="caption-attachment-37600" style="width: 360px" class="wp-caption alignright"><a href="https://gifex.com/fr/wp-content/uploads/37595/Carte-de-l-Europe-a-la-mort-de-Charlemagne-en-814.jpg" target="_blank" rel="noopener"><img fetchpriority="high" decoding="async" class="wp-image-37600" title="Carte de l'Europe à la mort de Charlemagne en 814." src="https://gifex.com/fr/wp-content/uploads/37595/Carte-de-l-Europe-a-la-mort-de-Charlemagne-en-814-300x236.jpg" alt="Carte de l'Europe à la mort de Charlemagne en 814." width="360" height="284" srcset="https://gifex.com/fr/wp-content/uploads/37595/Carte-de-l-Europe-a-la-mort-de-Charlemagne-en-814-300x236.jpg 300w, https://gifex.com/fr/wp-content/uploads/37595/Carte-de-l-Europe-a-la-mort-de-Charlemagne-en-814-1024x807.jpg 1024w, https://gifex.com/fr/wp-content/uploads/37595/Carte-de-l-Europe-a-la-mort-de-Charlemagne-en-814-768x605.jpg 768w, https://gifex.com/fr/wp-content/uploads/37595/Carte-de-l-Europe-a-la-mort-de-Charlemagne-en-814.jpg 1477w" sizes="(max-width: 360px) 100vw, 360px" /></a><figcaption id="caption-attachment-37600" class="wp-caption-text"><label style="font-size: 15px;">Carte de l&#8217;Europe à la mort de Charlemagne en 814, de la page 6 de «The Public Schools Historical Atlas» par Charles Colbeck. Longmans, Green ; New York ; Londres ; Bombay 1905.</label></figcaption></figure>
<p>L&#8217;Empire carolingien est le résultat de l&#8217;expansion territoriale du royaume franc sous l&#8217;influence de la dynastie carolingienne pendant le haut Moyen Âge. Il s&#8217;étend de l&#8217;Europe occidentale à l&#8217;Europe centrale.</p>
<p>Amorcé par Pépin le Bref, premier souverain de cette deuxième dynastie des rois de France (la première étant celle des Mérovingiens), elle doit cependant son nom à son fils, Carolus Magnus ou Charlemagne, couronné empereur par le pape Léon III en 800.</p>
<p>Cet Empire franc sera partagé entre les petits-fils de Charlemagne, à la suite de la mort de son fils, le roi Louis I<sup>er</sup>, dit le Débonnaire, ou Louis le Pieux, et donnera naissance à l&#8217;ouest à la Francie occidentale, à l&#8217;est à la Francie orientale, et à la Francie médiane au centre et au sud.</p>
<figure id="attachment_37602" aria-describedby="caption-attachment-37602" style="width: 360px" class="wp-caption alignright"><a href="https://gifex.com/fr/wp-content/uploads/37595/Carte-des-royaumes-francs-apres-le-partage-de-Verdun-en-843.jpg" target="_blank" rel="noopener"><img decoding="async" class="wp-image-37602" title="Carte des royaumes francs après le partage de Verdun en 843. " src="https://gifex.com/fr/wp-content/uploads/37595/Carte-des-royaumes-francs-apres-le-partage-de-Verdun-en-843-300x228.jpg" alt="Carte des royaumes francs après le partage de Verdun en 843. " width="360" height="274" srcset="https://gifex.com/fr/wp-content/uploads/37595/Carte-des-royaumes-francs-apres-le-partage-de-Verdun-en-843-300x228.jpg 300w, https://gifex.com/fr/wp-content/uploads/37595/Carte-des-royaumes-francs-apres-le-partage-de-Verdun-en-843-1024x779.jpg 1024w, https://gifex.com/fr/wp-content/uploads/37595/Carte-des-royaumes-francs-apres-le-partage-de-Verdun-en-843-768x584.jpg 768w, https://gifex.com/fr/wp-content/uploads/37595/Carte-des-royaumes-francs-apres-le-partage-de-Verdun-en-843.jpg 1140w" sizes="(max-width: 360px) 100vw, 360px" /></a><figcaption id="caption-attachment-37602" class="wp-caption-text"><label style="font-size: 15px;">Carte des royaumes francs après le partage de Verdun en 843, de «Atlas to Freeman&#8217;s Historical Geography», édité par J.B. Bury, Longmans Green and Co. troisième édition 1903.</label></figcaption></figure>
<p>Objet d&#8217;un siècle de luttes entre les Francies occidentale et orientale, la Francie médiane finira démembrée, sa moitié nord, la Lotharingie, se rattachant à la Francie orientale, qui deviendra au prochain changement dynastique le Saint-Empire romain germanique, et sa moitié sud ressuscitant le royaume d&#8217;Italie.</p>
<p>L&#8217;Empire carolingien prend fin en 924 avec la mort par assassinat, le 7 avril, de l&#8217;empereur Bérenger I<sup>er</sup> de Frioul, petit-fils de Louis le Pieux. Le titre impérial restera vacant jusqu&#8217;en 962, où le couronnement, le 2 février, d&#8217;Otton Ier par le pape Jean XII donnera naissance au Saint-Empire romain germanique.</p>

<p>Carte de l&#8217;expansion territoriale du royaume franc entre 768 et 814. L&#8217;Empire carolingien est le résultat de l&#8217;expansion territoriale du royaume franc sous &#8230;</p>
