{"id":35778,"date":"2023-03-21T22:01:20","date_gmt":"2023-03-21T22:01:20","guid":{"rendered":"https:\/\/gifex.com\/fr\/?post_type=ficha&#038;p=35778"},"modified":"2023-03-21T22:01:20","modified_gmt":"2023-03-21T22:01:20","slug":"carte-de-la-delegation-de-bekalta","status":"publish","type":"ficha","link":"https:\/\/gifex.com\/fr\/fichier\/carte-de-la-delegation-de-bekalta\/","title":{"rendered":"Carte de la d\u00e9l\u00e9gation de Bekalta"},"content":{"rendered":"<p>Carte de la d\u00e9l\u00e9gation de Bekalta, une d\u00e9l\u00e9gation tunisienne d\u00e9pendant du gouvernorat de Monastir.<\/p>\n<p>En 2004, elle compte 13 695 habitants dont 6 814 hommes et 6 881 femmes r\u00e9partis dans 3 037 m\u00e9nages et 3 847 logements.<\/p>\n<p>Principales caract\u00e9ristiques de la d\u00e9l\u00e9gation de Bekalta :<\/p>\n<ul>\n<li>Les plupart des indicateurs montrent que la d\u00e9l\u00e9gation de Bekalta vit une crise socio-\u00e9conomique profonde.<\/li>\n<li>Le nombre de soci\u00e9t\u00e9s industrielles ne d\u00e9passent pas 10 entreprises d\u2019un nombre total de 642 entreprises industrielles, soit moins de 2%.<\/li>\n<li>Les indicateurs sociaux sont les plus faibles par rapport aux indicateurs des autres d\u00e9l\u00e9gations. A titre d\u2019\u00e9xemple, la d\u00e9l\u00e9gation de Bekalta abrite le nombre le plus important d\u2019handicap\u00e9s (2417 handicap\u00e9s) et de familles n\u00e9cessiteuses.<\/li>\n<li>Plus de \u00bc des m\u00e9nages de la d\u00e9l\u00e9gation sont des familles n\u00e9cessiteuses (1183 familles n\u00e9cessiteuses sur un total de 4603 m\u00e9nages en 2014).<\/li>\n<\/ul>\n","protected":false},"excerpt":{"rendered":"<p>Carte de la d\u00e9l\u00e9gation de Bekalta, une d\u00e9l\u00e9gation tunisienne d\u00e9pendant du gouvernorat de Monastir. En 2004, elle compte 13 695 habitants dont 6 814 hommes &#8230;<\/p>\n","protected":false},"author":1,"featured_media":35779,"template":"","categoria_ficha":[2008],"class_list":["post-35778","ficha","type-ficha","status-publish","has-post-thumbnail","hentry","categoria_ficha-cartes-du-gouvernorat-de-monastir"],"acf":[],"_links":{"self":[{"href":"https:\/\/gifex.com\/fr\/wp-json\/wp\/v2\/ficha\/35778","targetHints":{"allow":["GET"]}}],"collection":[{"href":"https:\/\/gifex.com\/fr\/wp-json\/wp\/v2\/ficha"}],"about":[{"href":"https:\/\/gifex.com\/fr\/wp-json\/wp\/v2\/types\/ficha"}],"author":[{"embeddable":true,"href":"https:\/\/gifex.com\/fr\/wp-json\/wp\/v2\/users\/1"}],"version-history":[{"count":1,"href":"https:\/\/gifex.com\/fr\/wp-json\/wp\/v2\/ficha\/35778\/revisions"}],"predecessor-version":[{"id":35780,"href":"https:\/\/gifex.com\/fr\/wp-json\/wp\/v2\/ficha\/35778\/revisions\/35780"}],"wp:featuredmedia":[{"embeddable":true,"href":"https:\/\/gifex.com\/fr\/wp-json\/wp\/v2\/media\/35779"}],"wp:attachment":[{"href":"https:\/\/gifex.com\/fr\/wp-json\/wp\/v2\/media?parent=35778"}],"wp:term":[{"taxonomy":"categoria_ficha","embeddable":true,"href":"https:\/\/gifex.com\/fr\/wp-json\/wp\/v2\/categoria_ficha?post=35778"}],"curies":[{"name":"wp","href":"https:\/\/api.w.org\/{rel}","templated":true}]}}

Carte de la délégation de Bekalta

<p>Carte de la délégation de Bekalta, une délégation tunisienne dépendant du gouvernorat de Monastir.</p>
<p>En 2004, elle compte 13 695 habitants dont 6 814 hommes et 6 881 femmes répartis dans 3 037 ménages et 3 847 logements.</p>
<p>Principales caractéristiques de la délégation de Bekalta :</p>
<ul>
<li>Les plupart des indicateurs montrent que la délégation de Bekalta vit une crise socio-économique profonde.</li>
<li>Le nombre de sociétés industrielles ne dépassent pas 10 entreprises d’un nombre total de 642 entreprises industrielles, soit moins de 2%.</li>
<li>Les indicateurs sociaux sont les plus faibles par rapport aux indicateurs des autres délégations. A titre d’éxemple, la délégation de Bekalta abrite le nombre le plus important d’handicapés (2417 handicapés) et de familles nécessiteuses.</li>
<li>Plus de ¼ des ménages de la délégation sont des familles nécessiteuses (1183 familles nécessiteuses sur un total de 4603 ménages en 2014).</li>
</ul>

<p>Carte de la délégation de Bekalta, une délégation tunisienne dépendant du gouvernorat de Monastir. En 2004, elle compte 13 695 habitants dont 6 814 hommes &#8230;</p>
