{"id":35683,"date":"2023-03-20T22:03:52","date_gmt":"2023-03-20T22:03:52","guid":{"rendered":"https:\/\/gifex.com\/fr\/?post_type=ficha&#038;p=35683"},"modified":"2023-03-20T22:03:52","modified_gmt":"2023-03-20T22:03:52","slug":"le-climat-du-gouvernorat-de-monastir","status":"publish","type":"ficha","link":"https:\/\/gifex.com\/fr\/fichier\/le-climat-du-gouvernorat-de-monastir\/","title":{"rendered":"Le climat du gouvernorat de Monastir"},"content":{"rendered":"<p style=\"text-align: center;\"><label style=\"font-size: 15px;\">Carte bioclimatique du gouvernorat de Monastir.<\/label><\/p>\n<p><strong>Le climat du gouvernorat de Monastir<\/strong><\/p>\n<p>Le gouvernorat de Monastir est domin\u00e9 par un climat semi-aride inf\u00e9rieur. Le climat aride n\u2019apparait qu\u2019\u00e0 l\u2019extr\u00e9mit\u00e9 sud-ouest du gouvernorat. Sur la bande littorale r\u00e8gne un climat semi-aride inf\u00e9rieur chaud qui devient plus doux sur la majeure partie centrale du gouvernorat, avant d\u2019avoir une tendance vers l\u2019aridit\u00e9 en s\u2019\u00e9loignant davantage de la c\u00f4te.<\/p>\n<p><strong>Les pr\u00e9cipitations<\/strong><\/p>\n<p>Domin\u00e9 en majorit\u00e9 par un climat semi-aride, le gouvernorat de Monastir est caract\u00e9ris\u00e9 par des pr\u00e9cipitations annuelles faibles, ne d\u00e9passant pas 308 mm (moyenne de la p\u00e9riode 2010-2017). Cette moyenne cache des irr\u00e9gularit\u00e9s interannuelles importantes. L\u2019\u00e9cart entre l\u2019ann\u00e9e agricole la plus s\u00e8che (1983-1984 ; 128.5mm) et l\u2019ann\u00e9e la plus arros\u00e9e (1995-1996 ; 745.2mm) a atteint presque 6 fois. Les irr\u00e9gularit\u00e9s intra annuelles, saisonni\u00e8res, mensuelles et journali\u00e8res, sont aussi importantes. Le 13 d\u00e9cembre 1973, la station m\u00e9t\u00e9orologique de Monastir a enregistr\u00e9 168.7mm en 24 heures, soit plus de la moiti\u00e9 (54%) de la moyenne annuelle en une seule journ\u00e9e. Les pr\u00e9cipitations moyennes mensuelles durant la p\u00e9riode 2010-2017 indiquent que le mois le plus sec est le mois de juillet avec une moyenne de 2.8mm contre une moyenne de 45.4mm pour le mois le plus arros\u00e9 (mois d\u2019octobre). La r\u00e9partition saisonni\u00e8re des pluies confirme que le r\u00e9gime pluviom\u00e9trique saisonnier est de type AHPE, un r\u00e9gime qui marque toute la r\u00e9gion du Sahel.<\/p>\n<div class=\"boxscrl\">\n<figure id=\"attachment_35685\" aria-describedby=\"caption-attachment-35685\" style=\"width: 640px\" class=\"wp-caption aligncenter\"><a href=\"https:\/\/gifex.com\/fr\/wp-content\/uploads\/35683\/Les-donnees-climatiques-mensuelles-a-la-station-Monastir-Skanes-en-2017.jpg\" target=\"_blank\" rel=\"noopener\"><img fetchpriority=\"high\" decoding=\"async\" class=\"wp-image-35685 size-large\" title=\"Les donn\u00e9es climatiques mensuelles \u00e0 la station Monastir-Skanes en 2017.\" src=\"https:\/\/gifex.com\/fr\/wp-content\/uploads\/35683\/Les-donnees-climatiques-mensuelles-a-la-station-Monastir-Skanes-en-2017-1024x377.jpg\" alt=\"Les donn\u00e9es climatiques mensuelles \u00e0 la station Monastir-Skanes en 2017.\" width=\"640\" height=\"236\" srcset=\"https:\/\/gifex.com\/fr\/wp-content\/uploads\/35683\/Les-donnees-climatiques-mensuelles-a-la-station-Monastir-Skanes-en-2017-1024x377.jpg 1024w, https:\/\/gifex.com\/fr\/wp-content\/uploads\/35683\/Les-donnees-climatiques-mensuelles-a-la-station-Monastir-Skanes-en-2017-300x110.jpg 300w, https:\/\/gifex.com\/fr\/wp-content\/uploads\/35683\/Les-donnees-climatiques-mensuelles-a-la-station-Monastir-Skanes-en-2017-768x283.jpg 768w, https:\/\/gifex.com\/fr\/wp-content\/uploads\/35683\/Les-donnees-climatiques-mensuelles-a-la-station-Monastir-Skanes-en-2017-1536x566.jpg 1536w, https:\/\/gifex.com\/fr\/wp-content\/uploads\/35683\/Les-donnees-climatiques-mensuelles-a-la-station-Monastir-Skanes-en-2017-2048x754.jpg 2048w, https:\/\/gifex.com\/fr\/wp-content\/uploads\/35683\/Les-donnees-climatiques-mensuelles-a-la-station-Monastir-Skanes-en-2017-1600x589.jpg 1600w\" sizes=\"(max-width: 640px) 100vw, 640px\" \/><\/a><figcaption id=\"caption-attachment-35685\" class=\"wp-caption-text\"><label style=\"font-size: 15px;\">Les donn\u00e9es climatiques mensuelles \u00e0 la station Monastir-Skanes en 2017.<\/label><\/figcaption><\/figure>\n<\/div>\n<p>Le diagramme ombrothermique de la station m\u00e9t\u00e9orologique de Monastir-Skan\u00e8s confirme l\u2019aspect semi-aride de la r\u00e9gion d\u2019\u00e9tude. En effet, la saison relativement humide est courte (quatre mois) et partag\u00e9e en trois p\u00e9riodes (le mois d\u2019octobre, les deux mois de d\u00e9cembre et de janvier et le mois de mars). La saison s\u00e8che s\u2019\u00e9tend aussi sur trois p\u00e9riodes, dont deux courtes couvrant chacune un seul mois (f\u00e9vrier et novembre), et une longue p\u00e9riode s\u00e8che allant d\u2019avril \u00e0 septembre et s\u2019accentuant pendant la saison estivale.<\/p>\n<div class=\"boxscrl\">\n<figure id=\"attachment_35686\" aria-describedby=\"caption-attachment-35686\" style=\"width: 640px\" class=\"wp-caption aligncenter\"><a href=\"https:\/\/gifex.com\/fr\/wp-content\/uploads\/35683\/Diagramme-ombrothermique-de-la-station-meteorologique-de-Monastir-Skanes.jpg\" target=\"_blank\" rel=\"noopener\"><img decoding=\"async\" class=\"wp-image-35686 size-large\" title=\"Diagramme ombrothermique de la station m\u00e9t\u00e9orologique de Monastir-Skan\u00e8s.\" src=\"https:\/\/gifex.com\/fr\/wp-content\/uploads\/35683\/Diagramme-ombrothermique-de-la-station-meteorologique-de-Monastir-Skanes-1024x640.jpg\" alt=\"Diagramme ombrothermique de la station m\u00e9t\u00e9orologique de Monastir-Skan\u00e8s.\" width=\"640\" height=\"400\" srcset=\"https:\/\/gifex.com\/fr\/wp-content\/uploads\/35683\/Diagramme-ombrothermique-de-la-station-meteorologique-de-Monastir-Skanes-1024x640.jpg 1024w, https:\/\/gifex.com\/fr\/wp-content\/uploads\/35683\/Diagramme-ombrothermique-de-la-station-meteorologique-de-Monastir-Skanes-300x187.jpg 300w, https:\/\/gifex.com\/fr\/wp-content\/uploads\/35683\/Diagramme-ombrothermique-de-la-station-meteorologique-de-Monastir-Skanes-768x480.jpg 768w, https:\/\/gifex.com\/fr\/wp-content\/uploads\/35683\/Diagramme-ombrothermique-de-la-station-meteorologique-de-Monastir-Skanes-1536x960.jpg 1536w, https:\/\/gifex.com\/fr\/wp-content\/uploads\/35683\/Diagramme-ombrothermique-de-la-station-meteorologique-de-Monastir-Skanes-2048x1280.jpg 2048w, https:\/\/gifex.com\/fr\/wp-content\/uploads\/35683\/Diagramme-ombrothermique-de-la-station-meteorologique-de-Monastir-Skanes-1600x1000.jpg 1600w\" sizes=\"(max-width: 640px) 100vw, 640px\" \/><\/a><figcaption id=\"caption-attachment-35686\" class=\"wp-caption-text\"><label style=\"font-size: 15px;\">Diagramme ombrothermique de la station m\u00e9t\u00e9orologique de Monastir-Skan\u00e8s.<\/label><\/figcaption><\/figure>\n<\/div>\n<p><strong>La temp\u00e9rature<\/strong><\/p>\n<p>La temp\u00e9rature moyenne annuelle en 2017 dans la station m\u00e9t\u00e9orologique de Monastir-Skan\u00e8s est de le l\u2019ordre de 20.6 \u00b0C. Cette moyenne cache aussi des irr\u00e9gularit\u00e9s inter et intra annuelles. Le rapport entre la moyenne du mois le plus chaud (Ao\u00fbt 29.6 \u00b0C) et la moyenne du mois le plus froid (janvier 11.6 \u00b0C) atteint 2.5 fois. Ce rapport entre les temp\u00e9ratures moyennes s\u2019aggrave davantage pour les temp\u00e9ratures extr\u00eames et atteint 13.1 fois entre la temp\u00e9rature maximale enregistr\u00e9e (46 \u00b0C en mois d\u2019ao\u00fbt) et la temp\u00e9rature minimale (3.5 \u00b0C en mois de janvier).<\/p>\n<div class=\"boxscrl\">\n<figure id=\"attachment_35687\" aria-describedby=\"caption-attachment-35687\" style=\"width: 640px\" class=\"wp-caption aligncenter\"><a href=\"https:\/\/gifex.com\/fr\/wp-content\/uploads\/35683\/Graphique-des-donnees-climatiques-mensuelles-a-la-station-Monastir-Skanes-en-2017.jpg\" target=\"_blank\" rel=\"noopener\"><img decoding=\"async\" class=\"wp-image-35687 size-large\" title=\"Graphique des donn\u00e9es climatiques mensuelles \u00e0 la station Monastir-Skanes en 2017.\" src=\"https:\/\/gifex.com\/fr\/wp-content\/uploads\/35683\/Graphique-des-donnees-climatiques-mensuelles-a-la-station-Monastir-Skanes-en-2017-1024x619.jpg\" alt=\"Graphique des donn\u00e9es climatiques mensuelles \u00e0 la station Monastir-Skanes en 2017.\" width=\"640\" height=\"387\" srcset=\"https:\/\/gifex.com\/fr\/wp-content\/uploads\/35683\/Graphique-des-donnees-climatiques-mensuelles-a-la-station-Monastir-Skanes-en-2017-1024x619.jpg 1024w, https:\/\/gifex.com\/fr\/wp-content\/uploads\/35683\/Graphique-des-donnees-climatiques-mensuelles-a-la-station-Monastir-Skanes-en-2017-300x181.jpg 300w, https:\/\/gifex.com\/fr\/wp-content\/uploads\/35683\/Graphique-des-donnees-climatiques-mensuelles-a-la-station-Monastir-Skanes-en-2017-768x464.jpg 768w, https:\/\/gifex.com\/fr\/wp-content\/uploads\/35683\/Graphique-des-donnees-climatiques-mensuelles-a-la-station-Monastir-Skanes-en-2017-1536x929.jpg 1536w, https:\/\/gifex.com\/fr\/wp-content\/uploads\/35683\/Graphique-des-donnees-climatiques-mensuelles-a-la-station-Monastir-Skanes-en-2017-2048x1239.jpg 2048w, https:\/\/gifex.com\/fr\/wp-content\/uploads\/35683\/Graphique-des-donnees-climatiques-mensuelles-a-la-station-Monastir-Skanes-en-2017-1600x968.jpg 1600w\" sizes=\"(max-width: 640px) 100vw, 640px\" \/><\/a><figcaption id=\"caption-attachment-35687\" class=\"wp-caption-text\"><label style=\"font-size: 15px;\">Graphique des donn\u00e9es climatiques mensuelles \u00e0 la station Monastir-Skanes en 2017.<\/label><\/figcaption><\/figure>\n<\/div>\n<p>Une temp\u00e9rature minimale extr\u00eame de l\u2019ordre de 3.5 \u00b0C indique que la proximit\u00e9 de la station de Monastir-Skan\u00e8s de la mer a fait que les temp\u00e9ratures restent positives tout au long de l\u2019ann\u00e9e. Cela n\u2019emp\u00eache pas que les r\u00e9gions int\u00e9rieures du gouvernorat l\u2019enregistrement de valeurs minimales extr\u00eames n\u00e9gatives, vu l\u2019effet de la continentalit\u00e9. L\u2019amplitude thermique importante entre les minimas absolus et les maximas absolus, qui a atteint 42.5 \u00b0C \u00e0 Monastir-Skan\u00e8s, a des effets tr\u00e8s nocifs pour l\u2019agriculture, ce qui obligent une bonne partie des agriculteurs \u00e0 cultiver sous serre pour \u00e9chapper aux temp\u00e9ratures extr\u00eames, notamment les minimas absolus.<\/p>\n<p><strong>Les vents<\/strong><\/p>\n<p>Tout au long d\u2019une p\u00e9riode de 40 ans (1967 \u00e0 2007), la station m\u00e9t\u00e9orologique de Monastir a enregistr\u00e9 8675 observations de vents, dont 2817 observations, soit 32.5%, de la direction Nord (seulement les deux directions NNE et NNW. La direction N est \u00e9trangement absente de toute la base de donn\u00e9es INM de Monastir). La direction Est (E, ENE et ESE) occupe le second rang avec 2404 observations, soit 27.7% du total, suivie des deux directions Sud (S, SSE et SSW) et Ouest (W, WNW et WSW) avec respectivement 9.7% et 9.2% des observations. La position de la ville de Monastir sur un cap limit\u00e9 par la mer des deux cot\u00e9s septentrional et oriental, explique la pr\u00e9dominance des vents du Nord et de l\u2019Est. Ces vents sont souvent forts et peuvent atteindre des vitesses d\u00e9passant les 100 km\/heure. La station m\u00e9t\u00e9orologique de Monastir-Skan\u00e8s a enregistr\u00e9 le 8 mars 2017 des rafales de 103.7 km\/heure.<\/p>\n","protected":false},"excerpt":{"rendered":"<p>Carte bioclimatique du gouvernorat de Monastir. Le climat du gouvernorat de Monastir. Le gouvernorat de Monastir est domin\u00e9 par un climat semi-aride inf\u00e9rieur. <\/p>\n","protected":false},"author":1,"featured_media":35684,"template":"","categoria_ficha":[2008],"class_list":["post-35683","ficha","type-ficha","status-publish","has-post-thumbnail","hentry","categoria_ficha-cartes-du-gouvernorat-de-monastir"],"acf":[],"_links":{"self":[{"href":"https:\/\/gifex.com\/fr\/wp-json\/wp\/v2\/ficha\/35683","targetHints":{"allow":["GET"]}}],"collection":[{"href":"https:\/\/gifex.com\/fr\/wp-json\/wp\/v2\/ficha"}],"about":[{"href":"https:\/\/gifex.com\/fr\/wp-json\/wp\/v2\/types\/ficha"}],"author":[{"embeddable":true,"href":"https:\/\/gifex.com\/fr\/wp-json\/wp\/v2\/users\/1"}],"version-history":[{"count":1,"href":"https:\/\/gifex.com\/fr\/wp-json\/wp\/v2\/ficha\/35683\/revisions"}],"predecessor-version":[{"id":35688,"href":"https:\/\/gifex.com\/fr\/wp-json\/wp\/v2\/ficha\/35683\/revisions\/35688"}],"wp:featuredmedia":[{"embeddable":true,"href":"https:\/\/gifex.com\/fr\/wp-json\/wp\/v2\/media\/35684"}],"wp:attachment":[{"href":"https:\/\/gifex.com\/fr\/wp-json\/wp\/v2\/media?parent=35683"}],"wp:term":[{"taxonomy":"categoria_ficha","embeddable":true,"href":"https:\/\/gifex.com\/fr\/wp-json\/wp\/v2\/categoria_ficha?post=35683"}],"curies":[{"name":"wp","href":"https:\/\/api.w.org\/{rel}","templated":true}]}}

<p style="text-align: center;"><label style="font-size: 15px;">Carte bioclimatique du gouvernorat de Monastir.</label></p>
<p><strong>Le climat du gouvernorat de Monastir</strong></p>
<p>Le gouvernorat de Monastir est dominé par un climat semi-aride inférieur. Le climat aride n’apparait qu’à l’extrémité sud-ouest du gouvernorat. Sur la bande littorale règne un climat semi-aride inférieur chaud qui devient plus doux sur la majeure partie centrale du gouvernorat, avant d’avoir une tendance vers l’aridité en s’éloignant davantage de la côte.</p>
<p><strong>Les précipitations</strong></p>
<p>Dominé en majorité par un climat semi-aride, le gouvernorat de Monastir est caractérisé par des précipitations annuelles faibles, ne dépassant pas 308 mm (moyenne de la période 2010-2017). Cette moyenne cache des irrégularités interannuelles importantes. L’écart entre l’année agricole la plus sèche (1983-1984 ; 128.5mm) et l’année la plus arrosée (1995-1996 ; 745.2mm) a atteint presque 6 fois. Les irrégularités intra annuelles, saisonnières, mensuelles et journalières, sont aussi importantes. Le 13 décembre 1973, la station météorologique de Monastir a enregistré 168.7mm en 24 heures, soit plus de la moitié (54%) de la moyenne annuelle en une seule journée. Les précipitations moyennes mensuelles durant la période 2010-2017 indiquent que le mois le plus sec est le mois de juillet avec une moyenne de 2.8mm contre une moyenne de 45.4mm pour le mois le plus arrosé (mois d’octobre). La répartition saisonnière des pluies confirme que le régime pluviométrique saisonnier est de type AHPE, un régime qui marque toute la région du Sahel.</p>
<div class="boxscrl">
<figure id="attachment_35685" aria-describedby="caption-attachment-35685" style="width: 640px" class="wp-caption aligncenter"><a href="https://gifex.com/fr/wp-content/uploads/35683/Les-donnees-climatiques-mensuelles-a-la-station-Monastir-Skanes-en-2017.jpg" target="_blank" rel="noopener"><img fetchpriority="high" decoding="async" class="wp-image-35685 size-large" title="Les données climatiques mensuelles à la station Monastir-Skanes en 2017." src="https://gifex.com/fr/wp-content/uploads/35683/Les-donnees-climatiques-mensuelles-a-la-station-Monastir-Skanes-en-2017-1024x377.jpg" alt="Les données climatiques mensuelles à la station Monastir-Skanes en 2017." width="640" height="236" srcset="https://gifex.com/fr/wp-content/uploads/35683/Les-donnees-climatiques-mensuelles-a-la-station-Monastir-Skanes-en-2017-1024x377.jpg 1024w, https://gifex.com/fr/wp-content/uploads/35683/Les-donnees-climatiques-mensuelles-a-la-station-Monastir-Skanes-en-2017-300x110.jpg 300w, https://gifex.com/fr/wp-content/uploads/35683/Les-donnees-climatiques-mensuelles-a-la-station-Monastir-Skanes-en-2017-768x283.jpg 768w, https://gifex.com/fr/wp-content/uploads/35683/Les-donnees-climatiques-mensuelles-a-la-station-Monastir-Skanes-en-2017-1536x566.jpg 1536w, https://gifex.com/fr/wp-content/uploads/35683/Les-donnees-climatiques-mensuelles-a-la-station-Monastir-Skanes-en-2017-2048x754.jpg 2048w, https://gifex.com/fr/wp-content/uploads/35683/Les-donnees-climatiques-mensuelles-a-la-station-Monastir-Skanes-en-2017-1600x589.jpg 1600w" sizes="(max-width: 640px) 100vw, 640px" /></a><figcaption id="caption-attachment-35685" class="wp-caption-text"><label style="font-size: 15px;">Les données climatiques mensuelles à la station Monastir-Skanes en 2017.</label></figcaption></figure>
</div>
<p>Le diagramme ombrothermique de la station météorologique de Monastir-Skanès confirme l’aspect semi-aride de la région d’étude. En effet, la saison relativement humide est courte (quatre mois) et partagée en trois périodes (le mois d’octobre, les deux mois de décembre et de janvier et le mois de mars). La saison sèche s’étend aussi sur trois périodes, dont deux courtes couvrant chacune un seul mois (février et novembre), et une longue période sèche allant d’avril à septembre et s’accentuant pendant la saison estivale.</p>
<div class="boxscrl">
<figure id="attachment_35686" aria-describedby="caption-attachment-35686" style="width: 640px" class="wp-caption aligncenter"><a href="https://gifex.com/fr/wp-content/uploads/35683/Diagramme-ombrothermique-de-la-station-meteorologique-de-Monastir-Skanes.jpg" target="_blank" rel="noopener"><img decoding="async" class="wp-image-35686 size-large" title="Diagramme ombrothermique de la station météorologique de Monastir-Skanès." src="https://gifex.com/fr/wp-content/uploads/35683/Diagramme-ombrothermique-de-la-station-meteorologique-de-Monastir-Skanes-1024x640.jpg" alt="Diagramme ombrothermique de la station météorologique de Monastir-Skanès." width="640" height="400" srcset="https://gifex.com/fr/wp-content/uploads/35683/Diagramme-ombrothermique-de-la-station-meteorologique-de-Monastir-Skanes-1024x640.jpg 1024w, https://gifex.com/fr/wp-content/uploads/35683/Diagramme-ombrothermique-de-la-station-meteorologique-de-Monastir-Skanes-300x187.jpg 300w, https://gifex.com/fr/wp-content/uploads/35683/Diagramme-ombrothermique-de-la-station-meteorologique-de-Monastir-Skanes-768x480.jpg 768w, https://gifex.com/fr/wp-content/uploads/35683/Diagramme-ombrothermique-de-la-station-meteorologique-de-Monastir-Skanes-1536x960.jpg 1536w, https://gifex.com/fr/wp-content/uploads/35683/Diagramme-ombrothermique-de-la-station-meteorologique-de-Monastir-Skanes-2048x1280.jpg 2048w, https://gifex.com/fr/wp-content/uploads/35683/Diagramme-ombrothermique-de-la-station-meteorologique-de-Monastir-Skanes-1600x1000.jpg 1600w" sizes="(max-width: 640px) 100vw, 640px" /></a><figcaption id="caption-attachment-35686" class="wp-caption-text"><label style="font-size: 15px;">Diagramme ombrothermique de la station météorologique de Monastir-Skanès.</label></figcaption></figure>
</div>
<p><strong>La température</strong></p>
<p>La température moyenne annuelle en 2017 dans la station météorologique de Monastir-Skanès est de le l’ordre de 20.6 °C. Cette moyenne cache aussi des irrégularités inter et intra annuelles. Le rapport entre la moyenne du mois le plus chaud (Août 29.6 °C) et la moyenne du mois le plus froid (janvier 11.6 °C) atteint 2.5 fois. Ce rapport entre les températures moyennes s’aggrave davantage pour les températures extrêmes et atteint 13.1 fois entre la température maximale enregistrée (46 °C en mois d’août) et la température minimale (3.5 °C en mois de janvier).</p>
<div class="boxscrl">
<figure id="attachment_35687" aria-describedby="caption-attachment-35687" style="width: 640px" class="wp-caption aligncenter"><a href="https://gifex.com/fr/wp-content/uploads/35683/Graphique-des-donnees-climatiques-mensuelles-a-la-station-Monastir-Skanes-en-2017.jpg" target="_blank" rel="noopener"><img decoding="async" class="wp-image-35687 size-large" title="Graphique des données climatiques mensuelles à la station Monastir-Skanes en 2017." src="https://gifex.com/fr/wp-content/uploads/35683/Graphique-des-donnees-climatiques-mensuelles-a-la-station-Monastir-Skanes-en-2017-1024x619.jpg" alt="Graphique des données climatiques mensuelles à la station Monastir-Skanes en 2017." width="640" height="387" srcset="https://gifex.com/fr/wp-content/uploads/35683/Graphique-des-donnees-climatiques-mensuelles-a-la-station-Monastir-Skanes-en-2017-1024x619.jpg 1024w, https://gifex.com/fr/wp-content/uploads/35683/Graphique-des-donnees-climatiques-mensuelles-a-la-station-Monastir-Skanes-en-2017-300x181.jpg 300w, https://gifex.com/fr/wp-content/uploads/35683/Graphique-des-donnees-climatiques-mensuelles-a-la-station-Monastir-Skanes-en-2017-768x464.jpg 768w, https://gifex.com/fr/wp-content/uploads/35683/Graphique-des-donnees-climatiques-mensuelles-a-la-station-Monastir-Skanes-en-2017-1536x929.jpg 1536w, https://gifex.com/fr/wp-content/uploads/35683/Graphique-des-donnees-climatiques-mensuelles-a-la-station-Monastir-Skanes-en-2017-2048x1239.jpg 2048w, https://gifex.com/fr/wp-content/uploads/35683/Graphique-des-donnees-climatiques-mensuelles-a-la-station-Monastir-Skanes-en-2017-1600x968.jpg 1600w" sizes="(max-width: 640px) 100vw, 640px" /></a><figcaption id="caption-attachment-35687" class="wp-caption-text"><label style="font-size: 15px;">Graphique des données climatiques mensuelles à la station Monastir-Skanes en 2017.</label></figcaption></figure>
</div>
<p>Une température minimale extrême de l’ordre de 3.5 °C indique que la proximité de la station de Monastir-Skanès de la mer a fait que les températures restent positives tout au long de l’année. Cela n’empêche pas que les régions intérieures du gouvernorat l’enregistrement de valeurs minimales extrêmes négatives, vu l’effet de la continentalité. L’amplitude thermique importante entre les minimas absolus et les maximas absolus, qui a atteint 42.5 °C à Monastir-Skanès, a des effets très nocifs pour l’agriculture, ce qui obligent une bonne partie des agriculteurs à cultiver sous serre pour échapper aux températures extrêmes, notamment les minimas absolus.</p>
<p><strong>Les vents</strong></p>
<p>Tout au long d’une période de 40 ans (1967 à 2007), la station météorologique de Monastir a enregistré 8675 observations de vents, dont 2817 observations, soit 32.5%, de la direction Nord (seulement les deux directions NNE et NNW. La direction N est étrangement absente de toute la base de données INM de Monastir). La direction Est (E, ENE et ESE) occupe le second rang avec 2404 observations, soit 27.7% du total, suivie des deux directions Sud (S, SSE et SSW) et Ouest (W, WNW et WSW) avec respectivement 9.7% et 9.2% des observations. La position de la ville de Monastir sur un cap limité par la mer des deux cotés septentrional et oriental, explique la prédominance des vents du Nord et de l’Est. Ces vents sont souvent forts et peuvent atteindre des vitesses dépassant les 100 km/heure. La station météorologique de Monastir-Skanès a enregistré le 8 mars 2017 des rafales de 103.7 km/heure.</p>

<p>Carte bioclimatique du gouvernorat de Monastir. Le climat du gouvernorat de Monastir. Le gouvernorat de Monastir est dominé par un climat semi-aride inférieur. </p>
