{"id":35627,"date":"2023-03-19T18:24:52","date_gmt":"2023-03-19T18:24:52","guid":{"rendered":"https:\/\/gifex.com\/fr\/?post_type=ficha&#038;p=35627"},"modified":"2023-03-19T18:24:52","modified_gmt":"2023-03-19T18:24:52","slug":"carte-de-la-delegation-de-graiba","status":"publish","type":"ficha","link":"https:\/\/gifex.com\/fr\/fichier\/carte-de-la-delegation-de-graiba\/","title":{"rendered":"Carte de la d\u00e9l\u00e9gation de Gra\u00efba"},"content":{"rendered":"<p>Carte de la d\u00e9l\u00e9gation de Gra\u00efba, une d\u00e9l\u00e9gation tunisienne d\u00e9pendant du gouvernorat de Sfax.<\/p>\n<p>Cr\u00e9\u00e9e en 1984, elle se divise en cinq imadas : El Chaal, El Hchichina Nord, El Hchichina Sud, El Manar et Gra\u00efba.<\/p>\n<p>En 2004, elle compte 14 647 habitants dont 7 356 hommes et 7 291 femmes r\u00e9partis dans 3 029 m\u00e9nages et 3 236 logements. <\/p>\n","protected":false},"excerpt":{"rendered":"<p>Carte de la d\u00e9l\u00e9gation de Gra\u00efba, une d\u00e9l\u00e9gation tunisienne d\u00e9pendant du gouvernorat de Sfax. Cr\u00e9\u00e9e en 1984, elle se divise en cinq imadas : El Chaal &#8230;<\/p>\n","protected":false},"author":1,"featured_media":35628,"template":"","categoria_ficha":[2007],"class_list":["post-35627","ficha","type-ficha","status-publish","has-post-thumbnail","hentry","categoria_ficha-cartes-du-gouvernorat-de-sfax"],"acf":[],"_links":{"self":[{"href":"https:\/\/gifex.com\/fr\/wp-json\/wp\/v2\/ficha\/35627","targetHints":{"allow":["GET"]}}],"collection":[{"href":"https:\/\/gifex.com\/fr\/wp-json\/wp\/v2\/ficha"}],"about":[{"href":"https:\/\/gifex.com\/fr\/wp-json\/wp\/v2\/types\/ficha"}],"author":[{"embeddable":true,"href":"https:\/\/gifex.com\/fr\/wp-json\/wp\/v2\/users\/1"}],"version-history":[{"count":1,"href":"https:\/\/gifex.com\/fr\/wp-json\/wp\/v2\/ficha\/35627\/revisions"}],"predecessor-version":[{"id":35629,"href":"https:\/\/gifex.com\/fr\/wp-json\/wp\/v2\/ficha\/35627\/revisions\/35629"}],"wp:featuredmedia":[{"embeddable":true,"href":"https:\/\/gifex.com\/fr\/wp-json\/wp\/v2\/media\/35628"}],"wp:attachment":[{"href":"https:\/\/gifex.com\/fr\/wp-json\/wp\/v2\/media?parent=35627"}],"wp:term":[{"taxonomy":"categoria_ficha","embeddable":true,"href":"https:\/\/gifex.com\/fr\/wp-json\/wp\/v2\/categoria_ficha?post=35627"}],"curies":[{"name":"wp","href":"https:\/\/api.w.org\/{rel}","templated":true}]}}

Carte de la délégation de Graïba

<p>Carte de la délégation de Graïba, une délégation tunisienne dépendant du gouvernorat de Sfax.</p>
<p>Créée en 1984, elle se divise en cinq imadas : El Chaal, El Hchichina Nord, El Hchichina Sud, El Manar et Graïba.</p>
<p>En 2004, elle compte 14 647 habitants dont 7 356 hommes et 7 291 femmes répartis dans 3 029 ménages et 3 236 logements. </p>

<p>Carte de la délégation de Graïba, une délégation tunisienne dépendant du gouvernorat de Sfax. Créée en 1984, elle se divise en cinq imadas : El Chaal &#8230;</p>
