{"id":35609,"date":"2023-03-19T17:52:28","date_gmt":"2023-03-19T17:52:28","guid":{"rendered":"https:\/\/gifex.com\/fr\/?post_type=ficha&#038;p=35609"},"modified":"2023-03-19T17:52:28","modified_gmt":"2023-03-19T17:52:28","slug":"carte-de-la-delegation-de-thyna","status":"publish","type":"ficha","link":"https:\/\/gifex.com\/fr\/fichier\/carte-de-la-delegation-de-thyna\/","title":{"rendered":"Carte de la d\u00e9l\u00e9gation de Thyna"},"content":{"rendered":"<p>Carte de la d\u00e9l\u00e9gation de Thyna, une d\u00e9l\u00e9gation tunisienne d\u00e9pendant du gouvernorat de Sfax.<\/p>\n<p>Cr\u00e9\u00e9e le 25 septembre 2001, elle se divise en trois imadas : El Hajeb, Sidi Abid et Thyna.<\/p>\n<p>En 2004, elle compte 45 647 habitants dont 23 794 hommes et 21 853 femmes r\u00e9partis dans 10 239 m\u00e9nages et 11 627 logements. <\/p>\n","protected":false},"excerpt":{"rendered":"<p>Carte de la d\u00e9l\u00e9gation de Thyna, une d\u00e9l\u00e9gation tunisienne d\u00e9pendant du gouvernorat de Sfax. Cr\u00e9\u00e9e le 25 septembre 2001, elle se divise en trois imadas &#8230;<\/p>\n","protected":false},"author":1,"featured_media":35610,"template":"","categoria_ficha":[2007],"class_list":["post-35609","ficha","type-ficha","status-publish","has-post-thumbnail","hentry","categoria_ficha-cartes-du-gouvernorat-de-sfax"],"acf":[],"_links":{"self":[{"href":"https:\/\/gifex.com\/fr\/wp-json\/wp\/v2\/ficha\/35609","targetHints":{"allow":["GET"]}}],"collection":[{"href":"https:\/\/gifex.com\/fr\/wp-json\/wp\/v2\/ficha"}],"about":[{"href":"https:\/\/gifex.com\/fr\/wp-json\/wp\/v2\/types\/ficha"}],"author":[{"embeddable":true,"href":"https:\/\/gifex.com\/fr\/wp-json\/wp\/v2\/users\/1"}],"version-history":[{"count":1,"href":"https:\/\/gifex.com\/fr\/wp-json\/wp\/v2\/ficha\/35609\/revisions"}],"predecessor-version":[{"id":35611,"href":"https:\/\/gifex.com\/fr\/wp-json\/wp\/v2\/ficha\/35609\/revisions\/35611"}],"wp:featuredmedia":[{"embeddable":true,"href":"https:\/\/gifex.com\/fr\/wp-json\/wp\/v2\/media\/35610"}],"wp:attachment":[{"href":"https:\/\/gifex.com\/fr\/wp-json\/wp\/v2\/media?parent=35609"}],"wp:term":[{"taxonomy":"categoria_ficha","embeddable":true,"href":"https:\/\/gifex.com\/fr\/wp-json\/wp\/v2\/categoria_ficha?post=35609"}],"curies":[{"name":"wp","href":"https:\/\/api.w.org\/{rel}","templated":true}]}}

Carte de la délégation de Thyna

<p>Carte de la délégation de Thyna, une délégation tunisienne dépendant du gouvernorat de Sfax.</p>
<p>Créée le 25 septembre 2001, elle se divise en trois imadas : El Hajeb, Sidi Abid et Thyna.</p>
<p>En 2004, elle compte 45 647 habitants dont 23 794 hommes et 21 853 femmes répartis dans 10 239 ménages et 11 627 logements. </p>

<p>Carte de la délégation de Thyna, une délégation tunisienne dépendant du gouvernorat de Sfax. Créée le 25 septembre 2001, elle se divise en trois imadas &#8230;</p>
