{"id":34951,"date":"2023-03-09T16:06:32","date_gmt":"2023-03-09T16:06:32","guid":{"rendered":"https:\/\/gifex.com\/fr\/?post_type=ficha&#038;p=34951"},"modified":"2023-03-09T16:06:32","modified_gmt":"2023-03-09T16:06:32","slug":"carte-de-la-delegation-de-zarzis","status":"publish","type":"ficha","link":"https:\/\/gifex.com\/fr\/fichier\/carte-de-la-delegation-de-zarzis\/","title":{"rendered":"Carte de la d\u00e9l\u00e9gation de Zarzis"},"content":{"rendered":"<p>Carte de la d\u00e9l\u00e9gation de Zarzis, une d\u00e9l\u00e9gation tunisienne d\u00e9pendant du gouvernorat de M\u00e9denine.<\/p>\n<p>En 2004, elle compte 73 549 habitants dont 36 060 hommes et 37 489 femmes r\u00e9partis dans 16 191 m\u00e9nages et 21 992 logements. <\/p>\n","protected":false},"excerpt":{"rendered":"<p>Carte de la d\u00e9l\u00e9gation de Zarzis, une d\u00e9l\u00e9gation tunisienne d\u00e9pendant du gouvernorat de M\u00e9denine. En 2004, elle compte 73 549 habitants dont 36 060 hommes &#8230;<\/p>\n","protected":false},"author":1,"featured_media":34952,"template":"","categoria_ficha":[2002],"class_list":["post-34951","ficha","type-ficha","status-publish","has-post-thumbnail","hentry","categoria_ficha-cartes-du-gouvernorat-de-medenine"],"acf":[],"_links":{"self":[{"href":"https:\/\/gifex.com\/fr\/wp-json\/wp\/v2\/ficha\/34951","targetHints":{"allow":["GET"]}}],"collection":[{"href":"https:\/\/gifex.com\/fr\/wp-json\/wp\/v2\/ficha"}],"about":[{"href":"https:\/\/gifex.com\/fr\/wp-json\/wp\/v2\/types\/ficha"}],"author":[{"embeddable":true,"href":"https:\/\/gifex.com\/fr\/wp-json\/wp\/v2\/users\/1"}],"version-history":[{"count":1,"href":"https:\/\/gifex.com\/fr\/wp-json\/wp\/v2\/ficha\/34951\/revisions"}],"predecessor-version":[{"id":34953,"href":"https:\/\/gifex.com\/fr\/wp-json\/wp\/v2\/ficha\/34951\/revisions\/34953"}],"wp:featuredmedia":[{"embeddable":true,"href":"https:\/\/gifex.com\/fr\/wp-json\/wp\/v2\/media\/34952"}],"wp:attachment":[{"href":"https:\/\/gifex.com\/fr\/wp-json\/wp\/v2\/media?parent=34951"}],"wp:term":[{"taxonomy":"categoria_ficha","embeddable":true,"href":"https:\/\/gifex.com\/fr\/wp-json\/wp\/v2\/categoria_ficha?post=34951"}],"curies":[{"name":"wp","href":"https:\/\/api.w.org\/{rel}","templated":true}]}}

Carte de la délégation de Zarzis

<p>Carte de la délégation de Zarzis, une délégation tunisienne dépendant du gouvernorat de Médenine.</p>
<p>En 2004, elle compte 73 549 habitants dont 36 060 hommes et 37 489 femmes répartis dans 16 191 ménages et 21 992 logements. </p>

<p>Carte de la délégation de Zarzis, une délégation tunisienne dépendant du gouvernorat de Médenine. En 2004, elle compte 73 549 habitants dont 36 060 hommes &#8230;</p>
