{"id":34944,"date":"2023-03-09T15:49:11","date_gmt":"2023-03-09T15:49:11","guid":{"rendered":"https:\/\/gifex.com\/fr\/?post_type=ficha&#038;p=34944"},"modified":"2023-03-09T15:49:11","modified_gmt":"2023-03-09T15:49:11","slug":"carte-de-la-delegation-de-medenine-sud","status":"publish","type":"ficha","link":"https:\/\/gifex.com\/fr\/fichier\/carte-de-la-delegation-de-medenine-sud\/","title":{"rendered":"Carte de la d\u00e9l\u00e9gation de M\u00e9denine Sud"},"content":{"rendered":"<p>Carte de la d\u00e9l\u00e9gation de M\u00e9denine Sud, une d\u00e9l\u00e9gation tunisienne d\u00e9pendant du gouvernorat de M\u00e9denine.<\/p>\n<p>En 2004, elle compte 48 087 habitants dont 23 613 hommes et 24 474 femmes r\u00e9partis dans 9 226 m\u00e9nages et 11 376 logements. <\/p>\n","protected":false},"excerpt":{"rendered":"<p>Carte de la d\u00e9l\u00e9gation de M\u00e9denine Sud, une d\u00e9l\u00e9gation tunisienne d\u00e9pendant du gouvernorat de M\u00e9denine. En 2004, elle compte 48 087 habitants dont 23 613 hommes<\/p>\n","protected":false},"author":1,"featured_media":34945,"template":"","categoria_ficha":[2002],"class_list":["post-34944","ficha","type-ficha","status-publish","has-post-thumbnail","hentry","categoria_ficha-cartes-du-gouvernorat-de-medenine"],"acf":[],"_links":{"self":[{"href":"https:\/\/gifex.com\/fr\/wp-json\/wp\/v2\/ficha\/34944","targetHints":{"allow":["GET"]}}],"collection":[{"href":"https:\/\/gifex.com\/fr\/wp-json\/wp\/v2\/ficha"}],"about":[{"href":"https:\/\/gifex.com\/fr\/wp-json\/wp\/v2\/types\/ficha"}],"author":[{"embeddable":true,"href":"https:\/\/gifex.com\/fr\/wp-json\/wp\/v2\/users\/1"}],"version-history":[{"count":2,"href":"https:\/\/gifex.com\/fr\/wp-json\/wp\/v2\/ficha\/34944\/revisions"}],"predecessor-version":[{"id":34947,"href":"https:\/\/gifex.com\/fr\/wp-json\/wp\/v2\/ficha\/34944\/revisions\/34947"}],"wp:featuredmedia":[{"embeddable":true,"href":"https:\/\/gifex.com\/fr\/wp-json\/wp\/v2\/media\/34945"}],"wp:attachment":[{"href":"https:\/\/gifex.com\/fr\/wp-json\/wp\/v2\/media?parent=34944"}],"wp:term":[{"taxonomy":"categoria_ficha","embeddable":true,"href":"https:\/\/gifex.com\/fr\/wp-json\/wp\/v2\/categoria_ficha?post=34944"}],"curies":[{"name":"wp","href":"https:\/\/api.w.org\/{rel}","templated":true}]}}

Carte de la délégation de Médenine Sud

<p>Carte de la délégation de Médenine Sud, une délégation tunisienne dépendant du gouvernorat de Médenine.</p>
<p>En 2004, elle compte 48 087 habitants dont 23 613 hommes et 24 474 femmes répartis dans 9 226 ménages et 11 376 logements. </p>

<p>Carte de la délégation de Médenine Sud, une délégation tunisienne dépendant du gouvernorat de Médenine. En 2004, elle compte 48 087 habitants dont 23 613 hommes</p>
