{"id":34914,"date":"2023-03-09T12:40:37","date_gmt":"2023-03-09T12:40:37","guid":{"rendered":"https:\/\/gifex.com\/fr\/?post_type=ficha&#038;p=34914"},"modified":"2023-03-09T12:40:37","modified_gmt":"2023-03-09T12:40:37","slug":"quelles-sont-les-delegations-du-gouvernorat-de-medenine","status":"publish","type":"ficha","link":"https:\/\/gifex.com\/fr\/fichier\/quelles-sont-les-delegations-du-gouvernorat-de-medenine\/","title":{"rendered":"Quelles sont les d\u00e9l\u00e9gations du gouvernorat de M\u00e9denine ?"},"content":{"rendered":"<p style=\"text-align: center;\"><label style=\"font-size: 15px;\">Carte des d\u00e9l\u00e9gations du gouvernorat de M\u00e9denine.<\/label><\/p>\n<p>Administrativement, le gouvernorat est d\u00e9coup\u00e9 en neuf d\u00e9l\u00e9gations, huit municipalit\u00e9s, sept conseils ruraux et 94 imadas.<\/p>\n<p>Le tableau suivant donne la liste des d\u00e9l\u00e9gations du gouvernorat de M\u00e9denine, pr\u00e9cisant pour chaque d\u00e9l\u00e9gation sa population.<\/p>\n<div class=\"boxscrl\">\n<table width=\"261\">\n<tbody>\n<tr>\n<td rowspan=\"2\" width=\"135\">D\u00e9l\u00e9gation<\/td>\n<td width=\"126\">Population en 2014<\/td>\n<\/tr>\n<tr>\n<td width=\"126\">(habitants)<\/td>\n<\/tr>\n<tr>\n<td>Ben Gardane<\/td>\n<td width=\"126\">79\u00a0912<\/td>\n<\/tr>\n<tr>\n<td>Beni Khedache<\/td>\n<td width=\"126\">25\u00a0885<\/td>\n<\/tr>\n<tr>\n<td>Djerba &#8211; Ajim<\/td>\n<td width=\"126\">24\u00a0294<\/td>\n<\/tr>\n<tr>\n<td>Djerba &#8211; Houmt Souk<\/td>\n<td width=\"126\">75\u00a0904<\/td>\n<\/tr>\n<tr>\n<td>Djerba &#8211; Midoun<\/td>\n<td width=\"126\">63\u00a0528<\/td>\n<\/tr>\n<tr>\n<td>M\u00e9denine Nord<\/td>\n<td width=\"126\">54\u00a0769<\/td>\n<\/tr>\n<tr>\n<td>M\u00e9denine Sud<\/td>\n<td width=\"126\">54\u00a0640<\/td>\n<\/tr>\n<tr>\n<td>Sidi Makhlouf<\/td>\n<td width=\"126\">25\u00a0206<\/td>\n<\/tr>\n<tr>\n<td>Zarzis<\/td>\n<td width=\"126\">75\u00a0382<\/td>\n<\/tr>\n<tr>\n<td colspan=\"2\" width=\"261\"><label style=\"font-size: 15px;\">Sources\u00a0: Institut national de la statistique<\/label><\/td>\n<\/tr>\n<\/tbody>\n<\/table>\n<\/div>\n","protected":false},"excerpt":{"rendered":"<p>Carte des d\u00e9l\u00e9gations du gouvernorat de M\u00e9denine. Administrativement, le gouvernorat est d\u00e9coup\u00e9 en neuf d\u00e9l\u00e9gations, huit municipalit\u00e9s, sept conseils ruraux <\/p>\n","protected":false},"author":1,"featured_media":34915,"template":"","categoria_ficha":[2002],"class_list":["post-34914","ficha","type-ficha","status-publish","has-post-thumbnail","hentry","categoria_ficha-cartes-du-gouvernorat-de-medenine"],"acf":[],"_links":{"self":[{"href":"https:\/\/gifex.com\/fr\/wp-json\/wp\/v2\/ficha\/34914","targetHints":{"allow":["GET"]}}],"collection":[{"href":"https:\/\/gifex.com\/fr\/wp-json\/wp\/v2\/ficha"}],"about":[{"href":"https:\/\/gifex.com\/fr\/wp-json\/wp\/v2\/types\/ficha"}],"author":[{"embeddable":true,"href":"https:\/\/gifex.com\/fr\/wp-json\/wp\/v2\/users\/1"}],"version-history":[{"count":1,"href":"https:\/\/gifex.com\/fr\/wp-json\/wp\/v2\/ficha\/34914\/revisions"}],"predecessor-version":[{"id":34916,"href":"https:\/\/gifex.com\/fr\/wp-json\/wp\/v2\/ficha\/34914\/revisions\/34916"}],"wp:featuredmedia":[{"embeddable":true,"href":"https:\/\/gifex.com\/fr\/wp-json\/wp\/v2\/media\/34915"}],"wp:attachment":[{"href":"https:\/\/gifex.com\/fr\/wp-json\/wp\/v2\/media?parent=34914"}],"wp:term":[{"taxonomy":"categoria_ficha","embeddable":true,"href":"https:\/\/gifex.com\/fr\/wp-json\/wp\/v2\/categoria_ficha?post=34914"}],"curies":[{"name":"wp","href":"https:\/\/api.w.org\/{rel}","templated":true}]}}

Quelles sont les délégations du gouvernorat de Médenine ?

<p style="text-align: center;"><label style="font-size: 15px;">Carte des délégations du gouvernorat de Médenine.</label></p>
<p>Administrativement, le gouvernorat est découpé en neuf délégations, huit municipalités, sept conseils ruraux et 94 imadas.</p>
<p>Le tableau suivant donne la liste des délégations du gouvernorat de Médenine, précisant pour chaque délégation sa population.</p>
<div class="boxscrl">
<table width="261">
<tbody>
<tr>
<td rowspan="2" width="135">Délégation</td>
<td width="126">Population en 2014</td>
</tr>
<tr>
<td width="126">(habitants)</td>
</tr>
<tr>
<td>Ben Gardane</td>
<td width="126">79 912</td>
</tr>
<tr>
<td>Beni Khedache</td>
<td width="126">25 885</td>
</tr>
<tr>
<td>Djerba &#8211; Ajim</td>
<td width="126">24 294</td>
</tr>
<tr>
<td>Djerba &#8211; Houmt Souk</td>
<td width="126">75 904</td>
</tr>
<tr>
<td>Djerba &#8211; Midoun</td>
<td width="126">63 528</td>
</tr>
<tr>
<td>Médenine Nord</td>
<td width="126">54 769</td>
</tr>
<tr>
<td>Médenine Sud</td>
<td width="126">54 640</td>
</tr>
<tr>
<td>Sidi Makhlouf</td>
<td width="126">25 206</td>
</tr>
<tr>
<td>Zarzis</td>
<td width="126">75 382</td>
</tr>
<tr>
<td colspan="2" width="261"><label style="font-size: 15px;">Sources : Institut national de la statistique</label></td>
</tr>
</tbody>
</table>
</div>

<p>Carte des délégations du gouvernorat de Médenine. Administrativement, le gouvernorat est découpé en neuf délégations, huit municipalités, sept conseils ruraux </p>
