{"id":34830,"date":"2023-03-06T20:57:23","date_gmt":"2023-03-06T20:57:23","guid":{"rendered":"https:\/\/gifex.com\/fr\/?post_type=ficha&#038;p=34830"},"modified":"2023-03-06T20:57:23","modified_gmt":"2023-03-06T20:57:23","slug":"carte-de-la-delegation-de-kef-ouest","status":"publish","type":"ficha","link":"https:\/\/gifex.com\/fr\/fichier\/carte-de-la-delegation-de-kef-ouest\/","title":{"rendered":"Carte de la d\u00e9l\u00e9gation de Kef Ouest"},"content":{"rendered":"<p>Carte de la d\u00e9l\u00e9gation de Kef Ouest,une d\u00e9l\u00e9gation tunisienne d\u00e9pendant du gouvernorat du Kef.<\/p>\n<p>En 2004, elle compte 29 951 habitants dont 15 095 hommes et 14 856 femmes r\u00e9partis dans 7 107 m\u00e9nages et 7 840 logements. <\/p>\n<p>La d\u00e9l\u00e9gation de Kef Ouest est situ\u00e9e au nord-ouest du pays, sur les montagnes de l&#8217;Atlas et pr\u00e8s de la fronti\u00e8re avec l&#8217;Alg\u00e9rie.<\/p>\n","protected":false},"excerpt":{"rendered":"<p>Carte de la d\u00e9l\u00e9gation de Kef Ouest,une d\u00e9l\u00e9gation tunisienne d\u00e9pendant du gouvernorat du Kef. En 2004, elle compte 29 951 habitants dont 15 095 hommes et &#8230;<\/p>\n","protected":false},"author":1,"featured_media":34831,"template":"","categoria_ficha":[2000],"class_list":["post-34830","ficha","type-ficha","status-publish","has-post-thumbnail","hentry","categoria_ficha-cartes-du-gouvernorat-du-kef"],"acf":[],"_links":{"self":[{"href":"https:\/\/gifex.com\/fr\/wp-json\/wp\/v2\/ficha\/34830","targetHints":{"allow":["GET"]}}],"collection":[{"href":"https:\/\/gifex.com\/fr\/wp-json\/wp\/v2\/ficha"}],"about":[{"href":"https:\/\/gifex.com\/fr\/wp-json\/wp\/v2\/types\/ficha"}],"author":[{"embeddable":true,"href":"https:\/\/gifex.com\/fr\/wp-json\/wp\/v2\/users\/1"}],"version-history":[{"count":1,"href":"https:\/\/gifex.com\/fr\/wp-json\/wp\/v2\/ficha\/34830\/revisions"}],"predecessor-version":[{"id":34832,"href":"https:\/\/gifex.com\/fr\/wp-json\/wp\/v2\/ficha\/34830\/revisions\/34832"}],"wp:featuredmedia":[{"embeddable":true,"href":"https:\/\/gifex.com\/fr\/wp-json\/wp\/v2\/media\/34831"}],"wp:attachment":[{"href":"https:\/\/gifex.com\/fr\/wp-json\/wp\/v2\/media?parent=34830"}],"wp:term":[{"taxonomy":"categoria_ficha","embeddable":true,"href":"https:\/\/gifex.com\/fr\/wp-json\/wp\/v2\/categoria_ficha?post=34830"}],"curies":[{"name":"wp","href":"https:\/\/api.w.org\/{rel}","templated":true}]}}

Carte de la délégation de Kef Ouest

<p>Carte de la délégation de Kef Ouest,une délégation tunisienne dépendant du gouvernorat du Kef.</p>
<p>En 2004, elle compte 29 951 habitants dont 15 095 hommes et 14 856 femmes répartis dans 7 107 ménages et 7 840 logements. </p>
<p>La délégation de Kef Ouest est située au nord-ouest du pays, sur les montagnes de l&#8217;Atlas et près de la frontière avec l&#8217;Algérie.</p>

<p>Carte de la délégation de Kef Ouest,une délégation tunisienne dépendant du gouvernorat du Kef. En 2004, elle compte 29 951 habitants dont 15 095 hommes et &#8230;</p>
