{"id":34801,"date":"2023-03-06T01:09:21","date_gmt":"2023-03-06T01:09:21","guid":{"rendered":"https:\/\/gifex.com\/fr\/?post_type=ficha&#038;p=34801"},"modified":"2023-03-06T01:09:21","modified_gmt":"2023-03-06T01:09:21","slug":"climat-dans-le-gouvernorat-du-kef","status":"publish","type":"ficha","link":"https:\/\/gifex.com\/fr\/fichier\/climat-dans-le-gouvernorat-du-kef\/","title":{"rendered":"Climat dans le gouvernorat du Kef"},"content":{"rendered":"<p style=\"text-align: center;\"><label style=\"font-size: 15px;\">Carte bioclimatique du gouvernorat du Kef.<\/label><\/p>\n<p><strong>Climat dans le gouvernorat du Kef<\/strong><\/p>\n<figure id=\"attachment_34803\" aria-describedby=\"caption-attachment-34803\" style=\"width: 360px\" class=\"wp-caption alignright\"><a href=\"https:\/\/gifex.com\/fr\/wp-content\/uploads\/34801\/Carte-des-precipitations-dans-le-gouvernorat-du-Kef.jpg\" target=\"_blank\" rel=\"noopener\"><img fetchpriority=\"high\" decoding=\"async\" class=\"wp-image-34803\" title=\"Carte des pr\u00e9cipitations dans le gouvernorat du Kef.\" src=\"https:\/\/gifex.com\/fr\/wp-content\/uploads\/34801\/Carte-des-precipitations-dans-le-gouvernorat-du-Kef-300x234.jpg\" alt=\"Carte des pr\u00e9cipitations dans le gouvernorat du Kef.\" width=\"360\" height=\"280\" srcset=\"https:\/\/gifex.com\/fr\/wp-content\/uploads\/34801\/Carte-des-precipitations-dans-le-gouvernorat-du-Kef-300x234.jpg 300w, https:\/\/gifex.com\/fr\/wp-content\/uploads\/34801\/Carte-des-precipitations-dans-le-gouvernorat-du-Kef-1024x797.jpg 1024w, https:\/\/gifex.com\/fr\/wp-content\/uploads\/34801\/Carte-des-precipitations-dans-le-gouvernorat-du-Kef-768x598.jpg 768w, https:\/\/gifex.com\/fr\/wp-content\/uploads\/34801\/Carte-des-precipitations-dans-le-gouvernorat-du-Kef-1536x1196.jpg 1536w, https:\/\/gifex.com\/fr\/wp-content\/uploads\/34801\/Carte-des-precipitations-dans-le-gouvernorat-du-Kef-1600x1246.jpg 1600w, https:\/\/gifex.com\/fr\/wp-content\/uploads\/34801\/Carte-des-precipitations-dans-le-gouvernorat-du-Kef.jpg 1862w\" sizes=\"(max-width: 360px) 100vw, 360px\" \/><\/a><figcaption id=\"caption-attachment-34803\" class=\"wp-caption-text\"><label style=\"font-size: 15px;\">Carte des pr\u00e9cipitations dans le gouvernorat du Kef.<\/label><\/figcaption><\/figure>\n<p>Sur le plan climatique, le gouvernorat du Kef appartient en grande partie \u00e0 l\u2019\u00e9tage bioclimatique semi-aride. Toutefois, certaines zones du Sud-Ouest du gouvernorat font partie de l\u2019\u00e9tage bioclimatique aride sup\u00e9rieur et d\u2019autres dans le nord appartiennent \u00e0 l\u2019\u00e9tage subhumide. Dans l\u2019ensemble, il s\u2019agit d\u2019un climat continental \u00e0 hiver froid et rigoureux avec des minima parmi les plus basses de la Tunisie.<\/p>\n<p>En outre, pendant la p\u00e9riode hivernale, les chutes de neige sont assez fr\u00e9quentes notamment sur les hauteurs et les gel\u00e9s et la gr\u00eale sont aussi r\u00e9guliers. Par contre en \u00e9t\u00e9, les grandes plaines c\u00e9r\u00e9ali\u00e8res sont soumises aux vents chauds et dess\u00e9chants (sirocco).<\/p>\n<p>Les pr\u00e9cipitations annuelles se situent entre 400 et 500 millim\u00e8tres et peuvent franchir les 1 000 millim\u00e8tres dans les massifs montagneux du nord, alimentant ainsi un important r\u00e9seau hydrographique compos\u00e9 notamment de trois principaux oueds \u00e0 savoir l\u2019oued Mell\u00e8gue et l\u2019oued Tessa (affluents de la Medjerda) et l\u2019oued Serrat (affluent de Mell\u00e8gue).<\/p>\n","protected":false},"excerpt":{"rendered":"<p>Carte bioclimatique du gouvernorat du Kef. Climat dans le gouvernorat du Kef. Sur le plan climatique, le gouvernorat du Kef appartient en grande partie \u00e0 l &#8230;<\/p>\n","protected":false},"author":1,"featured_media":34802,"template":"","categoria_ficha":[2000],"class_list":["post-34801","ficha","type-ficha","status-publish","has-post-thumbnail","hentry","categoria_ficha-cartes-du-gouvernorat-du-kef"],"acf":[],"_links":{"self":[{"href":"https:\/\/gifex.com\/fr\/wp-json\/wp\/v2\/ficha\/34801","targetHints":{"allow":["GET"]}}],"collection":[{"href":"https:\/\/gifex.com\/fr\/wp-json\/wp\/v2\/ficha"}],"about":[{"href":"https:\/\/gifex.com\/fr\/wp-json\/wp\/v2\/types\/ficha"}],"author":[{"embeddable":true,"href":"https:\/\/gifex.com\/fr\/wp-json\/wp\/v2\/users\/1"}],"version-history":[{"count":1,"href":"https:\/\/gifex.com\/fr\/wp-json\/wp\/v2\/ficha\/34801\/revisions"}],"predecessor-version":[{"id":34804,"href":"https:\/\/gifex.com\/fr\/wp-json\/wp\/v2\/ficha\/34801\/revisions\/34804"}],"wp:featuredmedia":[{"embeddable":true,"href":"https:\/\/gifex.com\/fr\/wp-json\/wp\/v2\/media\/34802"}],"wp:attachment":[{"href":"https:\/\/gifex.com\/fr\/wp-json\/wp\/v2\/media?parent=34801"}],"wp:term":[{"taxonomy":"categoria_ficha","embeddable":true,"href":"https:\/\/gifex.com\/fr\/wp-json\/wp\/v2\/categoria_ficha?post=34801"}],"curies":[{"name":"wp","href":"https:\/\/api.w.org\/{rel}","templated":true}]}}

<p style="text-align: center;"><label style="font-size: 15px;">Carte bioclimatique du gouvernorat du Kef.</label></p>
<p><strong>Climat dans le gouvernorat du Kef</strong></p>
<figure id="attachment_34803" aria-describedby="caption-attachment-34803" style="width: 360px" class="wp-caption alignright"><a href="https://gifex.com/fr/wp-content/uploads/34801/Carte-des-precipitations-dans-le-gouvernorat-du-Kef.jpg" target="_blank" rel="noopener"><img fetchpriority="high" decoding="async" class="wp-image-34803" title="Carte des précipitations dans le gouvernorat du Kef." src="https://gifex.com/fr/wp-content/uploads/34801/Carte-des-precipitations-dans-le-gouvernorat-du-Kef-300x234.jpg" alt="Carte des précipitations dans le gouvernorat du Kef." width="360" height="280" srcset="https://gifex.com/fr/wp-content/uploads/34801/Carte-des-precipitations-dans-le-gouvernorat-du-Kef-300x234.jpg 300w, https://gifex.com/fr/wp-content/uploads/34801/Carte-des-precipitations-dans-le-gouvernorat-du-Kef-1024x797.jpg 1024w, https://gifex.com/fr/wp-content/uploads/34801/Carte-des-precipitations-dans-le-gouvernorat-du-Kef-768x598.jpg 768w, https://gifex.com/fr/wp-content/uploads/34801/Carte-des-precipitations-dans-le-gouvernorat-du-Kef-1536x1196.jpg 1536w, https://gifex.com/fr/wp-content/uploads/34801/Carte-des-precipitations-dans-le-gouvernorat-du-Kef-1600x1246.jpg 1600w, https://gifex.com/fr/wp-content/uploads/34801/Carte-des-precipitations-dans-le-gouvernorat-du-Kef.jpg 1862w" sizes="(max-width: 360px) 100vw, 360px" /></a><figcaption id="caption-attachment-34803" class="wp-caption-text"><label style="font-size: 15px;">Carte des précipitations dans le gouvernorat du Kef.</label></figcaption></figure>
<p>Sur le plan climatique, le gouvernorat du Kef appartient en grande partie à l’étage bioclimatique semi-aride. Toutefois, certaines zones du Sud-Ouest du gouvernorat font partie de l’étage bioclimatique aride supérieur et d’autres dans le nord appartiennent à l’étage subhumide. Dans l’ensemble, il s’agit d’un climat continental à hiver froid et rigoureux avec des minima parmi les plus basses de la Tunisie.</p>
<p>En outre, pendant la période hivernale, les chutes de neige sont assez fréquentes notamment sur les hauteurs et les gelés et la grêle sont aussi réguliers. Par contre en été, les grandes plaines céréalières sont soumises aux vents chauds et desséchants (sirocco).</p>
<p>Les précipitations annuelles se situent entre 400 et 500 millimètres et peuvent franchir les 1 000 millimètres dans les massifs montagneux du nord, alimentant ainsi un important réseau hydrographique composé notamment de trois principaux oueds à savoir l’oued Mellègue et l’oued Tessa (affluents de la Medjerda) et l’oued Serrat (affluent de Mellègue).</p>

<p>Carte bioclimatique du gouvernorat du Kef. Climat dans le gouvernorat du Kef. Sur le plan climatique, le gouvernorat du Kef appartient en grande partie à l &#8230;</p>
